{"id":987,"date":"2011-10-30T11:41:33","date_gmt":"2011-10-30T09:41:33","guid":{"rendered":"http:\/\/xn--hftessamlarna-bfb.se\/?page_id=987"},"modified":"2021-01-07T12:02:39","modified_gmt":"2021-01-07T11:02:39","slug":"h556-rock-54-04","status":"publish","type":"page","link":"https:\/\/xn--hftessamlarna-bfb.se\/?page_id=987","title":{"rendered":"H556 Rock 54 \u2013 04"},"content":{"rendered":"<p><a href=\"http:\/\/xn--hftessamlarna-bfb.se\/wp-content\/uploads\/H556.jpg\" rel=\"attachment wp-att-2241\"><img loading=\"lazy\" decoding=\"async\" class=\"aligncenter wp-image-2241 size-full\" title=\"H556\" src=\"http:\/\/xn--hftessamlarna-bfb.se\/wp-content\/uploads\/H556.jpg\" alt=\"\" width=\"960\" height=\"683\" srcset=\"https:\/\/xn--hftessamlarna-bfb.se\/wp-content\/uploads\/H556.jpg 960w, https:\/\/xn--hftessamlarna-bfb.se\/wp-content\/uploads\/H556-150x106.jpg 150w, https:\/\/xn--hftessamlarna-bfb.se\/wp-content\/uploads\/H556-300x213.jpg 300w, https:\/\/xn--hftessamlarna-bfb.se\/wp-content\/uploads\/H556-421x300.jpg 421w\" sizes=\"auto, (max-width: 960px) 100vw, 960px\" \/><\/a>Utgivningsdag 2004-10-02<br \/>\nF 2443 &#8211; 2450<br \/>\n8 x 5,50 kr, \u00e5tta motiv<br \/>\nFrim\u00e4rkena Elvis Presley och Ulf Lundell \u00e4r tryckta i kombination 1 f\u00e4rg st\u00e5ltryck och 4 f\u00e4rger offset. De \u00f6vriga 6 frim\u00e4rkena \u00e4r tryckta i enbart 4 f\u00e4rger offset. Tryckningen har skett i 3:e Goebelpressen.<br \/>\nOmslaget \u00e4r tryckt i Giebelerpressen.<br \/>\n22 punkters streckperforering i rygg.<br \/>\n83.3 breda, 9 inlagor\/varv, 1 kn per varv.<\/p>\n<h2>Markeringar<\/h2>\n<p>RT 7,2 x 2,0 mm svart (ovanligt)<br \/>\ncyls 1<br \/>\ncyls 2 (ovanligt utan kn)<br \/>\nhelt kn BS<\/p>\n<h2>K\u00e4nda kombinationer<\/h2>\n<p>H556 har 83,3 mm breda inlagor. Det \u00e4r 9 inlagor per cylinderbandvarv. Det finns hela c1 och c2. I huvuddelen av upplagan har man satt ett kn per varv uppe i h\u00f6ger kant och i kombination med c2. Det ger f\u00f6ljande kombinationer:<\/p>\n<p><a href=\"https:\/\/xn--hftessamlarna-bfb.se\/wp-content\/uploads\/H556tabell1.jpg\"><img loading=\"lazy\" decoding=\"async\" class=\"alignnone wp-image-6318 size-medium\" src=\"https:\/\/xn--hftessamlarna-bfb.se\/wp-content\/uploads\/H556tabell1-300x85.jpg\" alt=\"\" width=\"300\" height=\"85\" srcset=\"https:\/\/xn--hftessamlarna-bfb.se\/wp-content\/uploads\/H556tabell1-300x85.jpg 300w, https:\/\/xn--hftessamlarna-bfb.se\/wp-content\/uploads\/H556tabell1-150x42.jpg 150w, https:\/\/xn--hftessamlarna-bfb.se\/wp-content\/uploads\/H556tabell1-768x217.jpg 768w, https:\/\/xn--hftessamlarna-bfb.se\/wp-content\/uploads\/H556tabell1-500x142.jpg 500w, https:\/\/xn--hftessamlarna-bfb.se\/wp-content\/uploads\/H556tabell1.jpg 975w\" sizes=\"auto, (max-width: 300px) 100vw, 300px\" \/><\/a><\/p>\n<p>I en liten del av upplagan har man haft tryckningen av kontrollnummer inst\u00e4llt som f\u00f6r breda h\u00e4ften med 12 inlagor per varv. Kn har d\u00e5 flyttat sig 10\/12 cylindervarv, vilket \u00e4r 9*10\/12 = 7,5 inlagor fram\u00e5t. P\u00e5 tryckcylindern kan man se det som om kn g\u00e5r 1,5 inlagor bak\u00e5t per g\u00e5ng. Det betyder att kn finns b\u00e5de nere och uppe. P\u00e5 inlagan med c1 sitter kn d\u00e4r nere. Detta kn \u00e4r j\u00e4mnt delbart med 6, det vill s\u00e4ga har rest 0. Kontrollnumrets position och rest p\u00e5 \u00f6vriga inlagor illustreras i figuren nedan.<\/p>\n<p><img loading=\"lazy\" decoding=\"async\" class=\"alignnone wp-image-6319 size-large\" src=\"https:\/\/xn--hftessamlarna-bfb.se\/wp-content\/uploads\/h556tabell2-1-1024x228.jpg\" alt=\"\" width=\"584\" height=\"130\" srcset=\"https:\/\/xn--hftessamlarna-bfb.se\/wp-content\/uploads\/h556tabell2-1-1024x228.jpg 1024w, https:\/\/xn--hftessamlarna-bfb.se\/wp-content\/uploads\/h556tabell2-1-300x67.jpg 300w, https:\/\/xn--hftessamlarna-bfb.se\/wp-content\/uploads\/h556tabell2-1-150x33.jpg 150w, https:\/\/xn--hftessamlarna-bfb.se\/wp-content\/uploads\/h556tabell2-1-768x171.jpg 768w, https:\/\/xn--hftessamlarna-bfb.se\/wp-content\/uploads\/h556tabell2-1-1536x341.jpg 1536w, https:\/\/xn--hftessamlarna-bfb.se\/wp-content\/uploads\/h556tabell2-1-500x111.jpg 500w, https:\/\/xn--hftessamlarna-bfb.se\/wp-content\/uploads\/h556tabell2-1.jpg 1566w\" sizes=\"auto, (max-width: 584px) 100vw, 584px\" \/><\/p>\n<p>Som indikerats i tabellen \u00e4r dessa kn k\u00e4nda i intervallet 74552\u201378419. Om man har ett h\u00e4fte med kn + c 2 och rest vid division med 6 inte blir 3 s\u00e5 kommer det inte fr\u00e5n denna upplaga. Om resten blir 3 \u00e4r det sv\u00e5rt att s\u00e4ga n\u00e5got. Det \u00e4r bara fr\u00e5n denna upplaga man hittar inlagor med c 2 utan kn. Fr\u00e5n denna upplaga finns:<\/p>\n<p><img loading=\"lazy\" decoding=\"async\" class=\"alignnone wp-image-6320 size-large\" src=\"https:\/\/xn--hftessamlarna-bfb.se\/wp-content\/uploads\/H556tabell3-1024x189.jpg\" alt=\"\" width=\"584\" height=\"108\" srcset=\"https:\/\/xn--hftessamlarna-bfb.se\/wp-content\/uploads\/H556tabell3-1024x189.jpg 1024w, https:\/\/xn--hftessamlarna-bfb.se\/wp-content\/uploads\/H556tabell3-300x55.jpg 300w, https:\/\/xn--hftessamlarna-bfb.se\/wp-content\/uploads\/H556tabell3-150x28.jpg 150w, https:\/\/xn--hftessamlarna-bfb.se\/wp-content\/uploads\/H556tabell3-768x141.jpg 768w, https:\/\/xn--hftessamlarna-bfb.se\/wp-content\/uploads\/H556tabell3-500x92.jpg 500w, https:\/\/xn--hftessamlarna-bfb.se\/wp-content\/uploads\/H556tabell3.jpg 1233w\" sizes=\"auto, (max-width: 584px) 100vw, 584px\" \/><\/p>\n","protected":false},"excerpt":{"rendered":"<p>Utgivningsdag 2004-10-02 F 2443 &#8211; 2450 8 x 5,50 kr, \u00e5tta motiv Frim\u00e4rkena Elvis Presley och Ulf Lundell \u00e4r tryckta i kombination 1 f\u00e4rg st\u00e5ltryck och 4 f\u00e4rger offset. De \u00f6vriga 6 frim\u00e4rkena \u00e4r tryckta i enbart 4 f\u00e4rger offset. &hellip; <a href=\"https:\/\/xn--hftessamlarna-bfb.se\/?page_id=987\">Forts\u00e4tt l\u00e4sa <span class=\"meta-nav\">&rarr;<\/span><\/a><\/p>\n","protected":false},"author":1,"featured_media":0,"parent":2372,"menu_order":556,"comment_status":"open","ping_status":"open","template":"","meta":{"footnotes":""},"class_list":["post-987","page","type-page","status-publish","hentry"],"_links":{"self":[{"href":"https:\/\/xn--hftessamlarna-bfb.se\/index.php?rest_route=\/wp\/v2\/pages\/987","targetHints":{"allow":["GET"]}}],"collection":[{"href":"https:\/\/xn--hftessamlarna-bfb.se\/index.php?rest_route=\/wp\/v2\/pages"}],"about":[{"href":"https:\/\/xn--hftessamlarna-bfb.se\/index.php?rest_route=\/wp\/v2\/types\/page"}],"author":[{"embeddable":true,"href":"https:\/\/xn--hftessamlarna-bfb.se\/index.php?rest_route=\/wp\/v2\/users\/1"}],"replies":[{"embeddable":true,"href":"https:\/\/xn--hftessamlarna-bfb.se\/index.php?rest_route=%2Fwp%2Fv2%2Fcomments&post=987"}],"version-history":[{"count":0,"href":"https:\/\/xn--hftessamlarna-bfb.se\/index.php?rest_route=\/wp\/v2\/pages\/987\/revisions"}],"up":[{"embeddable":true,"href":"https:\/\/xn--hftessamlarna-bfb.se\/index.php?rest_route=\/wp\/v2\/pages\/2372"}],"wp:attachment":[{"href":"https:\/\/xn--hftessamlarna-bfb.se\/index.php?rest_route=%2Fwp%2Fv2%2Fmedia&parent=987"}],"curies":[{"name":"wp","href":"https:\/\/api.w.org\/{rel}","templated":true}]}}