{"id":595,"date":"2011-10-26T20:00:48","date_gmt":"2011-10-26T18:00:48","guid":{"rendered":"http:\/\/xn--hftessamlarna-bfb.se\/?page_id=595"},"modified":"2023-05-30T17:18:45","modified_gmt":"2023-05-30T16:18:45","slug":"sh41-katter","status":"publish","type":"page","link":"https:\/\/xn--hftessamlarna-bfb.se\/?page_id=595","title":{"rendered":"SH41 Katter"},"content":{"rendered":"<p><a href=\"https:\/\/xn--hftessamlarna-bfb.se\/wp-content\/uploads\/SH-0041-header-2010.jpg\" rel=\"attachment wp-att-600\"><img loading=\"lazy\" decoding=\"async\" class=\"alignnone wp-image-7146 size-full\" title=\"SH41\" src=\"https:\/\/xn--hftessamlarna-bfb.se\/wp-content\/uploads\/SH-0041-header-2010.jpg\" alt=\"\" width=\"960\" height=\"764\" srcset=\"https:\/\/xn--hftessamlarna-bfb.se\/wp-content\/uploads\/SH-0041-header-2010.jpg 960w, https:\/\/xn--hftessamlarna-bfb.se\/wp-content\/uploads\/SH-0041-header-2010-300x239.jpg 300w, https:\/\/xn--hftessamlarna-bfb.se\/wp-content\/uploads\/SH-0041-header-2010-150x119.jpg 150w, https:\/\/xn--hftessamlarna-bfb.se\/wp-content\/uploads\/SH-0041-header-2010-768x611.jpg 768w, https:\/\/xn--hftessamlarna-bfb.se\/wp-content\/uploads\/SH-0041-header-2010-377x300.jpg 377w\" sizes=\"auto, (max-width: 960px) 100vw, 960px\" \/><\/a>Utgivningsdag 2010-01-28<br \/>\nF 2752 &#8211; 2755<br \/>\n10 \u00d7 inrikes brev, fyra motiv<br \/>\nFrim\u00e4rkena trycktes i\u00a0fyra f\u00e4rger offset<\/p>\n<h2>Typer<\/h2>\n<p>H\u00e4ftet har 31 punkters vikperforering (perf 10) slagen fr\u00e5n frim\u00e4rkssidan, PI<\/p>\n<h2>Markeringar<\/h2>\n<p>FM<br \/>\ncyls 1<br \/>\ncyls 2<br \/>\nhelt kn BS<\/p>\n<div id=\"attachment_7147\" style=\"width: 310px\" class=\"wp-caption alignnone\"><a href=\"https:\/\/xn--hftessamlarna-bfb.se\/wp-content\/uploads\/SH-0041-mark-2010.jpg\"><img loading=\"lazy\" decoding=\"async\" aria-describedby=\"caption-attachment-7147\" class=\"size-medium wp-image-7147\" src=\"https:\/\/xn--hftessamlarna-bfb.se\/wp-content\/uploads\/SH-0041-mark-2010-300x118.jpg\" alt=\"\" width=\"300\" height=\"118\" srcset=\"https:\/\/xn--hftessamlarna-bfb.se\/wp-content\/uploads\/SH-0041-mark-2010-300x118.jpg 300w, https:\/\/xn--hftessamlarna-bfb.se\/wp-content\/uploads\/SH-0041-mark-2010-150x59.jpg 150w, https:\/\/xn--hftessamlarna-bfb.se\/wp-content\/uploads\/SH-0041-mark-2010-768x302.jpg 768w, https:\/\/xn--hftessamlarna-bfb.se\/wp-content\/uploads\/SH-0041-mark-2010-500x196.jpg 500w, https:\/\/xn--hftessamlarna-bfb.se\/wp-content\/uploads\/SH-0041-mark-2010.jpg 960w\" sizes=\"auto, (max-width: 300px) 100vw, 300px\" \/><\/a><p id=\"caption-attachment-7147\" class=\"wp-caption-text\">Illustration \u00f6ver markeringarnas placering<\/p><\/div>\n<h2>K\u00e4nda kombinationer<\/h2>\n<p><a href=\"http:\/\/xn--hftessamlarna-bfb.se\/?attachment_id=4071\" rel=\"attachment wp-att-4071\"><img loading=\"lazy\" decoding=\"async\" class=\"alignleft size-full wp-image-4071\" src=\"http:\/\/xn--hftessamlarna-bfb.se\/wp-content\/uploads\/SH41tabell.jpg\" alt=\"SH41tabell\" width=\"2015\" height=\"500\" srcset=\"https:\/\/xn--hftessamlarna-bfb.se\/wp-content\/uploads\/SH41tabell.jpg 2015w, https:\/\/xn--hftessamlarna-bfb.se\/wp-content\/uploads\/SH41tabell-150x37.jpg 150w, https:\/\/xn--hftessamlarna-bfb.se\/wp-content\/uploads\/SH41tabell-300x74.jpg 300w, https:\/\/xn--hftessamlarna-bfb.se\/wp-content\/uploads\/SH41tabell-1024x254.jpg 1024w, https:\/\/xn--hftessamlarna-bfb.se\/wp-content\/uploads\/SH41tabell-500x124.jpg 500w\" sizes=\"auto, (max-width: 2015px) 100vw, 2015px\" \/><\/a><\/p>\n<h2>Fakta om utgivningen<\/h2>\n<p>Arket med katter \u00e4r tryckt p\u00e5 sj\u00e4lvh\u00e4ftande papper. Det \u00e4r 62,5mm brett, varf\u00f6r det g\u00e5r 12 (\u00d72) ark p\u00e5 ett cylindervarv.<br \/>\nP\u00e5 \u00f6vre bandet finns cylindersiffror 1 och 2 samt kontrollnummer som b\u00f6rjar p\u00e5 5-.<br \/>\nP\u00e5 det nedre bandet b\u00f6rjar kontrollnummer p\u00e5 0-.<br \/>\nP\u00e5 b\u00e5da banden finns femtiomarkering (12\u00d77 punkter) med kontrollnummer som slutar p\u00e5 -0 eller -5. Det \u00e4r m\u00f6jligt att om man bortser fr\u00e5n f\u00f6rsta siffran finna samma kontrollnummer fr\u00e5n b\u00e5da banden.<\/p>\n<h2>Kattens kroppsspr\u00e5k avsl\u00f6jar hum\u00f6ret<\/h2>\n<p>Katten kommunicerar b\u00e5de med kroppsspr\u00e5k och ljud. Lyssna, se och l\u00e4r vad katten du \u00e4ger eller m\u00f6ter vill. Carina L\u00e4nks frim\u00e4rksbilder visar fyra olika situationer i en katts vardagsliv. SVERAK, Svenska kattklubbars riksf\u00f6rbund, har hj\u00e4lpt till att tolka och ger litet kattkunskap.<\/p>\n<p>\u201d<strong>Mat \u00e4r gott<\/strong>.\u201d Katten beh\u00f6ver en v\u00e4l sammansatt kost och n\u00f6jer sig inte med \u00f6verblivna matrester. Om maten inte har r\u00e4tt mix kan katten f\u00e5 bristsjukdomar. En katt sm\u00e5\u00e4ter av naturen och kan \u00e4ta upp till 20 m\u00e5l per dygn. Katten \u00e4r ett rovdjur och har genom \u00e5rtusenden beh\u00e5llit sitt k\u00f6tt\u00e4tarursprung.<\/p>\n<p>\u201d<strong>Kom inte f\u00f6r n\u00e4ra!<\/strong>\u201d Reserverad h\u00e5llning, ofta kr\u00f6kt rygg med kroppen vinklad mot den eventuelle angriparen, sidolagda eller bak\u00e5tstrukna \u00f6ron, vidgade pupiller och utsp\u00e4rrade morrh\u00e5r och munnen \u00f6ppen s\u00e5 att t\u00e4nderna syns. Den h\u00e4r katten signalerar klart och tydligt att den \u00e4r beredd till f\u00f6rsvar.<\/p>\n<p>\u201d<strong>Den \u00e4r min!<\/strong>\u201d En liten boll kan roa en katt. Katter \u00e4r i allm\u00e4nhet busiga och kan roa sig sj\u00e4lva med t\u00e4mligen sm\u00e5 medel. En tuss papper kan vara minst lika intressant som en ink\u00f6pt kattleksak. Undvik d\u00e4remot garnnystan och andra saker med l\u00f6sa delar som katten kan sv\u00e4lja.<\/p>\n<p>\u201d<strong>Jag har sovit gott.<\/strong>\u201d En katt beh\u00f6ver mycket s\u00f6mn, cirka 20 timmar per dygn, och alla katter vill vara i fred n\u00e4r de sover. Det finns nog inget djur som kan str\u00e4cka p\u00e5 sig s\u00e5 v\u00e4llustigt som en katt som nyss vaknat. Katten har bra h\u00f6rsel och lyssnar \u00e4ven n\u00e4r den sover, och man kan se hur \u00f6ronen r\u00f6r sig i s\u00f6mnen.<\/p>\n","protected":false},"excerpt":{"rendered":"<p>Utgivningsdag 2010-01-28 F 2752 &#8211; 2755 10 \u00d7 inrikes brev, fyra motiv Frim\u00e4rkena trycktes i\u00a0fyra f\u00e4rger offset Typer H\u00e4ftet har 31 punkters vikperforering (perf 10) slagen fr\u00e5n frim\u00e4rkssidan, PI Markeringar FM cyls 1 cyls 2 helt kn BS K\u00e4nda kombinationer &hellip; <a href=\"https:\/\/xn--hftessamlarna-bfb.se\/?page_id=595\">Forts\u00e4tt l\u00e4sa <span class=\"meta-nav\">&rarr;<\/span><\/a><\/p>\n","protected":false},"author":1,"featured_media":0,"parent":307,"menu_order":41,"comment_status":"open","ping_status":"open","template":"","meta":{"footnotes":""},"class_list":["post-595","page","type-page","status-publish","hentry"],"_links":{"self":[{"href":"https:\/\/xn--hftessamlarna-bfb.se\/index.php?rest_route=\/wp\/v2\/pages\/595","targetHints":{"allow":["GET"]}}],"collection":[{"href":"https:\/\/xn--hftessamlarna-bfb.se\/index.php?rest_route=\/wp\/v2\/pages"}],"about":[{"href":"https:\/\/xn--hftessamlarna-bfb.se\/index.php?rest_route=\/wp\/v2\/types\/page"}],"author":[{"embeddable":true,"href":"https:\/\/xn--hftessamlarna-bfb.se\/index.php?rest_route=\/wp\/v2\/users\/1"}],"replies":[{"embeddable":true,"href":"https:\/\/xn--hftessamlarna-bfb.se\/index.php?rest_route=%2Fwp%2Fv2%2Fcomments&post=595"}],"version-history":[{"count":0,"href":"https:\/\/xn--hftessamlarna-bfb.se\/index.php?rest_route=\/wp\/v2\/pages\/595\/revisions"}],"up":[{"embeddable":true,"href":"https:\/\/xn--hftessamlarna-bfb.se\/index.php?rest_route=\/wp\/v2\/pages\/307"}],"wp:attachment":[{"href":"https:\/\/xn--hftessamlarna-bfb.se\/index.php?rest_route=%2Fwp%2Fv2%2Fmedia&parent=595"}],"curies":[{"name":"wp","href":"https:\/\/api.w.org\/{rel}","templated":true}]}}