{"id":5534,"date":"2017-03-16T15:54:30","date_gmt":"2017-03-16T14:54:30","guid":{"rendered":"http:\/\/xn--hftessamlarna-bfb.se\/?page_id=5534"},"modified":"2023-11-15T07:11:10","modified_gmt":"2023-11-15T06:11:10","slug":"sh98-fjarilar","status":"publish","type":"page","link":"https:\/\/xn--hftessamlarna-bfb.se\/?page_id=5534","title":{"rendered":"SH98 Fj\u00e4rilar"},"content":{"rendered":"<p><a href=\"https:\/\/xn--hftessamlarna-bfb.se\/wp-content\/uploads\/SH-0098-header-2017.jpg\"><img loading=\"lazy\" decoding=\"async\" class=\"alignnone wp-image-7313 size-full\" src=\"https:\/\/xn--hftessamlarna-bfb.se\/wp-content\/uploads\/SH-0098-header-2017.jpg\" alt=\"\" width=\"1041\" height=\"960\" srcset=\"https:\/\/xn--hftessamlarna-bfb.se\/wp-content\/uploads\/SH-0098-header-2017.jpg 1041w, https:\/\/xn--hftessamlarna-bfb.se\/wp-content\/uploads\/SH-0098-header-2017-300x277.jpg 300w, https:\/\/xn--hftessamlarna-bfb.se\/wp-content\/uploads\/SH-0098-header-2017-1024x944.jpg 1024w, https:\/\/xn--hftessamlarna-bfb.se\/wp-content\/uploads\/SH-0098-header-2017-150x138.jpg 150w, https:\/\/xn--hftessamlarna-bfb.se\/wp-content\/uploads\/SH-0098-header-2017-768x708.jpg 768w, https:\/\/xn--hftessamlarna-bfb.se\/wp-content\/uploads\/SH-0098-header-2017-325x300.jpg 325w\" sizes=\"auto, (max-width: 1041px) 100vw, 1041px\" \/><\/a><\/p>\n<p>Utgivningsdag 2017-03-16<br \/>\nF 3168-3172<br \/>\n10 \u00d7 brevporto inrikes, 5 motiv<\/p>\n<p>SH98 \u00e4r tryckt av Cartor Security Printing.<\/p>\n<p>H\u00e4ftet \u00e4r tryckt p\u00e5 det nya pappret d\u00e4r underlagspappret \u00e4r tryckt med text \u201dpostnord\u201d och frim\u00e4rkena \u00e4r med vitmedel<em>.<\/em> J\u00e4mf\u00f6rt med de av PostNord tillverkade SH82B, SH84B och SH95 \u00e4r texten \u201dpostnord\u201d vridet 90\u00b0.<\/p>\n<p>H\u00e4ftet \u00e4r 83 mm brett och har 29 punkters vikperforering (perf 7) \u00e4r slagen fr\u00e5n frim\u00e4rkssidan, PI. Inga marginaltecken f\u00f6rekommer, inte ens regm.<\/p>\n","protected":false},"excerpt":{"rendered":"<p>Utgivningsdag 2017-03-16 F 3168-3172 10 \u00d7 brevporto inrikes, 5 motiv SH98 \u00e4r tryckt av Cartor Security Printing. H\u00e4ftet \u00e4r tryckt p\u00e5 det nya pappret d\u00e4r underlagspappret \u00e4r tryckt med text \u201dpostnord\u201d och frim\u00e4rkena \u00e4r med vitmedel. J\u00e4mf\u00f6rt med de av &hellip; <a href=\"https:\/\/xn--hftessamlarna-bfb.se\/?page_id=5534\">Forts\u00e4tt l\u00e4sa <span class=\"meta-nav\">&rarr;<\/span><\/a><\/p>\n","protected":false},"author":1,"featured_media":0,"parent":307,"menu_order":98,"comment_status":"open","ping_status":"closed","template":"","meta":{"footnotes":""},"class_list":["post-5534","page","type-page","status-publish","hentry"],"_links":{"self":[{"href":"https:\/\/xn--hftessamlarna-bfb.se\/index.php?rest_route=\/wp\/v2\/pages\/5534","targetHints":{"allow":["GET"]}}],"collection":[{"href":"https:\/\/xn--hftessamlarna-bfb.se\/index.php?rest_route=\/wp\/v2\/pages"}],"about":[{"href":"https:\/\/xn--hftessamlarna-bfb.se\/index.php?rest_route=\/wp\/v2\/types\/page"}],"author":[{"embeddable":true,"href":"https:\/\/xn--hftessamlarna-bfb.se\/index.php?rest_route=\/wp\/v2\/users\/1"}],"replies":[{"embeddable":true,"href":"https:\/\/xn--hftessamlarna-bfb.se\/index.php?rest_route=%2Fwp%2Fv2%2Fcomments&post=5534"}],"version-history":[{"count":0,"href":"https:\/\/xn--hftessamlarna-bfb.se\/index.php?rest_route=\/wp\/v2\/pages\/5534\/revisions"}],"up":[{"embeddable":true,"href":"https:\/\/xn--hftessamlarna-bfb.se\/index.php?rest_route=\/wp\/v2\/pages\/307"}],"wp:attachment":[{"href":"https:\/\/xn--hftessamlarna-bfb.se\/index.php?rest_route=%2Fwp%2Fv2%2Fmedia&parent=5534"}],"curies":[{"name":"wp","href":"https:\/\/api.w.org\/{rel}","templated":true}]}}