{"id":5358,"date":"2016-06-17T11:14:55","date_gmt":"2016-06-17T10:14:55","guid":{"rendered":"http:\/\/xn--hftessamlarna-bfb.se\/?page_id=5358"},"modified":"2016-07-12T14:25:48","modified_gmt":"2016-07-12T13:25:48","slug":"h238-marginaltecken","status":"publish","type":"page","link":"https:\/\/xn--hftessamlarna-bfb.se\/?page_id=5358","title":{"rendered":"H238 Marginaltecken"},"content":{"rendered":"<p>Marginaltecken p\u00e5 H238 \u00e4r m\u00e5nga och kan d\u00e4rf\u00f6r ge upphov till en inspirerande samling. En del kan samlas i \u00e4kta par och sviter.<\/p>\n<p><a href=\"http:\/\/xn--hftessamlarna-bfb.se\/wp-content\/uploads\/h238eda.jpg\"><img loading=\"lazy\" decoding=\"async\" class=\"alignleft wp-image-5359 size-large\" src=\"http:\/\/xn--hftessamlarna-bfb.se\/wp-content\/uploads\/h238eda-1024x240.jpg\" alt=\"h238eda\" width=\"584\" height=\"137\" srcset=\"https:\/\/xn--hftessamlarna-bfb.se\/wp-content\/uploads\/h238eda-1024x240.jpg 1024w, https:\/\/xn--hftessamlarna-bfb.se\/wp-content\/uploads\/h238eda-150x35.jpg 150w, https:\/\/xn--hftessamlarna-bfb.se\/wp-content\/uploads\/h238eda-300x70.jpg 300w, https:\/\/xn--hftessamlarna-bfb.se\/wp-content\/uploads\/h238eda-768x180.jpg 768w, https:\/\/xn--hftessamlarna-bfb.se\/wp-content\/uploads\/h238eda-500x117.jpg 500w, https:\/\/xn--hftessamlarna-bfb.se\/wp-content\/uploads\/h238eda.jpg 1491w\" sizes=\"auto, (max-width: 584px) 100vw, 584px\" \/><\/a><a href=\"http:\/\/xn--hftessamlarna-bfb.se\/wp-content\/uploads\/h238hijksvit.jpg\"><img loading=\"lazy\" decoding=\"async\" class=\"alignleft wp-image-5360 size-large\" src=\"http:\/\/xn--hftessamlarna-bfb.se\/wp-content\/uploads\/h238hijksvit-1024x183.jpg\" alt=\"h238hijksvit\" width=\"584\" height=\"104\" srcset=\"https:\/\/xn--hftessamlarna-bfb.se\/wp-content\/uploads\/h238hijksvit-1024x183.jpg 1024w, https:\/\/xn--hftessamlarna-bfb.se\/wp-content\/uploads\/h238hijksvit-150x27.jpg 150w, https:\/\/xn--hftessamlarna-bfb.se\/wp-content\/uploads\/h238hijksvit-300x54.jpg 300w, https:\/\/xn--hftessamlarna-bfb.se\/wp-content\/uploads\/h238hijksvit-768x137.jpg 768w, https:\/\/xn--hftessamlarna-bfb.se\/wp-content\/uploads\/h238hijksvit-500x89.jpg 500w, https:\/\/xn--hftessamlarna-bfb.se\/wp-content\/uploads\/h238hijksvit.jpg 1982w\" sizes=\"auto, (max-width: 584px) 100vw, 584px\" \/><\/a><a href=\"http:\/\/xn--hftessamlarna-bfb.se\/wp-content\/uploads\/h238gf.jpg\"><img loading=\"lazy\" decoding=\"async\" class=\"alignleft size-medium wp-image-5361\" src=\"http:\/\/xn--hftessamlarna-bfb.se\/wp-content\/uploads\/h238gf-300x100.jpg\" alt=\"h238gf\" width=\"300\" height=\"100\" srcset=\"https:\/\/xn--hftessamlarna-bfb.se\/wp-content\/uploads\/h238gf-300x100.jpg 300w, https:\/\/xn--hftessamlarna-bfb.se\/wp-content\/uploads\/h238gf-150x50.jpg 150w, https:\/\/xn--hftessamlarna-bfb.se\/wp-content\/uploads\/h238gf-768x257.jpg 768w, https:\/\/xn--hftessamlarna-bfb.se\/wp-content\/uploads\/h238gf-500x167.jpg 500w, https:\/\/xn--hftessamlarna-bfb.se\/wp-content\/uploads\/h238gf.jpg 998w\" sizes=\"auto, (max-width: 300px) 100vw, 300px\" \/><\/a><\/p>\n<p>&nbsp;<\/p>\n<p>&nbsp;<\/p>\n<p>&nbsp;<\/p>\n<p><a href=\"http:\/\/xn--hftessamlarna-bfb.se\/wp-content\/uploads\/h238b.jpg\"><img loading=\"lazy\" decoding=\"async\" class=\"alignleft wp-image-5362 size-medium\" src=\"http:\/\/xn--hftessamlarna-bfb.se\/wp-content\/uploads\/h238b-300x204.jpg\" alt=\"h238b\" width=\"300\" height=\"204\" srcset=\"https:\/\/xn--hftessamlarna-bfb.se\/wp-content\/uploads\/h238b-300x204.jpg 300w, https:\/\/xn--hftessamlarna-bfb.se\/wp-content\/uploads\/h238b-150x102.jpg 150w, https:\/\/xn--hftessamlarna-bfb.se\/wp-content\/uploads\/h238b-440x300.jpg 440w, https:\/\/xn--hftessamlarna-bfb.se\/wp-content\/uploads\/h238b.jpg 508w\" sizes=\"auto, (max-width: 300px) 100vw, 300px\" \/><\/a><\/p>\n<p>&nbsp;<\/p>\n<h2><strong>F\u00f6rklaring<\/strong><\/h2>\n<p>Beskrivningar g\u00f6rs alltid uppifr\u00e5n och med inh\u00e4ftningsremsan till v\u00e4nster.<\/p>\n<p><strong>a<\/strong> Hel pilspets led centrum mittf\u00f6r mittperforeringen.<br \/>\n<strong>b<\/strong> Kantstyrning = gult lodr\u00e4tt streck i kanten vid h\u00f6gra frim\u00e4rksraden.<br \/>\n<strong>c<\/strong> Kantstyrning = gult lodr\u00e4tt streck i kanten vid v\u00e4nstra frim\u00e4rksraden. b och c kan saknas om inh\u00e4ftningsremsan \u00e4r smal.<br \/>\n<strong>d<\/strong> 4,5 kors = Lodr\u00e4tt streck + 4 kors + del av kors, ser ut som streck. De svarta korsen \u00e4r 4 mm breda.<br \/>\n<strong>e<\/strong> 2,5 kors + kantstyrning = del av kors + 2 kors + lodr\u00e4tt streck + gult lodr\u00e4tt streck i kanten. Svarta korsen 3-5 mm breda. Kantstyrning kan saknas om inh\u00e4ftningsremsan \u00e4r smal.<br \/>\n<strong>f<\/strong> 4,5 kors = Lodr\u00e4tt streck + 4 kors + streck. Svarta korsen 6 mm breda (J\u00e4mf\u00f6r med d)<br \/>\n<strong>g<\/strong> 2,5 kors = del av kors + 2 kors + lodr\u00e4tt streck. De svarta korsen \u00e4r 6 mm. breda (J\u00e4mf\u00f6r med e).<br \/>\n<strong>h<\/strong> Del av pilspets vid v\u00e4nstra frim\u00e4rksraden.<br \/>\n<strong>i<\/strong> del av pilspets vid h\u00f6gra fril\u00e4rksraden + lodr\u00e4tt streck + 2 kors. De svarta korsen \u00e4r 6 mm breda.<br \/>\n<strong>j<\/strong> 5 kors. De svarta korsen \u00e4r 6 mm breda.<br \/>\n<strong>k<\/strong> del av kors = streck + lodr\u00e4tt streck.<br \/>\n<strong>l<\/strong> Del av pilspets vid v\u00e4nstra fril\u00e4rksraden + Sm\u00e5 svarta punkter vid pilen (J\u00e4mf\u00f6r med h).<br \/>\n<strong>m<\/strong> del av pilspets vid h\u00f6gra fril\u00e4rksraden + lodr\u00e4tt streck + 2 kors. De svarta korsen \u00e4r 4 mm breda. (j\u00e4mf\u00f6r med i)<br \/>\n<strong>n<\/strong> 5 kors. Svarta korsen \u00e4r 3-5 mm breda (J\u00e4mf\u00f6r med j).<br \/>\n<strong>o<\/strong> del av kors = streck + lodr\u00e4tt streck + gult lodr\u00e4tt streck i kanten. (J\u00e4mf\u00f6r med k). Kantstyrningsm\u00e4rket kan dock saknas om inh\u00e4ftningsremsan \u00e4r smal.<\/p>\n<p><a href=\"http:\/\/xn--hftessamlarna-bfb.se\/?page_id=2624\">Tillbaka till sidan f\u00f6r H238<\/a><\/p>\n","protected":false},"excerpt":{"rendered":"<p>Marginaltecken p\u00e5 H238 \u00e4r m\u00e5nga och kan d\u00e4rf\u00f6r ge upphov till en inspirerande samling. En del kan samlas i \u00e4kta par och sviter. &nbsp; &nbsp; &nbsp; &nbsp; F\u00f6rklaring Beskrivningar g\u00f6rs alltid uppifr\u00e5n och med inh\u00e4ftningsremsan till v\u00e4nster. a Hel pilspets &hellip; <a href=\"https:\/\/xn--hftessamlarna-bfb.se\/?page_id=5358\">Forts\u00e4tt l\u00e4sa <span class=\"meta-nav\">&rarr;<\/span><\/a><\/p>\n","protected":false},"author":1,"featured_media":0,"parent":2581,"menu_order":238,"comment_status":"open","ping_status":"closed","template":"","meta":{"footnotes":""},"class_list":["post-5358","page","type-page","status-publish","hentry"],"_links":{"self":[{"href":"https:\/\/xn--hftessamlarna-bfb.se\/index.php?rest_route=\/wp\/v2\/pages\/5358","targetHints":{"allow":["GET"]}}],"collection":[{"href":"https:\/\/xn--hftessamlarna-bfb.se\/index.php?rest_route=\/wp\/v2\/pages"}],"about":[{"href":"https:\/\/xn--hftessamlarna-bfb.se\/index.php?rest_route=\/wp\/v2\/types\/page"}],"author":[{"embeddable":true,"href":"https:\/\/xn--hftessamlarna-bfb.se\/index.php?rest_route=\/wp\/v2\/users\/1"}],"replies":[{"embeddable":true,"href":"https:\/\/xn--hftessamlarna-bfb.se\/index.php?rest_route=%2Fwp%2Fv2%2Fcomments&post=5358"}],"version-history":[{"count":0,"href":"https:\/\/xn--hftessamlarna-bfb.se\/index.php?rest_route=\/wp\/v2\/pages\/5358\/revisions"}],"up":[{"embeddable":true,"href":"https:\/\/xn--hftessamlarna-bfb.se\/index.php?rest_route=\/wp\/v2\/pages\/2581"}],"wp:attachment":[{"href":"https:\/\/xn--hftessamlarna-bfb.se\/index.php?rest_route=%2Fwp%2Fv2%2Fmedia&parent=5358"}],"curies":[{"name":"wp","href":"https:\/\/api.w.org\/{rel}","templated":true}]}}