{"id":5186,"date":"2015-11-13T07:33:56","date_gmt":"2015-11-13T06:33:56","guid":{"rendered":"http:\/\/xn--hftessamlarna-bfb.se\/?page_id=5186"},"modified":"2023-05-16T17:47:10","modified_gmt":"2023-05-16T16:47:10","slug":"sh85-jul2015-julstjarnor","status":"publish","type":"page","link":"https:\/\/xn--hftessamlarna-bfb.se\/?page_id=5186","title":{"rendered":"SH85 Jul2015 &#8211; Julstj\u00e4rnor"},"content":{"rendered":"<p><a href=\"http:\/\/xn--hftessamlarna-bfb.se\/wp-content\/uploads\/2015julstjarnor.jpg\"><img loading=\"lazy\" decoding=\"async\" class=\"alignleft wp-image-5187 size-full\" src=\"http:\/\/xn--hftessamlarna-bfb.se\/wp-content\/uploads\/2015julstjarnor.jpg\" alt=\"2015julstjarnor\" width=\"960\" height=\"759\" srcset=\"https:\/\/xn--hftessamlarna-bfb.se\/wp-content\/uploads\/2015julstjarnor.jpg 960w, https:\/\/xn--hftessamlarna-bfb.se\/wp-content\/uploads\/2015julstjarnor-150x119.jpg 150w, https:\/\/xn--hftessamlarna-bfb.se\/wp-content\/uploads\/2015julstjarnor-300x237.jpg 300w, https:\/\/xn--hftessamlarna-bfb.se\/wp-content\/uploads\/2015julstjarnor-379x300.jpg 379w\" sizes=\"auto, (max-width: 960px) 100vw, 960px\" \/><\/a><\/p>\n<p>Utgivningsdag 2015-11-12<br \/>\nF 3084 &#8211; 3088<br \/>\n10 x julpost, 5 motiv<\/p>\n<p>Omslaget finns i tv\u00e5 varianter:<br \/>\n<strong>A<\/strong>. underlagspappret \u00e4r tryckt med posthorn och frim\u00e4rkena \u00e4r utan vitmedel<br \/>\n<strong>B<\/strong>.\u00a0underlagspappret \u00e4r tryckt med text \u201dpostnord\u201d och frim\u00e4rkena \u00e4r med vitmedel<\/p>\n<p>Trycket p\u00e5 underlagspappret syns om man h\u00e5ller upp h\u00e4ftet mot en lampa. Skillnaden i vitmedel mellan de tv\u00e5 varianterna \u00e4r avsev\u00e4rd. SH85B tillh\u00f6r den sista tryckningen och hittades i veckan f\u00f6re jul.<\/p>\n<p>SH85 \u00e4r tryckt i tryckpressen G8. Det \u00e4r 62 mm brett vilket betyder att offsetcylindern har 12 h\u00e4ften per band. Om vi numrerar inlagorna s\u00e5 att den med c 1 f\u00e5r nummer 1 s\u00e5 sitter c 2 p\u00e5 inlaga 5 och c 3 p\u00e5 inlaga 9. Gr\u00e5kil finns p\u00e5 inlagorna 9 och 10 p\u00e5 b\u00e5da banden. Gr\u00e5kilen finns i storlekar med diametrarna 3,0 mm respektive 3,4 mm. P\u00e5 sidan med kn (5) och cyls \u00e4r b\u00e5da gr\u00e5kilarna sm\u00e5 (3,0 mm i diameter). P\u00e5 sidan med kn (0), men inga cyls \u00e4r gr\u00e5kilen p\u00e5 inlaga 9 stor (3,4 mm) och p\u00e5 inlaga 10 \u00e4r den liten.<\/p>\n<p>Avsikten har varit att s\u00e4tta ett kn p\u00e5 vart tionde h\u00e4fte och band. Det betyder att kn i en serie utan avbrott kommer antingen p\u00e5 inlagor med udda nummer eller p\u00e5 inlagor med j\u00e4mna nummer. Om de sitter p\u00e5 inlagor med udda nummer blir det p\u00e5 en f\u00f6ljd av sex kn en kombination med cyls p\u00e5 vartannat kn, en kombination och tre enkla kn. P\u00e5 sidan med kn (0) blir det d\u00e5 kombination med stor gr\u00e5kil nere p\u00e5 vart sj\u00e4tte kn. Om kn sitter p\u00e5 j\u00e4mna inlagor blir det inga kombinationer med cyls, men vart sj\u00e4tte kn (5) sitter d\u00e5 i kombination med gr\u00e5kil uppe och vart sj\u00e4tte kn (0) sitter i kombination med liten gr\u00e5kil nere. Man kan allts\u00e5 r\u00e4kna rester \u00e4ven f\u00f6r kn serier utan kombination med cyls. I st\u00f6rre delen av upplagan finns det kombinationer med kn och cyls, vilket medf\u00f6r att kombinationen kn (0) och stor gr\u00e5kil nere \u00e4r mycket vanligare \u00e4n kombinationen kn (0) och liten gr\u00e5kil nere, vilken inte har hittats f\u00f6r variant SH85B.<\/p>\n<p>SH85 har 31 punkters vikperforering (perf 10) som \u00e4r slagen fr\u00e5n frim\u00e4rkssidan, PI.<a href=\"http:\/\/xn--hftessamlarna-bfb.se\/wp-content\/uploads\/SH85tabell-1-1.jpg\"><img loading=\"lazy\" decoding=\"async\" class=\"alignleft wp-image-5257 size-large\" src=\"http:\/\/xn--hftessamlarna-bfb.se\/wp-content\/uploads\/SH85tabell-1-1-1024x900.jpg\" alt=\"\" width=\"584\" height=\"513\" srcset=\"https:\/\/xn--hftessamlarna-bfb.se\/wp-content\/uploads\/SH85tabell-1-1-1024x900.jpg 1024w, https:\/\/xn--hftessamlarna-bfb.se\/wp-content\/uploads\/SH85tabell-1-1-150x132.jpg 150w, https:\/\/xn--hftessamlarna-bfb.se\/wp-content\/uploads\/SH85tabell-1-1-300x264.jpg 300w, https:\/\/xn--hftessamlarna-bfb.se\/wp-content\/uploads\/SH85tabell-1-1-768x675.jpg 768w, https:\/\/xn--hftessamlarna-bfb.se\/wp-content\/uploads\/SH85tabell-1-1-341x300.jpg 341w\" sizes=\"auto, (max-width: 584px) 100vw, 584px\" \/><\/a><\/p>\n<h2>Gr\u00e5kil i olika storlek<\/h2>\n<div id=\"attachment_5230\" style=\"width: 310px\" class=\"wp-caption alignleft\"><a href=\"http:\/\/xn--hftessamlarna-bfb.se\/wp-content\/uploads\/SH85Olikagrakilar.jpg\"><img loading=\"lazy\" decoding=\"async\" aria-describedby=\"caption-attachment-5230\" class=\"wp-image-5230 size-medium\" src=\"http:\/\/xn--hftessamlarna-bfb.se\/wp-content\/uploads\/SH85Olikagrakilar-300x154.jpg\" alt=\"\" width=\"300\" height=\"154\" srcset=\"https:\/\/xn--hftessamlarna-bfb.se\/wp-content\/uploads\/SH85Olikagrakilar-300x154.jpg 300w, https:\/\/xn--hftessamlarna-bfb.se\/wp-content\/uploads\/SH85Olikagrakilar-150x77.jpg 150w, https:\/\/xn--hftessamlarna-bfb.se\/wp-content\/uploads\/SH85Olikagrakilar-768x394.jpg 768w, https:\/\/xn--hftessamlarna-bfb.se\/wp-content\/uploads\/SH85Olikagrakilar-500x256.jpg 500w, https:\/\/xn--hftessamlarna-bfb.se\/wp-content\/uploads\/SH85Olikagrakilar.jpg 960w\" sizes=\"auto, (max-width: 300px) 100vw, 300px\" \/><\/a><p id=\"caption-attachment-5230\" class=\"wp-caption-text\">gr\u00e5kilar med olika storlek<\/p><\/div>\n<h2>Olika papper, Postnord\/Posthorn<\/h2>\n<div id=\"attachment_5231\" style=\"width: 310px\" class=\"wp-caption alignleft\"><a href=\"http:\/\/xn--hftessamlarna-bfb.se\/wp-content\/uploads\/SH85olikapapper.jpg\"><img loading=\"lazy\" decoding=\"async\" aria-describedby=\"caption-attachment-5231\" class=\"wp-image-5231 size-medium\" src=\"http:\/\/xn--hftessamlarna-bfb.se\/wp-content\/uploads\/SH85olikapapper-300x165.jpg\" alt=\"\" width=\"300\" height=\"165\" srcset=\"https:\/\/xn--hftessamlarna-bfb.se\/wp-content\/uploads\/SH85olikapapper-300x165.jpg 300w, https:\/\/xn--hftessamlarna-bfb.se\/wp-content\/uploads\/SH85olikapapper-150x83.jpg 150w, https:\/\/xn--hftessamlarna-bfb.se\/wp-content\/uploads\/SH85olikapapper-768x422.jpg 768w, https:\/\/xn--hftessamlarna-bfb.se\/wp-content\/uploads\/SH85olikapapper-500x275.jpg 500w, https:\/\/xn--hftessamlarna-bfb.se\/wp-content\/uploads\/SH85olikapapper.jpg 960w\" sizes=\"auto, (max-width: 300px) 100vw, 300px\" \/><\/a><p id=\"caption-attachment-5231\" class=\"wp-caption-text\">olika papper B &#8211; A<\/p><\/div>\n<div id=\"attachment_5232\" style=\"width: 310px\" class=\"wp-caption alignleft\"><a href=\"http:\/\/xn--hftessamlarna-bfb.se\/wp-content\/uploads\/sh85ABUV.jpg\" rel=\"attachment wp-att-5230\"><img loading=\"lazy\" decoding=\"async\" aria-describedby=\"caption-attachment-5232\" class=\"wp-image-5232 size-medium\" src=\"http:\/\/xn--hftessamlarna-bfb.se\/wp-content\/uploads\/sh85ABUV-300x166.jpg\" alt=\"\" width=\"300\" height=\"166\" srcset=\"https:\/\/xn--hftessamlarna-bfb.se\/wp-content\/uploads\/sh85ABUV-300x166.jpg 300w, https:\/\/xn--hftessamlarna-bfb.se\/wp-content\/uploads\/sh85ABUV-150x83.jpg 150w, https:\/\/xn--hftessamlarna-bfb.se\/wp-content\/uploads\/sh85ABUV-768x426.jpg 768w, https:\/\/xn--hftessamlarna-bfb.se\/wp-content\/uploads\/sh85ABUV-1024x568.jpg 1024w, https:\/\/xn--hftessamlarna-bfb.se\/wp-content\/uploads\/sh85ABUV-500x277.jpg 500w, https:\/\/xn--hftessamlarna-bfb.se\/wp-content\/uploads\/sh85ABUV.jpg 1097w\" sizes=\"auto, (max-width: 300px) 100vw, 300px\" \/><\/a><p id=\"caption-attachment-5232\" class=\"wp-caption-text\">olika papper i UV-ljus B &#8211; A<\/p><\/div>\n<div id=\"attachment_5202\" style=\"width: 295px\" class=\"wp-caption alignleft\"><a href=\"http:\/\/xn--hftessamlarna-bfb.se\/wp-content\/uploads\/SH85utsmet.jpg\" rel=\"attachment wp-att-5231\"><img loading=\"lazy\" decoding=\"async\" aria-describedby=\"caption-attachment-5202\" class=\"wp-image-5202 size-medium\" src=\"http:\/\/xn--hftessamlarna-bfb.se\/wp-content\/uploads\/SH85utsmet-285x300.jpg\" alt=\"\" width=\"285\" height=\"300\" srcset=\"https:\/\/xn--hftessamlarna-bfb.se\/wp-content\/uploads\/SH85utsmet-285x300.jpg 285w, https:\/\/xn--hftessamlarna-bfb.se\/wp-content\/uploads\/SH85utsmet-143x150.jpg 143w, https:\/\/xn--hftessamlarna-bfb.se\/wp-content\/uploads\/SH85utsmet-974x1024.jpg 974w, https:\/\/xn--hftessamlarna-bfb.se\/wp-content\/uploads\/SH85utsmet.jpg 1296w\" sizes=\"auto, (max-width: 285px) 100vw, 285px\" \/><\/a><p id=\"caption-attachment-5202\" class=\"wp-caption-text\">F\u00e4rgen \u00e4r f\u00f6rskjuten i sidled s\u00e5 att t\u00e4nderna blir vita i spetsen.<\/p><\/div>\n<h2>Bild p\u00e5 variant<\/h2>\n<div id=\"attachment_5403\" style=\"width: 310px\" class=\"wp-caption alignleft\"><a href=\"http:\/\/xn--hftessamlarna-bfb.se\/wp-content\/uploads\/SH85Blinje.jpg\"><img loading=\"lazy\" decoding=\"async\" aria-describedby=\"caption-attachment-5403\" class=\"wp-image-5403 size-medium\" src=\"http:\/\/xn--hftessamlarna-bfb.se\/wp-content\/uploads\/SH85Blinje-300x24.jpg\" alt=\"SH85Blinje\" width=\"300\" height=\"24\" srcset=\"https:\/\/xn--hftessamlarna-bfb.se\/wp-content\/uploads\/SH85Blinje-300x24.jpg 300w, https:\/\/xn--hftessamlarna-bfb.se\/wp-content\/uploads\/SH85Blinje-150x12.jpg 150w, https:\/\/xn--hftessamlarna-bfb.se\/wp-content\/uploads\/SH85Blinje-500x40.jpg 500w, https:\/\/xn--hftessamlarna-bfb.se\/wp-content\/uploads\/SH85Blinje.jpg 742w\" sizes=\"auto, (max-width: 300px) 100vw, 300px\" \/><\/a><p id=\"caption-attachment-5403\" class=\"wp-caption-text\">SH85B med linje 1 mm fr\u00e5n kanten<\/p><\/div>\n<h2>Felskurna h\u00e4ften<\/h2>\n<div id=\"attachment_5923\" style=\"width: 310px\" class=\"wp-caption alignnone\"><a href=\"http:\/\/xn--hftessamlarna-bfb.se\/wp-content\/uploads\/SH85sned.jpg\"><img loading=\"lazy\" decoding=\"async\" aria-describedby=\"caption-attachment-5923\" class=\"size-medium wp-image-5923\" src=\"http:\/\/xn--hftessamlarna-bfb.se\/wp-content\/uploads\/SH85sned-300x298.jpg\" alt=\"\" width=\"300\" height=\"298\" srcset=\"https:\/\/xn--hftessamlarna-bfb.se\/wp-content\/uploads\/SH85sned-300x298.jpg 300w, https:\/\/xn--hftessamlarna-bfb.se\/wp-content\/uploads\/SH85sned-150x150.jpg 150w, https:\/\/xn--hftessamlarna-bfb.se\/wp-content\/uploads\/SH85sned-768x763.jpg 768w, https:\/\/xn--hftessamlarna-bfb.se\/wp-content\/uploads\/SH85sned-302x300.jpg 302w, https:\/\/xn--hftessamlarna-bfb.se\/wp-content\/uploads\/SH85sned.jpg 804w\" sizes=\"auto, (max-width: 300px) 100vw, 300px\" \/><\/a><p id=\"caption-attachment-5923\" class=\"wp-caption-text\">kraftigt snedcentrerad utstansning<\/p><\/div>\n<h2>funna<\/h2>\n<div id=\"attachment_5214\" style=\"width: 221px\" class=\"wp-caption alignleft\"><a href=\"http:\/\/xn--hftessamlarna-bfb.se\/wp-content\/uploads\/SH85felskurna.jpg\"><img loading=\"lazy\" decoding=\"async\" aria-describedby=\"caption-attachment-5214\" class=\"wp-image-5214 size-medium\" src=\"https:\/\/xn--hftessamlarna-bfb.se\/wp-content\/uploads\/SH85felskurna-211x300.jpg\" alt=\"SH85felskurna\" width=\"211\" height=\"300\" srcset=\"https:\/\/xn--hftessamlarna-bfb.se\/wp-content\/uploads\/SH85felskurna-211x300.jpg 211w, https:\/\/xn--hftessamlarna-bfb.se\/wp-content\/uploads\/SH85felskurna-105x150.jpg 105w, https:\/\/xn--hftessamlarna-bfb.se\/wp-content\/uploads\/SH85felskurna-719x1024.jpg 719w, https:\/\/xn--hftessamlarna-bfb.se\/wp-content\/uploads\/SH85felskurna.jpg 1851w\" sizes=\"auto, (max-width: 211px) 100vw, 211px\" \/><\/a><p id=\"caption-attachment-5214\" class=\"wp-caption-text\">tre h\u00e4ften hittades i en obruten bunt av en medlem<\/p><\/div>\n","protected":false},"excerpt":{"rendered":"<p>Utgivningsdag 2015-11-12 F 3084 &#8211; 3088 10 x julpost, 5 motiv Omslaget finns i tv\u00e5 varianter: A. underlagspappret \u00e4r tryckt med posthorn och frim\u00e4rkena \u00e4r utan vitmedel B.\u00a0underlagspappret \u00e4r tryckt med text \u201dpostnord\u201d och frim\u00e4rkena \u00e4r med vitmedel Trycket p\u00e5 &hellip; <a href=\"https:\/\/xn--hftessamlarna-bfb.se\/?page_id=5186\">Forts\u00e4tt l\u00e4sa <span class=\"meta-nav\">&rarr;<\/span><\/a><\/p>\n","protected":false},"author":1,"featured_media":0,"parent":307,"menu_order":85,"comment_status":"open","ping_status":"closed","template":"","meta":{"footnotes":""},"class_list":["post-5186","page","type-page","status-publish","hentry"],"_links":{"self":[{"href":"https:\/\/xn--hftessamlarna-bfb.se\/index.php?rest_route=\/wp\/v2\/pages\/5186","targetHints":{"allow":["GET"]}}],"collection":[{"href":"https:\/\/xn--hftessamlarna-bfb.se\/index.php?rest_route=\/wp\/v2\/pages"}],"about":[{"href":"https:\/\/xn--hftessamlarna-bfb.se\/index.php?rest_route=\/wp\/v2\/types\/page"}],"author":[{"embeddable":true,"href":"https:\/\/xn--hftessamlarna-bfb.se\/index.php?rest_route=\/wp\/v2\/users\/1"}],"replies":[{"embeddable":true,"href":"https:\/\/xn--hftessamlarna-bfb.se\/index.php?rest_route=%2Fwp%2Fv2%2Fcomments&post=5186"}],"version-history":[{"count":0,"href":"https:\/\/xn--hftessamlarna-bfb.se\/index.php?rest_route=\/wp\/v2\/pages\/5186\/revisions"}],"up":[{"embeddable":true,"href":"https:\/\/xn--hftessamlarna-bfb.se\/index.php?rest_route=\/wp\/v2\/pages\/307"}],"wp:attachment":[{"href":"https:\/\/xn--hftessamlarna-bfb.se\/index.php?rest_route=%2Fwp%2Fv2%2Fmedia&parent=5186"}],"curies":[{"name":"wp","href":"https:\/\/api.w.org\/{rel}","templated":true}]}}