{"id":4288,"date":"2014-03-15T06:28:26","date_gmt":"2014-03-15T05:28:26","guid":{"rendered":"http:\/\/xn--hftessamlarna-bfb.se\/?page_id=4288"},"modified":"2021-06-13T11:01:14","modified_gmt":"2021-06-13T10:01:14","slug":"ss17-romaner-om-brott","status":"publish","type":"page","link":"https:\/\/xn--hftessamlarna-bfb.se\/?page_id=4288","title":{"rendered":"SS17 H\u00e5kan Nesser"},"content":{"rendered":"<p><a href=\"http:\/\/xn--hftessamlarna-bfb.se\/?attachment_id=4365\" rel=\"attachment wp-att-4365\"><img loading=\"lazy\" decoding=\"async\" class=\"alignleft size-full wp-image-4365\" src=\"http:\/\/xn--hftessamlarna-bfb.se\/wp-content\/uploads\/SS17.jpg\" alt=\"SS17\" width=\"1076\" height=\"847\" srcset=\"https:\/\/xn--hftessamlarna-bfb.se\/wp-content\/uploads\/SS17.jpg 1076w, https:\/\/xn--hftessamlarna-bfb.se\/wp-content\/uploads\/SS17-150x118.jpg 150w, https:\/\/xn--hftessamlarna-bfb.se\/wp-content\/uploads\/SS17-300x236.jpg 300w, https:\/\/xn--hftessamlarna-bfb.se\/wp-content\/uploads\/SS17-1024x806.jpg 1024w, https:\/\/xn--hftessamlarna-bfb.se\/wp-content\/uploads\/SS17-381x300.jpg 381w\" sizes=\"auto, (max-width: 1076px) 100vw, 1076px\" \/><\/a><\/p>\n<p>Utgivningsdag 2010-08-26<br \/>\nF 2796<br \/>\n9 \u00d7 6 kr, motiv H\u00e5kan Nesser<br \/>\nFrim\u00e4rkena \u00e4r tryckta i 1 f\u00e4rg st\u00e5ltryck, 4 f\u00e4rger offset<br \/>\nUpplaga 18.000 ark<\/p>\n<p>Formatet \u00e4r stort liggande, 187 \u00d7 150. Cylindern har 2 band med 4 ark vardera. Cyls 1 och 2 st\u00e5r i nedre v\u00e4nster h\u00f6rn p\u00e5 bandet med kn (0). Kn st\u00e5r i mitten nedre kant och har satts en g\u00e5ng per varv.<\/p>\n<h2>Markeringar<\/h2>\n<p>cyls 1<br \/>\ncyls 2<br \/>\nkn (5) 6-siffrigt<br \/>\nkn (0) + cyls 1<br \/>\nkn (0) + cyls 2<\/p>\n<h2>K\u00e4nda kombinationer<\/h2>\n<p><a href=\"http:\/\/xn--hftessamlarna-bfb.se\/wp-content\/uploads\/SS17tabell.jpg\"><img loading=\"lazy\" decoding=\"async\" class=\"alignleft wp-image-5071 size-large\" src=\"http:\/\/xn--hftessamlarna-bfb.se\/wp-content\/uploads\/SS17tabell-1024x227.jpg\" alt=\"SS17tabell\" width=\"584\" height=\"129\" srcset=\"https:\/\/xn--hftessamlarna-bfb.se\/wp-content\/uploads\/SS17tabell-1024x227.jpg 1024w, https:\/\/xn--hftessamlarna-bfb.se\/wp-content\/uploads\/SS17tabell-150x33.jpg 150w, https:\/\/xn--hftessamlarna-bfb.se\/wp-content\/uploads\/SS17tabell-300x66.jpg 300w, https:\/\/xn--hftessamlarna-bfb.se\/wp-content\/uploads\/SS17tabell-500x111.jpg 500w\" sizes=\"auto, (max-width: 584px) 100vw, 584px\" \/><\/a><\/p>\n<h2>\u00d6vrigt<\/h2>\n<p>Motsvarat h\u00e4fte <a title=\"H584 Romaner om brott\" href=\"http:\/\/xn--hftessamlarna-bfb.se\/?page_id=1517\">H584<\/a><\/p>\n","protected":false},"excerpt":{"rendered":"<p>Utgivningsdag 2010-08-26 F 2796 9 \u00d7 6 kr, motiv H\u00e5kan Nesser Frim\u00e4rkena \u00e4r tryckta i 1 f\u00e4rg st\u00e5ltryck, 4 f\u00e4rger offset Upplaga 18.000 ark Formatet \u00e4r stort liggande, 187 \u00d7 150. Cylindern har 2 band med 4 ark vardera. Cyls &hellip; <a href=\"https:\/\/xn--hftessamlarna-bfb.se\/?page_id=4288\">Forts\u00e4tt l\u00e4sa <span class=\"meta-nav\">&rarr;<\/span><\/a><\/p>\n","protected":false},"author":1,"featured_media":0,"parent":3642,"menu_order":17,"comment_status":"open","ping_status":"closed","template":"","meta":{"footnotes":""},"class_list":["post-4288","page","type-page","status-publish","hentry"],"_links":{"self":[{"href":"https:\/\/xn--hftessamlarna-bfb.se\/index.php?rest_route=\/wp\/v2\/pages\/4288","targetHints":{"allow":["GET"]}}],"collection":[{"href":"https:\/\/xn--hftessamlarna-bfb.se\/index.php?rest_route=\/wp\/v2\/pages"}],"about":[{"href":"https:\/\/xn--hftessamlarna-bfb.se\/index.php?rest_route=\/wp\/v2\/types\/page"}],"author":[{"embeddable":true,"href":"https:\/\/xn--hftessamlarna-bfb.se\/index.php?rest_route=\/wp\/v2\/users\/1"}],"replies":[{"embeddable":true,"href":"https:\/\/xn--hftessamlarna-bfb.se\/index.php?rest_route=%2Fwp%2Fv2%2Fcomments&post=4288"}],"version-history":[{"count":0,"href":"https:\/\/xn--hftessamlarna-bfb.se\/index.php?rest_route=\/wp\/v2\/pages\/4288\/revisions"}],"up":[{"embeddable":true,"href":"https:\/\/xn--hftessamlarna-bfb.se\/index.php?rest_route=\/wp\/v2\/pages\/3642"}],"wp:attachment":[{"href":"https:\/\/xn--hftessamlarna-bfb.se\/index.php?rest_route=%2Fwp%2Fv2%2Fmedia&parent=4288"}],"curies":[{"name":"wp","href":"https:\/\/api.w.org\/{rel}","templated":true}]}}