{"id":4183,"date":"2014-01-16T14:09:28","date_gmt":"2014-01-16T13:09:28","guid":{"rendered":"http:\/\/xn--hftessamlarna-bfb.se\/?page_id=4183"},"modified":"2018-06-09T16:46:23","modified_gmt":"2018-06-09T15:46:23","slug":"ss27-vasaloppet","status":"publish","type":"page","link":"https:\/\/xn--hftessamlarna-bfb.se\/?page_id=4183","title":{"rendered":"SS27 Vasaloppet"},"content":{"rendered":"<p><a href=\"http:\/\/xn--hftessamlarna-bfb.se\/?attachment_id=4186\" rel=\"attachment wp-att-4186\"><img loading=\"lazy\" decoding=\"async\" class=\"alignleft size-full wp-image-4186\" src=\"http:\/\/xn--hftessamlarna-bfb.se\/wp-content\/uploads\/SS27.jpg\" alt=\"SS27\" width=\"864\" height=\"686\" srcset=\"https:\/\/xn--hftessamlarna-bfb.se\/wp-content\/uploads\/SS27.jpg 864w, https:\/\/xn--hftessamlarna-bfb.se\/wp-content\/uploads\/SS27-150x119.jpg 150w, https:\/\/xn--hftessamlarna-bfb.se\/wp-content\/uploads\/SS27-300x238.jpg 300w, https:\/\/xn--hftessamlarna-bfb.se\/wp-content\/uploads\/SS27-377x300.jpg 377w\" sizes=\"auto, (max-width: 864px) 100vw, 864px\" \/><\/a><\/p>\n<p>Utgivningsdag 2014-01-16<br \/>\n9 x brevporto, 1 motiv<br \/>\nBlocket trycktes i 4-f\u00e4rgs offset + 1 f\u00e4rg st\u00e5ltryck<br \/>\nUpplaga 12.000<\/p>\n<p>Formatet \u00e4r stort liggande, 187<strong> *<\/strong>150. Cylindern har tv\u00e5 band med 4 ark vardera. Cyls 1 och 2 st\u00e5r i nedre v\u00e4nster h\u00f6rn p\u00e5 bandet med kn (0). Kn st\u00e5r i nedre v\u00e4nster h\u00f6rn, 1-2 cm fr\u00e5n v\u00e4nster kant och har satts tv\u00e5 g\u00e5nger per varv p\u00e5 b\u00e5da banden.<\/p>\n<h2>Markeringar<\/h2>\n<p>cyls 1<br \/>\ncyls 2<br \/>\nkn (0)<br \/>\nkn (5)<br \/>\nkn (0) + cyls 1<br \/>\nkn (0) + cyls 2<\/p>\n<h2>K\u00e4nda kombinationer<\/h2>\n<p><a href=\"http:\/\/xn--hftessamlarna-bfb.se\/wp-content\/uploads\/SS27tabell.jpg\"><img loading=\"lazy\" decoding=\"async\" class=\"alignnone wp-image-5741 size-large\" src=\"http:\/\/xn--hftessamlarna-bfb.se\/wp-content\/uploads\/SS27tabell-1024x242.jpg\" alt=\"\" width=\"584\" height=\"138\" srcset=\"https:\/\/xn--hftessamlarna-bfb.se\/wp-content\/uploads\/SS27tabell-1024x242.jpg 1024w, https:\/\/xn--hftessamlarna-bfb.se\/wp-content\/uploads\/SS27tabell-150x36.jpg 150w, https:\/\/xn--hftessamlarna-bfb.se\/wp-content\/uploads\/SS27tabell-300x71.jpg 300w, https:\/\/xn--hftessamlarna-bfb.se\/wp-content\/uploads\/SS27tabell-768x182.jpg 768w, https:\/\/xn--hftessamlarna-bfb.se\/wp-content\/uploads\/SS27tabell-500x118.jpg 500w\" sizes=\"auto, (max-width: 584px) 100vw, 584px\" \/><\/a><\/p>\n","protected":false},"excerpt":{"rendered":"<p>Utgivningsdag 2014-01-16 9 x brevporto, 1 motiv Blocket trycktes i 4-f\u00e4rgs offset + 1 f\u00e4rg st\u00e5ltryck Upplaga 12.000 Formatet \u00e4r stort liggande, 187 *150. Cylindern har tv\u00e5 band med 4 ark vardera. Cyls 1 och 2 st\u00e5r i nedre v\u00e4nster &hellip; <a href=\"https:\/\/xn--hftessamlarna-bfb.se\/?page_id=4183\">Forts\u00e4tt l\u00e4sa <span class=\"meta-nav\">&rarr;<\/span><\/a><\/p>\n","protected":false},"author":1,"featured_media":0,"parent":3642,"menu_order":27,"comment_status":"open","ping_status":"closed","template":"","meta":{"footnotes":""},"class_list":["post-4183","page","type-page","status-publish","hentry"],"_links":{"self":[{"href":"https:\/\/xn--hftessamlarna-bfb.se\/index.php?rest_route=\/wp\/v2\/pages\/4183","targetHints":{"allow":["GET"]}}],"collection":[{"href":"https:\/\/xn--hftessamlarna-bfb.se\/index.php?rest_route=\/wp\/v2\/pages"}],"about":[{"href":"https:\/\/xn--hftessamlarna-bfb.se\/index.php?rest_route=\/wp\/v2\/types\/page"}],"author":[{"embeddable":true,"href":"https:\/\/xn--hftessamlarna-bfb.se\/index.php?rest_route=\/wp\/v2\/users\/1"}],"replies":[{"embeddable":true,"href":"https:\/\/xn--hftessamlarna-bfb.se\/index.php?rest_route=%2Fwp%2Fv2%2Fcomments&post=4183"}],"version-history":[{"count":0,"href":"https:\/\/xn--hftessamlarna-bfb.se\/index.php?rest_route=\/wp\/v2\/pages\/4183\/revisions"}],"up":[{"embeddable":true,"href":"https:\/\/xn--hftessamlarna-bfb.se\/index.php?rest_route=\/wp\/v2\/pages\/3642"}],"wp:attachment":[{"href":"https:\/\/xn--hftessamlarna-bfb.se\/index.php?rest_route=%2Fwp%2Fv2%2Fmedia&parent=4183"}],"curies":[{"name":"wp","href":"https:\/\/api.w.org\/{rel}","templated":true}]}}