{"id":3877,"date":"2013-11-21T15:47:26","date_gmt":"2013-11-21T13:47:26","guid":{"rendered":"http:\/\/xn--hftessamlarna-bfb.se\/?page_id=3877"},"modified":"2018-06-12T15:32:47","modified_gmt":"2018-06-12T14:32:47","slug":"ha25-fornnordisk-mytologi","status":"publish","type":"page","link":"https:\/\/xn--hftessamlarna-bfb.se\/?page_id=3877","title":{"rendered":"HA25 Fornnordisk mytologi"},"content":{"rendered":"<p>Utgivningsdag: 81-01-29<br \/>\nF1152 BB, F1153 BB, F1153 BB, F1153 BB samt 1154 BB<br \/>\n2 x 10 \u00f6re, 2 x 15 \u00f6re, 2 x 50 \u00f6re, 2 x 75 \u00f6re och 2 x 1kr, 5 motiv<br \/>\nSt\u00e5lgravyrtryck<br \/>\nUpplaga: ok\u00e4nd<br \/>\nOmslag: Ljust gulbrun kartong med r\u00f6tt tryck fr\u00e5n 10 klich\u00e9er<\/p>\n<h2>Typer<\/h2>\n<p><strong>A<\/strong> Omslag A: z = 10 mm<br \/>\nA1\u00a0\u00a0\u00a0\u00a0 Klich\u00e9typ 1~1<br \/>\nA2\u00a0\u00a0\u00a0\u00a0 Klich\u00e9typ 1~3<br \/>\nA3\u00a0\u00a0\u00a0\u00a0 Klich\u00e9typ 1~4<br \/>\nA4\u00a0\u00a0\u00a0\u00a0 Klich\u00e9typ 1~5<br \/>\nA5\u00a0\u00a0\u00a0\u00a0 Klich\u00e9typ 1~7<br \/>\nA6\u00a0\u00a0\u00a0\u00a0 Klich\u00e9typ 1~8<br \/>\nA7\u00a0\u00a0\u00a0\u00a0 Klich\u00b4typ 1~10<\/p>\n<p>B Omslag B. z = 18 mm.<\/p>\n<h2><b>Markeringar<\/b><\/h2>\n<p>1 fot<br \/>\n1fana<br \/>\n2<br \/>\nRT8<\/p>\n<h2><b>Kontrollnummer<\/b><\/h2>\n<p><a href=\"http:\/\/xn--hftessamlarna-bfb.se\/wp-content\/uploads\/HA25tabell.jpg\" rel=\"attachment wp-att-3878\"><img loading=\"lazy\" decoding=\"async\" class=\"alignleft wp-image-3878\" src=\"http:\/\/xn--hftessamlarna-bfb.se\/wp-content\/uploads\/HA25tabell.jpg\" alt=\"HA25tabell\" width=\"396\" height=\"416\" srcset=\"https:\/\/xn--hftessamlarna-bfb.se\/wp-content\/uploads\/HA25tabell.jpg 1375w, https:\/\/xn--hftessamlarna-bfb.se\/wp-content\/uploads\/HA25tabell-142x150.jpg 142w, https:\/\/xn--hftessamlarna-bfb.se\/wp-content\/uploads\/HA25tabell-285x300.jpg 285w, https:\/\/xn--hftessamlarna-bfb.se\/wp-content\/uploads\/HA25tabell-974x1024.jpg 974w\" sizes=\"auto, (max-width: 396px) 100vw, 396px\" \/><\/a><\/p>\n<h2>Bild p\u00e5 varianter<\/h2>\n<div id=\"attachment_5653\" style=\"width: 310px\" class=\"wp-caption alignnone\"><a href=\"http:\/\/xn--hftessamlarna-bfb.se\/wp-content\/uploads\/HA25-sf-z-1981.jpg\"><img loading=\"lazy\" decoding=\"async\" aria-describedby=\"caption-attachment-5653\" class=\"size-medium wp-image-5653\" src=\"http:\/\/xn--hftessamlarna-bfb.se\/wp-content\/uploads\/HA25-sf-z-1981-300x294.jpg\" alt=\"\" width=\"300\" height=\"294\" srcset=\"https:\/\/xn--hftessamlarna-bfb.se\/wp-content\/uploads\/HA25-sf-z-1981-300x294.jpg 300w, https:\/\/xn--hftessamlarna-bfb.se\/wp-content\/uploads\/HA25-sf-z-1981-150x147.jpg 150w, https:\/\/xn--hftessamlarna-bfb.se\/wp-content\/uploads\/HA25-sf-z-1981-768x752.jpg 768w, https:\/\/xn--hftessamlarna-bfb.se\/wp-content\/uploads\/HA25-sf-z-1981-306x300.jpg 306w, https:\/\/xn--hftessamlarna-bfb.se\/wp-content\/uploads\/HA25-sf-z-1981.jpg 980w\" sizes=\"auto, (max-width: 300px) 100vw, 300px\" \/><\/a><p id=\"caption-attachment-5653\" class=\"wp-caption-text\">Svart &#8221;ring&#8221; p\u00e5 h\u00f6gra 15 \u00f6res m\u00e4rket<\/p><\/div>\n<h2>Klich\u00e9k\u00e4nnetecken<\/h2>\n<p><strong>Ytterklich\u00e9er<\/strong><br \/>\n<strong>1<\/strong><br \/>\n<strong>a<\/strong> punkt under v\u00e4nstra mellanrummet i \u201dm\u201d i som sid IV rad 2.<br \/>\n<strong>b<\/strong> punkt t h om mitten p\u00e5 h\u00f6gra runan i \u00f6versta runraden.<br \/>\n<strong>2<\/strong><br \/>\n<strong>a<\/strong> punkt \u00f6verst t v om v\u00e4nstra ramen.<br \/>\n<strong>b<\/strong> tydlig punkt under \u201dte\u201d i brakteaten sid I \u00f6versta raden.<br \/>\n<strong>3<\/strong> tydlig punkt \u00f6ver \u201dar\u201d i v\u00e4rldar sid IV rad 1.<br \/>\n<strong>4<\/strong> tydlig punkt under \u201du\u201d i ljuder sid IV rad 1.<br \/>\n<strong>5<\/strong><br \/>\n<strong>a<\/strong> tydlig punkt ovanf\u00f6r \u201dv&#8221; i vars sid IV rad 1.<br \/>\n<strong>b<\/strong> tydlig punkt t v om \u201db\u201d sid I rad 7.<br \/>\n<strong>6<\/strong> tydlig punkt under \u201dv\u201d i vikingatida sid IV rad 1.<br \/>\n<strong>7<\/strong><br \/>\n<strong>a<\/strong> tv\u00e5 tydliga punkter ovanf\u00f6r ramen ovanf\u00f6r runraden Sid I rad 1-<br \/>\n<strong>b<\/strong> fl\u00e4ck under och t v om \u201du\u201d i ursinne sid IV rad 13.<br \/>\n<strong>8<\/strong> tydlig punkt 2 mm t h om bindestrecket i Vadstena &#8211; sid I rad 1.<br \/>\n<strong>9<\/strong><br \/>\n<strong>a<\/strong> tydlig punkt under bindestrecket i slutet av rad 7 sid IV.<br \/>\n<strong>b<\/strong> tydlig punkt ovanf\u00f6r pricken \u00f6ver \u201di\u201d Fornnordisk sid I.<br \/>\n<strong>10<\/strong> tydlig punkt 1,2 mm t h om sista \u201dn\u201d i runraden sid I rad 1.<\/p>\n<p><strong>Innerklich\u00e9er<\/strong><br \/>\n<strong>1<\/strong> punkt nedanf\u00f6r det nedersta snedstrecket p\u00e5 \u201dk\u201d i skarpa sid III rad 10.<br \/>\n<strong>2<\/strong> tydlig punkt t h nedanf\u00f6r roll sid III rad 3.<br \/>\n<strong>3<\/strong> tydlig punkt ovanf\u00f6r 2:a \u201dn\u201d i <span style=\"background-color: #ffffff;\">Utgivningsdag<\/span> sid II rad 1.<br \/>\n<strong>4<\/strong> tydlig punkt ovanf\u00f6r \u201de\u201d i \u00f6ver sist i rad 6 sid III.<br \/>\n<strong>5<\/strong> punkt \u00f6ver \u201dt\u201d i Utgivningsdag sid II rad 1.<br \/>\n<strong>6<\/strong><br \/>\n<strong>a<\/strong> punkt t h ovanf\u00f6r \u201dr\u201d i vaktar sid III rad 9<br \/>\n<strong>b<\/strong> tydlig punkt \u00f6ver \u201ds\u201d i forts. sid III l\u00e4ngst ned.<br \/>\n<strong>7<\/strong><br \/>\n<strong>a<\/strong> punkt under \u201dn\u201d i nordiska sid III rad 4.<br \/>\n<strong>b<\/strong> punkt nedanf\u00f6r t v om \u201d\u00f6\u201d i sk\u00f6nhet sid III rad 8.<br \/>\n<strong>8<\/strong> punkt t v ovanf\u00f6r \u201da\u201d i varit sid III rad 1.<br \/>\n<strong>9<\/strong> tydlig punkt ovanf\u00f6r prickarna p\u00e5 \u201d\u00e4\u201d i f\u00f6rf\u00e4der sid III rad 1.<br \/>\n<strong>10<\/strong> mellan tusen och \u00e5r sid III rad 1syns en stor tydlig fl\u00e4ck som best\u00e5r av en punkt\u00a0 och en fl\u00e4ck.<\/p>\n<h2>Artiklar<\/h2>\n<p><a href=\"http:\/\/xn--hftessamlarna-bfb.se\/wp-content\/uploads\/HA25-Gunnar-Struck.pdf\">HA25 Gunnar Struck<\/a><\/p>\n","protected":false},"excerpt":{"rendered":"<p>Utgivningsdag: 81-01-29 F1152 BB, F1153 BB, F1153 BB, F1153 BB samt 1154 BB 2 x 10 \u00f6re, 2 x 15 \u00f6re, 2 x 50 \u00f6re, 2 x 75 \u00f6re och 2 x 1kr, 5 motiv St\u00e5lgravyrtryck Upplaga: ok\u00e4nd Omslag: Ljust &hellip; <a href=\"https:\/\/xn--hftessamlarna-bfb.se\/?page_id=3877\">Forts\u00e4tt l\u00e4sa <span class=\"meta-nav\">&rarr;<\/span><\/a><\/p>\n","protected":false},"author":1,"featured_media":0,"parent":3707,"menu_order":25,"comment_status":"open","ping_status":"closed","template":"","meta":{"footnotes":""},"class_list":["post-3877","page","type-page","status-publish","hentry"],"_links":{"self":[{"href":"https:\/\/xn--hftessamlarna-bfb.se\/index.php?rest_route=\/wp\/v2\/pages\/3877","targetHints":{"allow":["GET"]}}],"collection":[{"href":"https:\/\/xn--hftessamlarna-bfb.se\/index.php?rest_route=\/wp\/v2\/pages"}],"about":[{"href":"https:\/\/xn--hftessamlarna-bfb.se\/index.php?rest_route=\/wp\/v2\/types\/page"}],"author":[{"embeddable":true,"href":"https:\/\/xn--hftessamlarna-bfb.se\/index.php?rest_route=\/wp\/v2\/users\/1"}],"replies":[{"embeddable":true,"href":"https:\/\/xn--hftessamlarna-bfb.se\/index.php?rest_route=%2Fwp%2Fv2%2Fcomments&post=3877"}],"version-history":[{"count":0,"href":"https:\/\/xn--hftessamlarna-bfb.se\/index.php?rest_route=\/wp\/v2\/pages\/3877\/revisions"}],"up":[{"embeddable":true,"href":"https:\/\/xn--hftessamlarna-bfb.se\/index.php?rest_route=\/wp\/v2\/pages\/3707"}],"wp:attachment":[{"href":"https:\/\/xn--hftessamlarna-bfb.se\/index.php?rest_route=%2Fwp%2Fv2%2Fmedia&parent=3877"}],"curies":[{"name":"wp","href":"https:\/\/api.w.org\/{rel}","templated":true}]}}