{"id":3832,"date":"2013-11-17T16:40:11","date_gmt":"2013-11-17T14:40:11","guid":{"rendered":"http:\/\/xn--hftessamlarna-bfb.se\/?page_id=3832"},"modified":"2023-05-12T09:28:46","modified_gmt":"2023-05-12T08:28:46","slug":"sh71-kakelugnar","status":"publish","type":"page","link":"https:\/\/xn--hftessamlarna-bfb.se\/?page_id=3832","title":{"rendered":"SH71 Kakelugnar"},"content":{"rendered":"<p><a href=\"http:\/\/xn--hftessamlarna-bfb.se\/?attachment_id=3834\" rel=\"attachment wp-att-3834\"><img loading=\"lazy\" decoding=\"async\" class=\"alignleft size-full wp-image-3834\" src=\"http:\/\/xn--hftessamlarna-bfb.se\/wp-content\/uploads\/SH71.jpg\" alt=\"SH71\" width=\"960\" height=\"773\" srcset=\"https:\/\/xn--hftessamlarna-bfb.se\/wp-content\/uploads\/SH71.jpg 960w, https:\/\/xn--hftessamlarna-bfb.se\/wp-content\/uploads\/SH71-150x120.jpg 150w, https:\/\/xn--hftessamlarna-bfb.se\/wp-content\/uploads\/SH71-300x241.jpg 300w, https:\/\/xn--hftessamlarna-bfb.se\/wp-content\/uploads\/SH71-372x300.jpg 372w\" sizes=\"auto, (max-width: 960px) 100vw, 960px\" \/><\/a><\/p>\n<p>Utgivningsdag 2013-11-14<br \/>\n5 x 12 kr, 5 motiv<br \/>\nFrim\u00e4rkena \u00e4r tryckta i 4-f\u00e4rgs offset plus 1 f\u00e4rg st\u00e5ltryck (G5) och baksidan i 1 f\u00e4rg UV-offset (G8)<br \/>\n10 * 2 band<\/p>\n<p><strong>Ny indelning december 2018<\/strong><\/p>\n<h2>Typer<\/h2>\n<p>SH71 har 31 punkters vikperforering (perf 10)<\/p>\n<p><strong>A1<\/strong>\u00a0 slagen fr\u00e5n <strong>frim\u00e4rkssidan<br \/>\nA2<\/strong>\u00a0 slagen fr\u00e5n <strong>omslagssidan<br \/>\n<a href=\"https:\/\/xn--hftessamlarna-bfb.se\/wp-content\/uploads\/SH-0071-A1A2-2013.jpg\"><img loading=\"lazy\" decoding=\"async\" class=\"alignnone size-medium wp-image-7056\" src=\"https:\/\/xn--hftessamlarna-bfb.se\/wp-content\/uploads\/SH-0071-A1A2-2013-300x140.jpg\" alt=\"\" width=\"300\" height=\"140\" srcset=\"https:\/\/xn--hftessamlarna-bfb.se\/wp-content\/uploads\/SH-0071-A1A2-2013-300x140.jpg 300w, https:\/\/xn--hftessamlarna-bfb.se\/wp-content\/uploads\/SH-0071-A1A2-2013-1024x478.jpg 1024w, https:\/\/xn--hftessamlarna-bfb.se\/wp-content\/uploads\/SH-0071-A1A2-2013-150x70.jpg 150w, https:\/\/xn--hftessamlarna-bfb.se\/wp-content\/uploads\/SH-0071-A1A2-2013-768x359.jpg 768w, https:\/\/xn--hftessamlarna-bfb.se\/wp-content\/uploads\/SH-0071-A1A2-2013-500x234.jpg 500w, https:\/\/xn--hftessamlarna-bfb.se\/wp-content\/uploads\/SH-0071-A1A2-2013.jpg 1488w\" sizes=\"auto, (max-width: 300px) 100vw, 300px\" \/><\/a><br \/>\n<\/strong><\/p>\n<h2>Markeringar<\/h2>\n<p>centralt regm<br \/>\nFM<br \/>\ncyls 1<br \/>\ncyls 2<br \/>\nkn<\/p>\n<h2>K\u00e4nda kombinationer<\/h2>\n<p><a href=\"http:\/\/xn--hftessamlarna-bfb.se\/wp-content\/uploads\/SH71tabell.jpg\"><img loading=\"lazy\" decoding=\"async\" class=\"alignnone size-large wp-image-5879\" src=\"http:\/\/xn--hftessamlarna-bfb.se\/wp-content\/uploads\/SH71tabell-1024x371.jpg\" alt=\"\" width=\"584\" height=\"212\" srcset=\"https:\/\/xn--hftessamlarna-bfb.se\/wp-content\/uploads\/SH71tabell-1024x371.jpg 1024w, https:\/\/xn--hftessamlarna-bfb.se\/wp-content\/uploads\/SH71tabell-150x54.jpg 150w, https:\/\/xn--hftessamlarna-bfb.se\/wp-content\/uploads\/SH71tabell-300x109.jpg 300w, https:\/\/xn--hftessamlarna-bfb.se\/wp-content\/uploads\/SH71tabell-768x278.jpg 768w, https:\/\/xn--hftessamlarna-bfb.se\/wp-content\/uploads\/SH71tabell-500x181.jpg 500w, https:\/\/xn--hftessamlarna-bfb.se\/wp-content\/uploads\/SH71tabell.jpg 1887w\" sizes=\"auto, (max-width: 584px) 100vw, 584px\" \/><\/a><\/p>\n<h2>Tryckbana<\/h2>\n<p>H\u00e4r kan man se hur h\u00e4ftena kommer i tryckpressen. Bilden har vi f\u00e5tt fr\u00e5n frim\u00e4rkstryckeriet och \u00e4r \u201dsuddig\u201d av s\u00e4kerhetssk\u00e4l. Man ser markeringarnas placering. Klicka p\u00e5 bilden s\u00e5 blir den st\u00f6rre.<\/p>\n<p><a href=\"http:\/\/xn--hftessamlarna-bfb.se\/?attachment_id=3833\" rel=\"attachment wp-att-3833\"><img loading=\"lazy\" decoding=\"async\" class=\"alignleft size-full wp-image-3833\" src=\"http:\/\/xn--hftessamlarna-bfb.se\/wp-content\/uploads\/SH71ark.jpg\" alt=\"SH71ark\" width=\"1918\" height=\"1005\" srcset=\"https:\/\/xn--hftessamlarna-bfb.se\/wp-content\/uploads\/SH71ark.jpg 1918w, https:\/\/xn--hftessamlarna-bfb.se\/wp-content\/uploads\/SH71ark-150x78.jpg 150w, https:\/\/xn--hftessamlarna-bfb.se\/wp-content\/uploads\/SH71ark-300x157.jpg 300w, https:\/\/xn--hftessamlarna-bfb.se\/wp-content\/uploads\/SH71ark-1024x536.jpg 1024w, https:\/\/xn--hftessamlarna-bfb.se\/wp-content\/uploads\/SH71ark-500x261.jpg 500w\" sizes=\"auto, (max-width: 1918px) 100vw, 1918px\" \/><\/a><\/p>\n<h2>Fakta om frim\u00e4rkena<\/h2>\n<p>F\u00f6ljande kakelugnar avbildas p\u00e5 frim\u00e4rkena i h\u00e4ftet (uppifr\u00e5n och ner):<\/p>\n<ul>\n<li>Kr\u00f6n (\u00f6verstycke) av kakelugn tillverkad i slutet av 1700-talet p\u00e5 R\u00f6rstrands porslinsfabrik. Ugnen finns p\u00e5 H\u00f6kar\u00e4ngens g\u00e5rd i s\u00f6dra delen av Stockholm.<\/li>\n<li>Kakelugn fr\u00e5n sent 1700-tal p\u00e5 Sturehovs slott, bel\u00e4get vid M\u00e4laren n\u00e5gra mil sydv\u00e4st om Stockholm. Denna ugn \u00e4r tillverkad av Mariebergs porslinsfabrik, som i konkurrens med R\u00f6rstrand gjorde de mest exklusiva kakelugnarna i Sverige<br \/>\nvid denna tid.<\/li>\n<li>Gr\u00f6n kakelugn tillverkad i slutet av 1800-talet p\u00e5 \u00c5kerlindska kakelfabriken.<\/li>\n<li>Rund, vitglaserad kakelugn fr\u00e5n sent 1800-tal. Modellen producerades av flera olika svenska f\u00f6retag.<\/li>\n<li>Mariebergskakelugn med ugnslucka i n\u00e4rbild. Kakelugnen finns p\u00e5 Sturehovs slott.<\/li>\n<\/ul>\n<p>Det tidiga 1700-talets kakelugn prydde sin plats i salongen eller kammaren, men kapaciteten att h\u00e5lla v\u00e4rmen var liten och br\u00e4nsle\u00e5tg\u00e5ngen stor.<\/p>\n<p>Uppv\u00e4rmning av bost\u00e4der med ved bidrog till att denna energik\u00e4lla sinade, och i mitten av seklet best\u00e4mde staten att p\u00e5skynda utvecklingen av en mer effektiv eldstad f\u00f6r hush\u00e5llen.<br \/>\nFlera experiment gjordes med nya konstruktioner, och 1767 presenterade Fabian Wrede och Carl Johan Cronstedt en lyckad l\u00f6sning f\u00f6r kakelugnar. Eldstaden var mindre och inuti fanns ett system av r\u00f6kkanaler somlagrade v\u00e4rmen mer effektivt.<\/p>\n<p>Flertalet kakelugnar vid denna tid tillverkades av hantverkare och kakelugnsmakare. Det fanns ett f\u00e5tal fabriker i landet, med marknadsledande Marieberg och R\u00f6rstrand vilka erbj\u00f6d kunderna mycket p\u00e5kostade produkter. F\u00f6r vanligt folk fanns alternativ i form av gr\u00f6na glaserade kakelugnar, vilka s\u00e5 sm\u00e5ningom ersattes av vita.<\/p>\n<p>L\u00e4s mer p\u00e5 <a href=\"https:\/\/sv.wikipedia.org\/wiki\/Kakelugn\" target=\"_blank\" rel=\"noopener\">Wikipedia<\/a><\/p>\n","protected":false},"excerpt":{"rendered":"<p>Utgivningsdag 2013-11-14 5 x 12 kr, 5 motiv Frim\u00e4rkena \u00e4r tryckta i 4-f\u00e4rgs offset plus 1 f\u00e4rg st\u00e5ltryck (G5) och baksidan i 1 f\u00e4rg UV-offset (G8) 10 * 2 band Ny indelning december 2018 Typer SH71 har 31 punkters vikperforering &hellip; <a href=\"https:\/\/xn--hftessamlarna-bfb.se\/?page_id=3832\">Forts\u00e4tt l\u00e4sa <span class=\"meta-nav\">&rarr;<\/span><\/a><\/p>\n","protected":false},"author":1,"featured_media":0,"parent":307,"menu_order":71,"comment_status":"open","ping_status":"closed","template":"","meta":{"footnotes":""},"class_list":["post-3832","page","type-page","status-publish","hentry"],"_links":{"self":[{"href":"https:\/\/xn--hftessamlarna-bfb.se\/index.php?rest_route=\/wp\/v2\/pages\/3832","targetHints":{"allow":["GET"]}}],"collection":[{"href":"https:\/\/xn--hftessamlarna-bfb.se\/index.php?rest_route=\/wp\/v2\/pages"}],"about":[{"href":"https:\/\/xn--hftessamlarna-bfb.se\/index.php?rest_route=\/wp\/v2\/types\/page"}],"author":[{"embeddable":true,"href":"https:\/\/xn--hftessamlarna-bfb.se\/index.php?rest_route=\/wp\/v2\/users\/1"}],"replies":[{"embeddable":true,"href":"https:\/\/xn--hftessamlarna-bfb.se\/index.php?rest_route=%2Fwp%2Fv2%2Fcomments&post=3832"}],"version-history":[{"count":0,"href":"https:\/\/xn--hftessamlarna-bfb.se\/index.php?rest_route=\/wp\/v2\/pages\/3832\/revisions"}],"up":[{"embeddable":true,"href":"https:\/\/xn--hftessamlarna-bfb.se\/index.php?rest_route=\/wp\/v2\/pages\/307"}],"wp:attachment":[{"href":"https:\/\/xn--hftessamlarna-bfb.se\/index.php?rest_route=%2Fwp%2Fv2%2Fmedia&parent=3832"}],"curies":[{"name":"wp","href":"https:\/\/api.w.org\/{rel}","templated":true}]}}