{"id":3714,"date":"2013-09-04T12:52:27","date_gmt":"2013-09-04T10:52:27","guid":{"rendered":"http:\/\/xn--hftessamlarna-bfb.se\/?page_id=3714"},"modified":"2024-04-24T08:12:09","modified_gmt":"2024-04-24T07:12:09","slug":"ha2-2","status":"publish","type":"page","link":"https:\/\/xn--hftessamlarna-bfb.se\/?page_id=3714","title":{"rendered":"HA3"},"content":{"rendered":"<p><img loading=\"lazy\" decoding=\"async\" class=\"alignnone wp-image-6151 size-large\" src=\"https:\/\/xn--hftessamlarna-bfb.se\/wp-content\/uploads\/HA-03-Header-1954-907x1024.jpg\" alt=\"\" width=\"584\" height=\"659\" srcset=\"https:\/\/xn--hftessamlarna-bfb.se\/wp-content\/uploads\/HA-03-Header-1954-907x1024.jpg 907w, https:\/\/xn--hftessamlarna-bfb.se\/wp-content\/uploads\/HA-03-Header-1954-266x300.jpg 266w, https:\/\/xn--hftessamlarna-bfb.se\/wp-content\/uploads\/HA-03-Header-1954-133x150.jpg 133w, https:\/\/xn--hftessamlarna-bfb.se\/wp-content\/uploads\/HA-03-Header-1954-768x867.jpg 768w, https:\/\/xn--hftessamlarna-bfb.se\/wp-content\/uploads\/HA-03-Header-1954-1360x1536.jpg 1360w, https:\/\/xn--hftessamlarna-bfb.se\/wp-content\/uploads\/HA-03-Header-1954-1814x2048.jpg 1814w\" sizes=\"auto, (max-width: 584px) 100vw, 584px\" \/><\/p>\n<p>Utgivningsdag 1954-04-12<br \/>\nF406 BB+DD2 eller DD1 + BB<br \/>\n4 \u00d7 25 \u00f6re. 1 motiv.<br \/>\nSt\u00e5lgravyrtryck<br \/>\nUpplaga 2,47 miljoner h\u00e4ften<br \/>\nOmslag: vit kartong med gult upprepat tryck. 9 punkters streckperforering<\/p>\n<h2>Markeringar<\/h2>\n<table class=\"alignleft\" border=\"2\" cellspacing=\"2\" cellpadding=\"2\" align=\"center\">\n<tbody>\n<tr>\n<td style=\"border: 1px solid #000000;\">Serie 1<\/td>\n<td style=\"border: 1px solid #000000;\">Serie 2<\/td>\n<td style=\"border: 1px solid #000000;\"><\/td>\n<\/tr>\n<tr>\n<td style=\"border: 1px solid #000000;\">R\u00e4ttv\u00e4nt<\/td>\n<td style=\"border: 1px solid #000000;\">R\u00e4ttv\u00e4nt<\/td>\n<td style=\"border: 1px solid #000000;\"><\/td>\n<\/tr>\n<tr>\n<td style=\"border: 1px solid #000000;\">1h<\/td>\n<td style=\"border: 1px solid #000000;\">1h<\/td>\n<td style=\"border: 1px solid #000000;\"><\/td>\n<\/tr>\n<tr>\n<td style=\"border: 1px solid #000000;\">1v<\/td>\n<td style=\"border: 1px solid #000000;\">1v<\/td>\n<td style=\"border: 1px solid #000000;\"><\/td>\n<\/tr>\n<tr>\n<td style=\"border: 1px solid #000000;\">2<\/td>\n<td style=\"border: 1px solid #000000;\">2<\/td>\n<td style=\"border: 1px solid #000000;\"><\/td>\n<\/tr>\n<tr>\n<td style=\"border: 1px solid #000000;\">Omv\u00e4nt<\/td>\n<td style=\"border: 1px solid #000000;\">Omv\u00e4nt<\/td>\n<td style=\"border: 1px solid #000000;\"><\/td>\n<\/tr>\n<tr>\n<td style=\"border: 1px solid #000000;\">1h<\/td>\n<td style=\"border: 1px solid #000000;\">1h<\/td>\n<td style=\"border: 1px solid #000000;\"><\/td>\n<\/tr>\n<tr>\n<td style=\"border: 1px solid #000000;\">1v<\/td>\n<td style=\"border: 1px solid #000000;\">1v<\/td>\n<td style=\"border: 1px solid #000000;\"><\/td>\n<\/tr>\n<tr>\n<td style=\"border: 1px solid #000000;\">2<\/td>\n<td style=\"border: 1px solid #000000;\">2<\/td>\n<td style=\"border: 1px solid #000000;\"><\/td>\n<\/tr>\n<tr>\n<td style=\"border: 1px solid #000000;\">kn antikva helt<\/td>\n<td style=\"border: 1px solid #000000;\">kn blockstil helt<\/td>\n<td style=\"border: 1px solid #000000;\"><\/td>\n<\/tr>\n<\/tbody>\n<\/table>\n<h2>Artiklar<\/h2>\n<p><a href=\"http:\/\/xn--hftessamlarna-bfb.se\/wp-content\/uploads\/HA3-Gunnar-Struck.pdf\">HA3 Gunnar Struck<\/a><\/p>\n","protected":false},"excerpt":{"rendered":"<p>Utgivningsdag 1954-04-12 F406 BB+DD2 eller DD1 + BB 4 \u00d7 25 \u00f6re. 1 motiv. St\u00e5lgravyrtryck Upplaga 2,47 miljoner h\u00e4ften Omslag: vit kartong med gult upprepat tryck. 9 punkters streckperforering Markeringar Serie 1 Serie 2 R\u00e4ttv\u00e4nt R\u00e4ttv\u00e4nt 1h 1h 1v 1v &hellip; <a href=\"https:\/\/xn--hftessamlarna-bfb.se\/?page_id=3714\">Forts\u00e4tt l\u00e4sa <span class=\"meta-nav\">&rarr;<\/span><\/a><\/p>\n","protected":false},"author":1,"featured_media":0,"parent":3707,"menu_order":3,"comment_status":"open","ping_status":"closed","template":"","meta":{"footnotes":""},"class_list":["post-3714","page","type-page","status-publish","hentry"],"_links":{"self":[{"href":"https:\/\/xn--hftessamlarna-bfb.se\/index.php?rest_route=\/wp\/v2\/pages\/3714","targetHints":{"allow":["GET"]}}],"collection":[{"href":"https:\/\/xn--hftessamlarna-bfb.se\/index.php?rest_route=\/wp\/v2\/pages"}],"about":[{"href":"https:\/\/xn--hftessamlarna-bfb.se\/index.php?rest_route=\/wp\/v2\/types\/page"}],"author":[{"embeddable":true,"href":"https:\/\/xn--hftessamlarna-bfb.se\/index.php?rest_route=\/wp\/v2\/users\/1"}],"replies":[{"embeddable":true,"href":"https:\/\/xn--hftessamlarna-bfb.se\/index.php?rest_route=%2Fwp%2Fv2%2Fcomments&post=3714"}],"version-history":[{"count":0,"href":"https:\/\/xn--hftessamlarna-bfb.se\/index.php?rest_route=\/wp\/v2\/pages\/3714\/revisions"}],"up":[{"embeddable":true,"href":"https:\/\/xn--hftessamlarna-bfb.se\/index.php?rest_route=\/wp\/v2\/pages\/3707"}],"wp:attachment":[{"href":"https:\/\/xn--hftessamlarna-bfb.se\/index.php?rest_route=%2Fwp%2Fv2%2Fmedia&parent=3714"}],"curies":[{"name":"wp","href":"https:\/\/api.w.org\/{rel}","templated":true}]}}