{"id":3710,"date":"2013-08-21T11:49:14","date_gmt":"2013-08-21T09:49:14","guid":{"rendered":"http:\/\/xn--hftessamlarna-bfb.se\/?page_id=3710"},"modified":"2021-09-12T13:54:45","modified_gmt":"2021-09-12T12:54:45","slug":"ha2","status":"publish","type":"page","link":"https:\/\/xn--hftessamlarna-bfb.se\/?page_id=3710","title":{"rendered":"HA2"},"content":{"rendered":"<p><img loading=\"lazy\" decoding=\"async\" class=\"alignnone wp-image-6150 size-large\" src=\"https:\/\/xn--hftessamlarna-bfb.se\/wp-content\/uploads\/HA-02-Header-1954-907x1024.jpg\" alt=\"\" width=\"584\" height=\"659\" srcset=\"https:\/\/xn--hftessamlarna-bfb.se\/wp-content\/uploads\/HA-02-Header-1954-907x1024.jpg 907w, https:\/\/xn--hftessamlarna-bfb.se\/wp-content\/uploads\/HA-02-Header-1954-266x300.jpg 266w, https:\/\/xn--hftessamlarna-bfb.se\/wp-content\/uploads\/HA-02-Header-1954-133x150.jpg 133w, https:\/\/xn--hftessamlarna-bfb.se\/wp-content\/uploads\/HA-02-Header-1954-768x867.jpg 768w, https:\/\/xn--hftessamlarna-bfb.se\/wp-content\/uploads\/HA-02-Header-1954-1360x1536.jpg 1360w, https:\/\/xn--hftessamlarna-bfb.se\/wp-content\/uploads\/HA-02-Header-1954-1814x2048.jpg 1814w\" sizes=\"auto, (max-width: 584px) 100vw, 584px\" \/><\/p>\n<p>Utgivningsdag: 1954-04-12<br \/>\nF 400 BB\u00a0 Nyans:<br \/>\n10 \u00d7 10 \u00f6re. 1 motiv.<br \/>\nTryckt med st\u00e5lgravyrtryck<br \/>\nUpplaga 1,34 miljoner h\u00e4ften<br \/>\nOmslag: Vit kartong med brunt upprepat tryck<\/p>\n<h2>Typer<\/h2>\n<p>Inlagan \u00e4r tryckt i tv\u00e5 olika nyanser:<br \/>\n<strong>a<\/strong> svartaktigt brun<br \/>\n<strong>b<\/strong> svartbrun<\/p>\n<p>Fem olika cylindrar har anv\u00e4nds<\/p>\n<p><strong>HA2A1\u00a0<\/strong> Cylinder I grund pr\u00e4gling, nyans a, omslagstryck r\u00f6daktigt brunt<br \/>\n<strong>HA2A2\u00a0<\/strong> Cylinder I f\u00f6rdjupad pr\u00e4gling,nyans a, omslagstryck r\u00f6daktigt brunt<br \/>\n<strong>HA2B\u00a0\u00a0\u00a0<\/strong> Cylinder II nyans a, omslagstryck r\u00f6dbrunt<br \/>\n<strong>HA2C\u00a0\u00a0\u00a0<\/strong> Cylinder III nyans a, omslagstryck r\u00f6daktigt brunt<br \/>\n<strong>HA2D\u00a0\u00a0\u00a0<\/strong> Cylinder IV nyans a, omslagstryck r\u00f6dbrunt<br \/>\n<strong>HA2E\u00a0\u00a0\u00a0<\/strong> Cylinder V nyans b, omslagstryck gulbrunt<\/p>\n<div id=\"attachment_4532\" style=\"width: 1710px\" class=\"wp-caption alignleft\"><a href=\"http:\/\/xn--hftessamlarna-bfb.se\/wp-content\/uploads\/HA02ritsar.jpg\"><img loading=\"lazy\" decoding=\"async\" aria-describedby=\"caption-attachment-4532\" class=\"wp-image-4532 size-full\" src=\"http:\/\/xn--hftessamlarna-bfb.se\/wp-content\/uploads\/HA02ritsar.jpg\" alt=\"HA02ritsar\" width=\"1700\" height=\"1062\" srcset=\"https:\/\/xn--hftessamlarna-bfb.se\/wp-content\/uploads\/HA02ritsar.jpg 1700w, https:\/\/xn--hftessamlarna-bfb.se\/wp-content\/uploads\/HA02ritsar-150x93.jpg 150w, https:\/\/xn--hftessamlarna-bfb.se\/wp-content\/uploads\/HA02ritsar-300x187.jpg 300w, https:\/\/xn--hftessamlarna-bfb.se\/wp-content\/uploads\/HA02ritsar-1024x639.jpg 1024w, https:\/\/xn--hftessamlarna-bfb.se\/wp-content\/uploads\/HA02ritsar-480x300.jpg 480w\" sizes=\"auto, (max-width: 1700px) 100vw, 1700px\" \/><\/a><p id=\"caption-attachment-4532\" class=\"wp-caption-text\">ritsarnas placering kan i viss m\u00e5n anv\u00e4ndas f\u00f6r att best\u00e4mma cylinder &#8211; fr\u00e5n Svenska automath\u00e4ften &#8211; Lennart Lagerstr\u00f6m<\/p><\/div>\n<h2>Markeringar<\/h2>\n<p>R\u00e4ttv\u00e4nt\u00a0(ej HA2E)<br \/>\ncyls 1h<br \/>\ncyls 1v<br \/>\ncyls 2<br \/>\nOmv\u00e4nt<br \/>\ncyls 1h<br \/>\ncyls 1v<br \/>\ncyls 2<br \/>\nkn helt blockstil\u00a0 utom HA2C som \u00e4r delat (0,5\/4,5)<br \/>\nHA2E serie 1 har helt men beskuret kn.<br \/>\nHA2D har krumeluren XZ\u00a0 som finns i inh\u00e4ftningsremsan i omv\u00e4nda h\u00e4ften b\u00e5de under h\u00f6gra m\u00e4rket\u00a0 och under v\u00e4nstra m\u00e4rket och \u00e4r s\u00e4llsynt.<\/p>\n<h2>Artiklar<\/h2>\n<p><a href=\"http:\/\/xn--hftessamlarna-bfb.se\/wp-content\/uploads\/HA2-Gunnar-Struck.pdf\">HA2 Gunnar Struck<\/a><\/p>\n","protected":false},"excerpt":{"rendered":"<p>Utgivningsdag: 1954-04-12 F 400 BB\u00a0 Nyans: 10 \u00d7 10 \u00f6re. 1 motiv. Tryckt med st\u00e5lgravyrtryck Upplaga 1,34 miljoner h\u00e4ften Omslag: Vit kartong med brunt upprepat tryck Typer Inlagan \u00e4r tryckt i tv\u00e5 olika nyanser: a svartaktigt brun b svartbrun Fem &hellip; <a href=\"https:\/\/xn--hftessamlarna-bfb.se\/?page_id=3710\">Forts\u00e4tt l\u00e4sa <span class=\"meta-nav\">&rarr;<\/span><\/a><\/p>\n","protected":false},"author":1,"featured_media":0,"parent":3707,"menu_order":2,"comment_status":"open","ping_status":"closed","template":"","meta":{"footnotes":""},"class_list":["post-3710","page","type-page","status-publish","hentry"],"_links":{"self":[{"href":"https:\/\/xn--hftessamlarna-bfb.se\/index.php?rest_route=\/wp\/v2\/pages\/3710","targetHints":{"allow":["GET"]}}],"collection":[{"href":"https:\/\/xn--hftessamlarna-bfb.se\/index.php?rest_route=\/wp\/v2\/pages"}],"about":[{"href":"https:\/\/xn--hftessamlarna-bfb.se\/index.php?rest_route=\/wp\/v2\/types\/page"}],"author":[{"embeddable":true,"href":"https:\/\/xn--hftessamlarna-bfb.se\/index.php?rest_route=\/wp\/v2\/users\/1"}],"replies":[{"embeddable":true,"href":"https:\/\/xn--hftessamlarna-bfb.se\/index.php?rest_route=%2Fwp%2Fv2%2Fcomments&post=3710"}],"version-history":[{"count":0,"href":"https:\/\/xn--hftessamlarna-bfb.se\/index.php?rest_route=\/wp\/v2\/pages\/3710\/revisions"}],"up":[{"embeddable":true,"href":"https:\/\/xn--hftessamlarna-bfb.se\/index.php?rest_route=\/wp\/v2\/pages\/3707"}],"wp:attachment":[{"href":"https:\/\/xn--hftessamlarna-bfb.se\/index.php?rest_route=%2Fwp%2Fv2%2Fmedia&parent=3710"}],"curies":[{"name":"wp","href":"https:\/\/api.w.org\/{rel}","templated":true}]}}