{"id":3707,"date":"2013-08-21T11:24:46","date_gmt":"2013-08-21T09:24:46","guid":{"rendered":"http:\/\/xn--hftessamlarna-bfb.se\/?page_id=3707"},"modified":"2014-01-26T15:38:08","modified_gmt":"2014-01-26T14:38:08","slug":"automathaften","status":"publish","type":"page","link":"https:\/\/xn--hftessamlarna-bfb.se\/?page_id=3707","title":{"rendered":"Automath\u00e4ften HA1 &#8211; HA26"},"content":{"rendered":"<p><a title=\"HA1\" href=\"http:\/\/xn--hftessamlarna-bfb.se\/?page_id=3708\">HA1<br \/>\n<\/a><a title=\"HA2\" href=\"http:\/\/xn--hftessamlarna-bfb.se\/?page_id=3710\">HA2<br \/>\n<\/a><a title=\"HA3\" href=\"http:\/\/xn--hftessamlarna-bfb.se\/?page_id=3714\">HA3<\/a><br \/>\n<a title=\"HA4\" href=\"http:\/\/xn--hftessamlarna-bfb.se\/?page_id=3715\">HA4<\/a><br \/>\n<a title=\"HA5\" href=\"http:\/\/xn--hftessamlarna-bfb.se\/?page_id=3716\">HA5<\/a><br \/>\n<a title=\"HA6\" href=\"http:\/\/xn--hftessamlarna-bfb.se\/?page_id=3717\">HA6<\/a><br \/>\n<a title=\"HA7\" href=\"http:\/\/xn--hftessamlarna-bfb.se\/?page_id=3718\">HA7<\/a><br \/>\n<a title=\"HA8\" href=\"http:\/\/xn--hftessamlarna-bfb.se\/?page_id=3719\">HA8<\/a><br \/>\n<a title=\"HA9\" href=\"http:\/\/xn--hftessamlarna-bfb.se\/?page_id=3738\">HA9<\/a><br \/>\n<a title=\"HA10\" href=\"http:\/\/xn--hftessamlarna-bfb.se\/?page_id=3739\">HA10<\/a><br \/>\n<a title=\"HA11\" href=\"http:\/\/xn--hftessamlarna-bfb.se\/?page_id=3740\">HA11<\/a><br \/>\n<a title=\"HA12\" href=\"http:\/\/xn--hftessamlarna-bfb.se\/?page_id=3741\">HA12<\/a><br \/>\n<a title=\"HA13\" href=\"http:\/\/xn--hftessamlarna-bfb.se\/?page_id=3745\">HA13<\/a><br \/>\n<a title=\"HA14\" href=\"http:\/\/xn--hftessamlarna-bfb.se\/?page_id=3763\">HA14<\/a><br \/>\n<a title=\"HA15\" href=\"http:\/\/xn--hftessamlarna-bfb.se\/?page_id=3764\">HA15<\/a><br \/>\n<a title=\"HA16\" href=\"http:\/\/xn--hftessamlarna-bfb.se\/?page_id=3848\">HA16<\/a><br \/>\n<a title=\"HA17 J\u00e4rn\u00e5lder, \u00d6land\" href=\"http:\/\/xn--hftessamlarna-bfb.se\/?page_id=3850\">HA17 J\u00e4rn\u00e5lder, \u00d6land<br \/>\n<\/a><a title=\"HA18 Tj\u00f6rnbroarna\" href=\"http:\/\/xn--hftessamlarna-bfb.se\/?page_id=3852\">HA18 Tj\u00f6rnbroarna<\/a><br \/>\n<a title=\"HA19 Svensk konstsmide\" href=\"http:\/\/xn--hftessamlarna-bfb.se\/?page_id=3855\">HA19 Svensk konstsmide<\/a><br \/>\n<a title=\"HA20 Gotl\u00e4ndska stenm\u00e4stare\" href=\"http:\/\/xn--hftessamlarna-bfb.se\/?page_id=3858\">HA20 Gotl\u00e4ndska stenm\u00e4stare<\/a><br \/>\n<a title=\"HA21 Postflyg\" href=\"http:\/\/xn--hftessamlarna-bfb.se\/?page_id=3860\">HA21 Postflyg<\/a><br \/>\n<a title=\"HA22 Skydda djuren\" href=\"http:\/\/xn--hftessamlarna-bfb.se\/?page_id=3870\">HA22 Skydda djuren<\/a><br \/>\n<a title=\"HA23 Vendeltid\" href=\"http:\/\/xn--hftessamlarna-bfb.se\/?page_id=3873\">HA23 Vendeltid<br \/>\n<\/a><a title=\"HA24 \u00c5nglok\" href=\"http:\/\/xn--hftessamlarna-bfb.se\/?page_id=3875\">HA24 \u00c5nglok<\/a><br \/>\n<a title=\"HA25 Fornnordisk mytologi\" href=\"http:\/\/xn--hftessamlarna-bfb.se\/?page_id=3877\">HA25 Fornnordisk mytologi<\/a><br \/>\n<a title=\"HA26 Gamla skyltar\" href=\"http:\/\/xn--hftessamlarna-bfb.se\/?page_id=3879\">HA26 Gamla skyltar<\/a><\/p>\n","protected":false},"excerpt":{"rendered":"<p>HA1 HA2 HA3 HA4 HA5 HA6 HA7 HA8 HA9 HA10 HA11 HA12 HA13 HA14 HA15 HA16 HA17 J\u00e4rn\u00e5lder, \u00d6land HA18 Tj\u00f6rnbroarna HA19 Svensk konstsmide HA20 Gotl\u00e4ndska stenm\u00e4stare HA21 Postflyg HA22 Skydda djuren HA23 Vendeltid HA24 \u00c5nglok HA25 Fornnordisk mytologi HA26 &hellip; <a href=\"https:\/\/xn--hftessamlarna-bfb.se\/?page_id=3707\">Forts\u00e4tt l\u00e4sa <span class=\"meta-nav\">&rarr;<\/span><\/a><\/p>\n","protected":false},"author":1,"featured_media":0,"parent":215,"menu_order":0,"comment_status":"closed","ping_status":"closed","template":"","meta":{"footnotes":""},"class_list":["post-3707","page","type-page","status-publish","hentry"],"_links":{"self":[{"href":"https:\/\/xn--hftessamlarna-bfb.se\/index.php?rest_route=\/wp\/v2\/pages\/3707","targetHints":{"allow":["GET"]}}],"collection":[{"href":"https:\/\/xn--hftessamlarna-bfb.se\/index.php?rest_route=\/wp\/v2\/pages"}],"about":[{"href":"https:\/\/xn--hftessamlarna-bfb.se\/index.php?rest_route=\/wp\/v2\/types\/page"}],"author":[{"embeddable":true,"href":"https:\/\/xn--hftessamlarna-bfb.se\/index.php?rest_route=\/wp\/v2\/users\/1"}],"replies":[{"embeddable":true,"href":"https:\/\/xn--hftessamlarna-bfb.se\/index.php?rest_route=%2Fwp%2Fv2%2Fcomments&post=3707"}],"version-history":[{"count":0,"href":"https:\/\/xn--hftessamlarna-bfb.se\/index.php?rest_route=\/wp\/v2\/pages\/3707\/revisions"}],"up":[{"embeddable":true,"href":"https:\/\/xn--hftessamlarna-bfb.se\/index.php?rest_route=\/wp\/v2\/pages\/215"}],"wp:attachment":[{"href":"https:\/\/xn--hftessamlarna-bfb.se\/index.php?rest_route=%2Fwp%2Fv2%2Fmedia&parent=3707"}],"curies":[{"name":"wp","href":"https:\/\/api.w.org\/{rel}","templated":true}]}}