{"id":347,"date":"2011-10-19T11:24:01","date_gmt":"2011-10-19T09:24:01","guid":{"rendered":"http:\/\/xn--hftessamlarna-bfb.se\/?page_id=347"},"modified":"2018-12-22T14:42:37","modified_gmt":"2018-12-22T13:42:37","slug":"sh5-froken-livradd-och-karleken","status":"publish","type":"page","link":"https:\/\/xn--hftessamlarna-bfb.se\/?page_id=347","title":{"rendered":"SH5 Fr\u00f6ken livr\u00e4dd och k\u00e4rleken"},"content":{"rendered":"<p><a href=\"http:\/\/xn--hftessamlarna-bfb.se\/?attachment_id=1949\" rel=\"attachment wp-att-1949\"><img loading=\"lazy\" decoding=\"async\" class=\"aligncenter size-full wp-image-1949\" title=\"SH5\" src=\"http:\/\/xn--hftessamlarna-bfb.se\/wp-content\/uploads\/SH5.jpg\" alt=\"\" width=\"960\" height=\"516\" srcset=\"https:\/\/xn--hftessamlarna-bfb.se\/wp-content\/uploads\/SH5.jpg 960w, https:\/\/xn--hftessamlarna-bfb.se\/wp-content\/uploads\/SH5-150x80.jpg 150w, https:\/\/xn--hftessamlarna-bfb.se\/wp-content\/uploads\/SH5-300x161.jpg 300w, https:\/\/xn--hftessamlarna-bfb.se\/wp-content\/uploads\/SH5-500x268.jpg 500w\" sizes=\"auto, (max-width: 960px) 100vw, 960px\" \/><\/a>Utgivningsdag 2002-01-24<br \/>\n6 x inrikes brev, 3 motiv<br \/>\nFrim\u00e4rkena \u00e4r tryckta i 4-f\u00e4rgsoffset<br \/>\n50 mm breda, 15 inlagor\/varv<\/p>\n<h2>Typer<\/h2>\n<p>H\u00e4ftet har 25 punkters vikperforering (perf 10) slagen fr\u00e5n frim\u00e4rkssidan.<\/p>\n<h2>Markeringar<\/h2>\n<p>HM mellan 3:e och 4:e m\u00e4rke finns utan kn<br \/>\ncyls 1 i nedre kant<br \/>\ncyls 2 fot\/slinga i nedre kant<br \/>\nhelt kn BS i nedre kant<\/p>\n<h2>K\u00e4nda kombinationer<\/h2>\n<p><a href=\"http:\/\/xn--hftessamlarna-bfb.se\/?attachment_id=4160\" rel=\"attachment wp-att-4160\"><img loading=\"lazy\" decoding=\"async\" class=\"alignleft size-full wp-image-4160\" src=\"http:\/\/xn--hftessamlarna-bfb.se\/wp-content\/uploads\/SH5tabell.jpg\" alt=\"SH5tabell\" width=\"1905\" height=\"698\" srcset=\"https:\/\/xn--hftessamlarna-bfb.se\/wp-content\/uploads\/SH5tabell.jpg 1905w, https:\/\/xn--hftessamlarna-bfb.se\/wp-content\/uploads\/SH5tabell-150x54.jpg 150w, https:\/\/xn--hftessamlarna-bfb.se\/wp-content\/uploads\/SH5tabell-300x109.jpg 300w, https:\/\/xn--hftessamlarna-bfb.se\/wp-content\/uploads\/SH5tabell-1024x375.jpg 1024w, https:\/\/xn--hftessamlarna-bfb.se\/wp-content\/uploads\/SH5tabell-500x183.jpg 500w\" sizes=\"auto, (max-width: 1905px) 100vw, 1905px\" \/><\/a><\/p>\n<p>Delade kn \u00e4r k\u00e4nda vid 15- och 84-tusen<\/p>\n<h2>\u00d6vrigt<\/h2>\n<p>Frim\u00e4rkena levererade ovikta fr\u00e5n tryckeriet<\/p>\n","protected":false},"excerpt":{"rendered":"<p>Utgivningsdag 2002-01-24 6 x inrikes brev, 3 motiv Frim\u00e4rkena \u00e4r tryckta i 4-f\u00e4rgsoffset 50 mm breda, 15 inlagor\/varv Typer H\u00e4ftet har 25 punkters vikperforering (perf 10) slagen fr\u00e5n frim\u00e4rkssidan. Markeringar HM mellan 3:e och 4:e m\u00e4rke finns utan kn cyls &hellip; <a href=\"https:\/\/xn--hftessamlarna-bfb.se\/?page_id=347\">Forts\u00e4tt l\u00e4sa <span class=\"meta-nav\">&rarr;<\/span><\/a><\/p>\n","protected":false},"author":1,"featured_media":0,"parent":307,"menu_order":5,"comment_status":"open","ping_status":"closed","template":"","meta":{"footnotes":""},"class_list":["post-347","page","type-page","status-publish","hentry"],"_links":{"self":[{"href":"https:\/\/xn--hftessamlarna-bfb.se\/index.php?rest_route=\/wp\/v2\/pages\/347","targetHints":{"allow":["GET"]}}],"collection":[{"href":"https:\/\/xn--hftessamlarna-bfb.se\/index.php?rest_route=\/wp\/v2\/pages"}],"about":[{"href":"https:\/\/xn--hftessamlarna-bfb.se\/index.php?rest_route=\/wp\/v2\/types\/page"}],"author":[{"embeddable":true,"href":"https:\/\/xn--hftessamlarna-bfb.se\/index.php?rest_route=\/wp\/v2\/users\/1"}],"replies":[{"embeddable":true,"href":"https:\/\/xn--hftessamlarna-bfb.se\/index.php?rest_route=%2Fwp%2Fv2%2Fcomments&post=347"}],"version-history":[{"count":0,"href":"https:\/\/xn--hftessamlarna-bfb.se\/index.php?rest_route=\/wp\/v2\/pages\/347\/revisions"}],"up":[{"embeddable":true,"href":"https:\/\/xn--hftessamlarna-bfb.se\/index.php?rest_route=\/wp\/v2\/pages\/307"}],"wp:attachment":[{"href":"https:\/\/xn--hftessamlarna-bfb.se\/index.php?rest_route=%2Fwp%2Fv2%2Fmedia&parent=347"}],"curies":[{"name":"wp","href":"https:\/\/api.w.org\/{rel}","templated":true}]}}