{"id":3467,"date":"2012-12-08T08:00:31","date_gmt":"2012-12-08T06:00:31","guid":{"rendered":"http:\/\/xn--hftessamlarna-bfb.se\/?page_id=3467"},"modified":"2017-04-03T11:27:46","modified_gmt":"2017-04-03T10:27:46","slug":"h64-carl-wilhelm-scheele","status":"publish","type":"page","link":"https:\/\/xn--hftessamlarna-bfb.se\/?page_id=3467","title":{"rendered":"H64 Carl Wilhelm Scheele"},"content":{"rendered":"<p><a href=\"http:\/\/xn--hftessamlarna-bfb.se\/?attachment_id=3554\" rel=\"attachment wp-att-3554\"><img loading=\"lazy\" decoding=\"async\" class=\"aligncenter size-full wp-image-3554\" src=\"http:\/\/xn--hftessamlarna-bfb.se\/wp-content\/uploads\/H064.jpg\" alt=\"H064\" width=\"960\" height=\"538\" srcset=\"https:\/\/xn--hftessamlarna-bfb.se\/wp-content\/uploads\/H064.jpg 960w, https:\/\/xn--hftessamlarna-bfb.se\/wp-content\/uploads\/H064-150x84.jpg 150w, https:\/\/xn--hftessamlarna-bfb.se\/wp-content\/uploads\/H064-300x168.jpg 300w, https:\/\/xn--hftessamlarna-bfb.se\/wp-content\/uploads\/H064-500x280.jpg 500w\" sizes=\"auto, (max-width: 960px) 100vw, 960px\" \/><\/a>Utgivningsdag 1942-12-09<br \/>\nF 342<br \/>\n20 x 5 \u00f6re, ett motiv<br \/>\nTryckt med st\u00e5lgravyrtryck<br \/>\nUpplaga 790.000 h\u00e4ften<\/p>\n<h2>Typer<\/h2>\n<p><strong>A<\/strong> text &#8221;Carl Wilhelm Scheele&#8221; p\u00e5 sid I<br \/>\n<strong>B<\/strong> saknar text &#8221;Carl Wilhelm Scheele&#8221; p\u00e5 sid I<\/p>\n<div id=\"attachment_5540\" style=\"width: 594px\" class=\"wp-caption alignleft\"><a href=\"http:\/\/xn--hftessamlarna-bfb.se\/wp-content\/uploads\/H64B.jpg\"><img loading=\"lazy\" decoding=\"async\" aria-describedby=\"caption-attachment-5540\" class=\"wp-image-5540 size-large\" src=\"http:\/\/xn--hftessamlarna-bfb.se\/wp-content\/uploads\/H64B-1024x297.jpg\" alt=\"\" width=\"584\" height=\"169\" srcset=\"https:\/\/xn--hftessamlarna-bfb.se\/wp-content\/uploads\/H64B-1024x297.jpg 1024w, https:\/\/xn--hftessamlarna-bfb.se\/wp-content\/uploads\/H64B-150x44.jpg 150w, https:\/\/xn--hftessamlarna-bfb.se\/wp-content\/uploads\/H64B-300x87.jpg 300w, https:\/\/xn--hftessamlarna-bfb.se\/wp-content\/uploads\/H64B-768x223.jpg 768w, https:\/\/xn--hftessamlarna-bfb.se\/wp-content\/uploads\/H64B-500x145.jpg 500w, https:\/\/xn--hftessamlarna-bfb.se\/wp-content\/uploads\/H64B.jpg 1920w\" sizes=\"auto, (max-width: 584px) 100vw, 584px\" \/><\/a><p id=\"caption-attachment-5540\" class=\"wp-caption-text\">omslag B. OBS f\u00f6rfalskade h\u00e4ften f\u00f6rekommer d\u00e4r inlagan limmats in i omslag fr\u00e5n H56<\/p><\/div>\n<h2>Markeringar<\/h2>\n<p>cyls 1<br \/>\ncyls 1h<br \/>\ncyls 1v<br \/>\ncyls 2<br \/>\ncyls 2h<br \/>\ncyls 2v<\/p>\n<h2>Tabell \u00f6ver m\u00f6jliga markeringar &amp; kombinationer:<\/h2>\n<p>De <span style=\"background-color: #ffff00;\">gulmarkerade<\/span> rutorna \u00e4r de bekr\u00e4ftade markeringarna och kombinationerna.<\/p>\n<p><a href=\"http:\/\/xn--hftessamlarna-bfb.se\/?attachment_id=4089\" rel=\"attachment wp-att-4089\"><img loading=\"lazy\" decoding=\"async\" class=\"alignleft size-full wp-image-4089\" src=\"http:\/\/xn--hftessamlarna-bfb.se\/wp-content\/uploads\/H64Tabell.jpg\" alt=\"H64Tabell\" width=\"1305\" height=\"320\" srcset=\"https:\/\/xn--hftessamlarna-bfb.se\/wp-content\/uploads\/H64Tabell.jpg 1305w, https:\/\/xn--hftessamlarna-bfb.se\/wp-content\/uploads\/H64Tabell-150x36.jpg 150w, https:\/\/xn--hftessamlarna-bfb.se\/wp-content\/uploads\/H64Tabell-300x73.jpg 300w, https:\/\/xn--hftessamlarna-bfb.se\/wp-content\/uploads\/H64Tabell-1024x251.jpg 1024w, https:\/\/xn--hftessamlarna-bfb.se\/wp-content\/uploads\/H64Tabell-500x122.jpg 500w\" sizes=\"auto, (max-width: 1305px) 100vw, 1305px\" \/><\/a><\/p>\n<h2>\u00d6vrigt<\/h2>\n<p>Varning f\u00f6r f\u00f6rfalskningar p\u00e5 B<\/p>\n","protected":false},"excerpt":{"rendered":"<p>Utgivningsdag 1942-12-09 F 342 20 x 5 \u00f6re, ett motiv Tryckt med st\u00e5lgravyrtryck Upplaga 790.000 h\u00e4ften Typer A text &#8221;Carl Wilhelm Scheele&#8221; p\u00e5 sid I B saknar text &#8221;Carl Wilhelm Scheele&#8221; p\u00e5 sid I Markeringar cyls 1 cyls 1h cyls &hellip; <a href=\"https:\/\/xn--hftessamlarna-bfb.se\/?page_id=3467\">Forts\u00e4tt l\u00e4sa <span class=\"meta-nav\">&rarr;<\/span><\/a><\/p>\n","protected":false},"author":1,"featured_media":0,"parent":3432,"menu_order":64,"comment_status":"open","ping_status":"closed","template":"","meta":{"footnotes":""},"class_list":["post-3467","page","type-page","status-publish","hentry"],"_links":{"self":[{"href":"https:\/\/xn--hftessamlarna-bfb.se\/index.php?rest_route=\/wp\/v2\/pages\/3467","targetHints":{"allow":["GET"]}}],"collection":[{"href":"https:\/\/xn--hftessamlarna-bfb.se\/index.php?rest_route=\/wp\/v2\/pages"}],"about":[{"href":"https:\/\/xn--hftessamlarna-bfb.se\/index.php?rest_route=\/wp\/v2\/types\/page"}],"author":[{"embeddable":true,"href":"https:\/\/xn--hftessamlarna-bfb.se\/index.php?rest_route=\/wp\/v2\/users\/1"}],"replies":[{"embeddable":true,"href":"https:\/\/xn--hftessamlarna-bfb.se\/index.php?rest_route=%2Fwp%2Fv2%2Fcomments&post=3467"}],"version-history":[{"count":0,"href":"https:\/\/xn--hftessamlarna-bfb.se\/index.php?rest_route=\/wp\/v2\/pages\/3467\/revisions"}],"up":[{"embeddable":true,"href":"https:\/\/xn--hftessamlarna-bfb.se\/index.php?rest_route=\/wp\/v2\/pages\/3432"}],"wp:attachment":[{"href":"https:\/\/xn--hftessamlarna-bfb.se\/index.php?rest_route=%2Fwp%2Fv2%2Fmedia&parent=3467"}],"curies":[{"name":"wp","href":"https:\/\/api.w.org\/{rel}","templated":true}]}}