{"id":3239,"date":"2012-12-02T08:29:25","date_gmt":"2012-12-02T06:29:25","guid":{"rendered":"http:\/\/xn--hftessamlarna-bfb.se\/?page_id=3239"},"modified":"2014-12-25T17:19:35","modified_gmt":"2014-12-25T16:19:35","slug":"h187-efta","status":"publish","type":"page","link":"https:\/\/xn--hftessamlarna-bfb.se\/?page_id=3239","title":{"rendered":"H187 EFTA"},"content":{"rendered":"<p><a href=\"http:\/\/xn--hftessamlarna-bfb.se\/?attachment_id=3240\" rel=\"attachment wp-att-3240\"><img loading=\"lazy\" decoding=\"async\" class=\"aligncenter size-full wp-image-3240\" title=\"H187\" src=\"http:\/\/xn--hftessamlarna-bfb.se\/wp-content\/uploads\/H187.jpg\" alt=\"\" width=\"960\" height=\"766\" srcset=\"https:\/\/xn--hftessamlarna-bfb.se\/wp-content\/uploads\/H187.jpg 960w, https:\/\/xn--hftessamlarna-bfb.se\/wp-content\/uploads\/H187-150x119.jpg 150w, https:\/\/xn--hftessamlarna-bfb.se\/wp-content\/uploads\/H187-300x239.jpg 300w, https:\/\/xn--hftessamlarna-bfb.se\/wp-content\/uploads\/H187-375x300.jpg 375w\" sizes=\"auto, (max-width: 960px) 100vw, 960px\" \/><\/a>Utgivningsdag 1967-02-15<br \/>\nF 597<br \/>\n10 x 70 \u00f6re, ett motiv<br \/>\nTryckt med st\u00e5lgravyrtryck<br \/>\nUpplaga 307.000 h\u00e4ften<\/p>\n<h2>Typer<\/h2>\n<p><strong>A<\/strong> Boktryck, suddigt tryck, 27 punkters streckperforering<br \/>\n<strong>B<\/strong> Offsettryck, klart tryck, 13 punkters streckperforering<\/p>\n<h2>Markeringar<\/h2>\n<p><strong>A<\/strong><br \/>\ndelat regm<br \/>\nRT 6 x 2,5 mm lila<br \/>\ncyls 1<br \/>\ncyls 2<br \/>\nhelt kn<br \/>\nhelt kryss<\/p>\n<p><strong>B<br \/>\n<\/strong>delat regm<br \/>\ncyls 1<br \/>\ncyls 2<br \/>\nhelt kn<br \/>\nhelt kryss<\/p>\n<h2>Artiklar<\/h2>\n<p><a href=\"http:\/\/xn--hftessamlarna-bfb.se\/wp-content\/uploads\/H187-Gunnar-Struck.pdf\">H187 Gunnar Struck<\/a><\/p>\n<p>L\u00e4nk till <a href=\"https:\/\/sv.wikipedia.org\/wiki\/EFTA\" target=\"_blank\">Wikipedia<\/a><\/p>\n","protected":false},"excerpt":{"rendered":"<p>Utgivningsdag 1967-02-15 F 597 10 x 70 \u00f6re, ett motiv Tryckt med st\u00e5lgravyrtryck Upplaga 307.000 h\u00e4ften Typer A Boktryck, suddigt tryck, 27 punkters streckperforering B Offsettryck, klart tryck, 13 punkters streckperforering Markeringar A delat regm RT 6 x 2,5 mm &hellip; <a href=\"https:\/\/xn--hftessamlarna-bfb.se\/?page_id=3239\">Forts\u00e4tt l\u00e4sa <span class=\"meta-nav\">&rarr;<\/span><\/a><\/p>\n","protected":false},"author":1,"featured_media":0,"parent":2724,"menu_order":187,"comment_status":"open","ping_status":"closed","template":"","meta":{"footnotes":""},"class_list":["post-3239","page","type-page","status-publish","hentry"],"_links":{"self":[{"href":"https:\/\/xn--hftessamlarna-bfb.se\/index.php?rest_route=\/wp\/v2\/pages\/3239","targetHints":{"allow":["GET"]}}],"collection":[{"href":"https:\/\/xn--hftessamlarna-bfb.se\/index.php?rest_route=\/wp\/v2\/pages"}],"about":[{"href":"https:\/\/xn--hftessamlarna-bfb.se\/index.php?rest_route=\/wp\/v2\/types\/page"}],"author":[{"embeddable":true,"href":"https:\/\/xn--hftessamlarna-bfb.se\/index.php?rest_route=\/wp\/v2\/users\/1"}],"replies":[{"embeddable":true,"href":"https:\/\/xn--hftessamlarna-bfb.se\/index.php?rest_route=%2Fwp%2Fv2%2Fcomments&post=3239"}],"version-history":[{"count":0,"href":"https:\/\/xn--hftessamlarna-bfb.se\/index.php?rest_route=\/wp\/v2\/pages\/3239\/revisions"}],"up":[{"embeddable":true,"href":"https:\/\/xn--hftessamlarna-bfb.se\/index.php?rest_route=\/wp\/v2\/pages\/2724"}],"wp:attachment":[{"href":"https:\/\/xn--hftessamlarna-bfb.se\/index.php?rest_route=%2Fwp%2Fv2%2Fmedia&parent=3239"}],"curies":[{"name":"wp","href":"https:\/\/api.w.org\/{rel}","templated":true}]}}