{"id":2637,"date":"2012-03-17T07:56:31","date_gmt":"2012-03-17T05:56:31","guid":{"rendered":"http:\/\/xn--hftessamlarna-bfb.se\/?page_id=2637"},"modified":"2022-02-03T17:43:29","modified_gmt":"2022-02-03T16:43:29","slug":"h249-gammaldags-jul","status":"publish","type":"page","link":"https:\/\/xn--hftessamlarna-bfb.se\/?page_id=2637","title":{"rendered":"H249 Gammaldags jul"},"content":{"rendered":"<p><a href=\"https:\/\/xn--hftessamlarna-bfb.se\/wp-content\/uploads\/H-0249-header-1971.jpg\" rel=\"attachment wp-att-3152\"><img loading=\"lazy\" decoding=\"async\" class=\"alignnone wp-image-6795 size-full\" title=\"H249\" src=\"https:\/\/xn--hftessamlarna-bfb.se\/wp-content\/uploads\/H-0249-header-1971.jpg\" alt=\"\" width=\"960\" height=\"1137\" srcset=\"https:\/\/xn--hftessamlarna-bfb.se\/wp-content\/uploads\/H-0249-header-1971.jpg 960w, https:\/\/xn--hftessamlarna-bfb.se\/wp-content\/uploads\/H-0249-header-1971-253x300.jpg 253w, https:\/\/xn--hftessamlarna-bfb.se\/wp-content\/uploads\/H-0249-header-1971-865x1024.jpg 865w, https:\/\/xn--hftessamlarna-bfb.se\/wp-content\/uploads\/H-0249-header-1971-127x150.jpg 127w, https:\/\/xn--hftessamlarna-bfb.se\/wp-content\/uploads\/H-0249-header-1971-768x910.jpg 768w\" sizes=\"auto, (max-width: 960px) 100vw, 960px\" \/><\/a>Utgivningsdag 1971-11-10<br \/>\nF 745 &#8211; 749<br \/>\n10 \u00d7 35 \u00f6re, fem motiv<br \/>\nTryckt med st\u00e5lgravyrtryck<br \/>\nUpplaga 3,09 miljoner h\u00e4ften<\/p>\n<h2>Ny indelning juni 2018<\/h2>\n<p><strong>H249A2<\/strong> tas bort d\u00e5 det inte har inte kunnat bel\u00e4ggas och nuvarande H249A1 betecknas som H249A.<\/p>\n<h2>Typer<\/h2>\n<p><strong>A<\/strong> mattr\u00f6tt omslag med grova fibrer, m\u00f6rkare insida<br \/>\n<strong>B<\/strong> orangeakt klarr\u00f6tt omslag, in- och utsida samma f\u00e4rg (UV m\u00f6rkr\u00f6d)<br \/>\n<strong>C<\/strong> klarr\u00f6tt omslag, ljusare insida (UV klarr\u00f6d)<\/p>\n<div id=\"attachment_6808\" style=\"width: 1919px\" class=\"wp-caption alignnone\"><a href=\"https:\/\/xn--hftessamlarna-bfb.se\/wp-content\/uploads\/H-0249-header-1971-1.jpg\"><img loading=\"lazy\" decoding=\"async\" aria-describedby=\"caption-attachment-6808\" class=\"wp-image-6808 size-full\" src=\"https:\/\/xn--hftessamlarna-bfb.se\/wp-content\/uploads\/H-0249-header-1971-1.jpg\" alt=\"\" width=\"1909\" height=\"764\" srcset=\"https:\/\/xn--hftessamlarna-bfb.se\/wp-content\/uploads\/H-0249-header-1971-1.jpg 1909w, https:\/\/xn--hftessamlarna-bfb.se\/wp-content\/uploads\/H-0249-header-1971-1-300x120.jpg 300w, https:\/\/xn--hftessamlarna-bfb.se\/wp-content\/uploads\/H-0249-header-1971-1-1024x410.jpg 1024w, https:\/\/xn--hftessamlarna-bfb.se\/wp-content\/uploads\/H-0249-header-1971-1-150x60.jpg 150w, https:\/\/xn--hftessamlarna-bfb.se\/wp-content\/uploads\/H-0249-header-1971-1-768x307.jpg 768w, https:\/\/xn--hftessamlarna-bfb.se\/wp-content\/uploads\/H-0249-header-1971-1-1536x615.jpg 1536w, https:\/\/xn--hftessamlarna-bfb.se\/wp-content\/uploads\/H-0249-header-1971-1-500x200.jpg 500w\" sizes=\"auto, (max-width: 1909px) 100vw, 1909px\" \/><\/a><p id=\"caption-attachment-6808\" class=\"wp-caption-text\">Typskillnaderna A\/B\/C samt klich\u00e9varianterna &#8221;rambrott&#8221; och &#8221;197&#8221; (f\u00f6rekommer p\u00e5 alla tre typerna). De lilla rutorna f\u00f6rs\u00f6ker illustrera UV-skillnaderna.<\/p><\/div>\n<h2>Markeringar<\/h2>\n<p><strong>AR<\/strong><br \/>\ndelat regm, a=1,4\u00a0 c=1,6<br \/>\nRT 6 \u00d7 2,5 mm svart<br \/>\nRT 8 \u00d7 2 mm svart<\/p>\n<p><strong>AN<\/strong><br \/>\ndelat regm, a=1,6\u00a0 c=1,4<br \/>\nRT 6 \u00d7 2,5 mm svart<br \/>\nRT 8 \u00d7 2 mm svart<br \/>\ncyls 1<br \/>\ncyls 2<br \/>\nhelt kn i blockstil<\/p>\n<p><strong>BR<\/strong><br \/>\ndelat regm, a=1,4\u00a0 c=1,6<br \/>\nRT 6 \u00d7 2,5 mm svart<br \/>\nRT 8 \u00d7 2 mm svart<\/p>\n<p><strong>BN<\/strong><br \/>\ndelat regm, a=1,6\u00a0 c=1,4<br \/>\nRT 6 \u00d7 2,5 mm svart<br \/>\nRT 8 \u00d7 2 mm svart<br \/>\ncyls 1<br \/>\ncyls 2<br \/>\nhelt kn i blockstil<\/p>\n<p><strong>CR<\/strong><br \/>\ndelat regm, a=1,4\u00a0 c=1,6<br \/>\nRT 6 \u00d7 2,5 mm svart<br \/>\nRT 8 \u00d7 2 mm svart<\/p>\n<p><strong>CN<\/strong><br \/>\ndelat regm, a=1,6\u00a0 c=1,4<br \/>\nRT 6 \u00d7 2,5 mm svart<br \/>\nRT 8 \u00d7 2 mm svart<br \/>\ncyls 1<br \/>\ncyls 2<br \/>\nhelt kn i blockstil<\/p>\n<h2>Bilder p\u00e5 varianter<\/h2>\n<div id=\"attachment_3996\" style=\"width: 310px\" class=\"wp-caption alignleft\"><a href=\"http:\/\/xn--hftessamlarna-bfb.se\/wp-content\/uploads\/H249Aplump.jpg\" rel=\"attachment wp-att-3996\"><img loading=\"lazy\" decoding=\"async\" aria-describedby=\"caption-attachment-3996\" class=\" wp-image-3996 size-medium\" src=\"http:\/\/xn--hftessamlarna-bfb.se\/wp-content\/uploads\/H249Aplump-300x264.jpg\" alt=\"H249Aplump\" width=\"300\" height=\"264\" srcset=\"https:\/\/xn--hftessamlarna-bfb.se\/wp-content\/uploads\/H249Aplump-300x264.jpg 300w, https:\/\/xn--hftessamlarna-bfb.se\/wp-content\/uploads\/H249Aplump-150x132.jpg 150w, https:\/\/xn--hftessamlarna-bfb.se\/wp-content\/uploads\/H249Aplump-340x300.jpg 340w, https:\/\/xn--hftessamlarna-bfb.se\/wp-content\/uploads\/H249Aplump.jpg 827w\" sizes=\"auto, (max-width: 300px) 100vw, 300px\" \/><\/a><p id=\"caption-attachment-3996\" class=\"wp-caption-text\">f\u00e4rgst\u00e4nk p\u00e5 IR<\/p><\/div>\n<div id=\"attachment_6712\" style=\"width: 594px\" class=\"wp-caption alignnone\"><a href=\"https:\/\/xn--hftessamlarna-bfb.se\/wp-content\/uploads\/H-0249-svamp-1971.jpg\"><img loading=\"lazy\" decoding=\"async\" aria-describedby=\"caption-attachment-6712\" class=\"wp-image-6712 size-large\" src=\"https:\/\/xn--hftessamlarna-bfb.se\/wp-content\/uploads\/H-0249-svamp-1971-1024x411.jpg\" alt=\"\" width=\"584\" height=\"234\" srcset=\"https:\/\/xn--hftessamlarna-bfb.se\/wp-content\/uploads\/H-0249-svamp-1971-1024x411.jpg 1024w, https:\/\/xn--hftessamlarna-bfb.se\/wp-content\/uploads\/H-0249-svamp-1971-300x120.jpg 300w, https:\/\/xn--hftessamlarna-bfb.se\/wp-content\/uploads\/H-0249-svamp-1971-150x60.jpg 150w, https:\/\/xn--hftessamlarna-bfb.se\/wp-content\/uploads\/H-0249-svamp-1971-768x308.jpg 768w, https:\/\/xn--hftessamlarna-bfb.se\/wp-content\/uploads\/H-0249-svamp-1971-1536x616.jpg 1536w, https:\/\/xn--hftessamlarna-bfb.se\/wp-content\/uploads\/H-0249-svamp-1971-500x201.jpg 500w, https:\/\/xn--hftessamlarna-bfb.se\/wp-content\/uploads\/H-0249-svamp-1971.jpg 1914w\" sizes=\"auto, (max-width: 584px) 100vw, 584px\" \/><\/a><p id=\"caption-attachment-6712\" class=\"wp-caption-text\">variant &#8221;svamp&#8221; p\u00e5 omslagsutsidan<\/p><\/div>\n<h2>\u00a0Artiklar<\/h2>\n<p><a href=\"http:\/\/xn--hftessamlarna-bfb.se\/wp-content\/uploads\/H249-Gunnar-Struck.pdf\">H249 Gunnar Struck<\/a><\/p>\n","protected":false},"excerpt":{"rendered":"<p>Utgivningsdag 1971-11-10 F 745 &#8211; 749 10 \u00d7 35 \u00f6re, fem motiv Tryckt med st\u00e5lgravyrtryck Upplaga 3,09 miljoner h\u00e4ften Ny indelning juni 2018 H249A2 tas bort d\u00e5 det inte har inte kunnat bel\u00e4ggas och nuvarande H249A1 betecknas som H249A. Typer &hellip; <a href=\"https:\/\/xn--hftessamlarna-bfb.se\/?page_id=2637\">Forts\u00e4tt l\u00e4sa <span class=\"meta-nav\">&rarr;<\/span><\/a><\/p>\n","protected":false},"author":1,"featured_media":0,"parent":2581,"menu_order":249,"comment_status":"open","ping_status":"open","template":"","meta":{"footnotes":""},"class_list":["post-2637","page","type-page","status-publish","hentry"],"_links":{"self":[{"href":"https:\/\/xn--hftessamlarna-bfb.se\/index.php?rest_route=\/wp\/v2\/pages\/2637","targetHints":{"allow":["GET"]}}],"collection":[{"href":"https:\/\/xn--hftessamlarna-bfb.se\/index.php?rest_route=\/wp\/v2\/pages"}],"about":[{"href":"https:\/\/xn--hftessamlarna-bfb.se\/index.php?rest_route=\/wp\/v2\/types\/page"}],"author":[{"embeddable":true,"href":"https:\/\/xn--hftessamlarna-bfb.se\/index.php?rest_route=\/wp\/v2\/users\/1"}],"replies":[{"embeddable":true,"href":"https:\/\/xn--hftessamlarna-bfb.se\/index.php?rest_route=%2Fwp%2Fv2%2Fcomments&post=2637"}],"version-history":[{"count":0,"href":"https:\/\/xn--hftessamlarna-bfb.se\/index.php?rest_route=\/wp\/v2\/pages\/2637\/revisions"}],"up":[{"embeddable":true,"href":"https:\/\/xn--hftessamlarna-bfb.se\/index.php?rest_route=\/wp\/v2\/pages\/2581"}],"wp:attachment":[{"href":"https:\/\/xn--hftessamlarna-bfb.se\/index.php?rest_route=%2Fwp%2Fv2%2Fmedia&parent=2637"}],"curies":[{"name":"wp","href":"https:\/\/api.w.org\/{rel}","templated":true}]}}