{"id":25,"date":"2011-10-16T09:23:17","date_gmt":"2011-10-16T07:23:17","guid":{"rendered":"http:\/\/xn--hftessamlarna-bfb.se\/?page_id=25"},"modified":"2025-04-09T13:43:10","modified_gmt":"2025-04-09T12:43:10","slug":"samla-haften","status":"publish","type":"page","link":"https:\/\/xn--hftessamlarna-bfb.se\/?page_id=25","title":{"rendered":"Samla h\u00e4ften"},"content":{"rendered":"<h1>Vad inneb\u00e4r det att samla frim\u00e4rksh\u00e4ften?<\/h1>\n<p><a href=\"http:\/\/xn--hftessamlarna-bfb.se\/?attachment_id=29\" rel=\"attachment wp-att-29\"><img loading=\"lazy\" decoding=\"async\" title=\"h248apila_153x250\" src=\"http:\/\/h\u00e4ftessamlarna.se\/wp-content\/uploads\/h248apila_153x250.jpg\" alt=\"\" width=\"250\" height=\"153\" \/><\/a><\/p>\n<p style=\"text-align: left;\">Frim\u00e4rksh\u00e4ften trycks i cylinder-tryckpressar. P\u00e5 marginalremsan finns kontrollnummer och cylindersiffror. Andra marginaltecken och varianter kan f\u00f6rekomma. Det inneb\u00e4r att antalet varianter av varje h\u00e4fte kan vara mycket stort.<\/p>\n<p style=\"text-align: left;\">Det finns m\u00e5nga olika s\u00e4tt att samla h\u00e4ften. Vi f\u00f6rs\u00f6ker h\u00e4r beskriva n\u00e5gra av dem. Kontakta oss g\u00e4rna om du har fr\u00e5gor.<\/p>\n<p style=\"text-align: left;\"><strong>H\u00e4r \u00e4r n\u00e5gra exempel p\u00e5 varianter som f\u00f6rekommer<\/strong><\/p>\n<p style=\"text-align: left;\" align=\"center\"><span style=\"font-family: Arial, Helvetica, sans-serif; font-size: x-small;\"><a href=\"http:\/\/xn--hftessamlarna-bfb.se\/?attachment_id=42\" rel=\"attachment wp-att-42\"><img loading=\"lazy\" decoding=\"async\" class=\"size-full wp-image-42\" title=\"Cylindersiffra\" src=\"http:\/\/h\u00e4ftessamlarna.se\/wp-content\/uploads\/h536c1c.jpg\" alt=\"\" width=\"247\" height=\"329\" srcset=\"https:\/\/xn--hftessamlarna-bfb.se\/wp-content\/uploads\/h536c1c.jpg 247w, https:\/\/xn--hftessamlarna-bfb.se\/wp-content\/uploads\/h536c1c-112x150.jpg 112w, https:\/\/xn--hftessamlarna-bfb.se\/wp-content\/uploads\/h536c1c-225x300.jpg 225w\" sizes=\"auto, (max-width: 247px) 100vw, 247px\" \/><\/a><\/span><\/p>\n<p style=\"text-align: left;\" align=\"center\"><strong>Cylindersiffra <\/strong><\/p>\n<p style=\"text-align: left;\" align=\"center\">Denna siffra\u00a0kan f\u00f6rekomma som en 1:a eller som en 2:a. Anledningen \u00e4r att kunna sp\u00e5ra fr\u00e5n vilken cylinderhalva som trycket kommer ifr\u00e5n. Cylindersiffran kan ibland delas mellan tv\u00e5 h\u00e4ften. <a href=\"http:\/\/xn--hftessamlarna-bfb.se\/?page_id=61\">L\u00e4s mer&#8230;<\/a><\/p>\n<p style=\"text-align: left;\"><a href=\"http:\/\/xn--hftessamlarna-bfb.se\/?attachment_id=48\" rel=\"attachment wp-att-48\"><img loading=\"lazy\" decoding=\"async\" class=\"size-full wp-image-48\" title=\"Kontrollnummer\" src=\"http:\/\/h\u00e4ftessamlarna.se\/wp-content\/uploads\/h536kn1.jpg\" alt=\"\" width=\"247\" height=\"329\" srcset=\"https:\/\/xn--hftessamlarna-bfb.se\/wp-content\/uploads\/h536kn1.jpg 247w, https:\/\/xn--hftessamlarna-bfb.se\/wp-content\/uploads\/h536kn1-112x150.jpg 112w, https:\/\/xn--hftessamlarna-bfb.se\/wp-content\/uploads\/h536kn1-225x300.jpg 225w\" sizes=\"auto, (max-width: 247px) 100vw, 247px\" \/><\/a><\/p>\n<p style=\"text-align: left;\"><strong>Kontrollnummer<\/strong><\/p>\n<p style=\"text-align: left;\">Detta nummer \u00e4r oftast fem siffror. Andra l\u00e4ngder kan f\u00f6rekomma. Kontrollnumret trycks i marginalen f\u00f6r att h\u00e5lla reda p\u00e5 hur m\u00e5nga tryck som gjorts. Kontrollnummer kan ibland delas mellan tv\u00e5 h\u00e4ften. <a href=\"http:\/\/xn--hftessamlarna-bfb.se\/?page_id=104\">L\u00e4s mer&#8230;<\/a><\/p>\n<p style=\"text-align: left;\"><a href=\"http:\/\/xn--hftessamlarna-bfb.se\/?attachment_id=51\" rel=\"attachment wp-att-51\"><img loading=\"lazy\" decoding=\"async\" class=\"size-full wp-image-51\" title=\"Ryggtryck\" src=\"http:\/\/h\u00e4ftessamlarna.se\/wp-content\/uploads\/h536rt.jpg\" alt=\"\" width=\"247\" height=\"308\" srcset=\"https:\/\/xn--hftessamlarna-bfb.se\/wp-content\/uploads\/h536rt.jpg 247w, https:\/\/xn--hftessamlarna-bfb.se\/wp-content\/uploads\/h536rt-120x150.jpg 120w, https:\/\/xn--hftessamlarna-bfb.se\/wp-content\/uploads\/h536rt-240x300.jpg 240w\" sizes=\"auto, (max-width: 247px) 100vw, 247px\" \/><\/a><\/p>\n<p style=\"text-align: left;\"><strong>Ryggtryck<\/strong><\/p>\n<p style=\"text-align: left;\">Detta rektangul\u00e4ra m\u00e4rke trycks p\u00e5 var 50:e h\u00e4fte. Det syns l\u00e4tt i en bunt av h\u00e4ften, men kan f\u00f6rekomma i en del varianter. <a href=\"http:\/\/xn--hftessamlarna-bfb.se\/?page_id=151\">L\u00e4s mer&#8230;<\/a><\/p>\n","protected":false},"excerpt":{"rendered":"<p>Vad inneb\u00e4r det att samla frim\u00e4rksh\u00e4ften? Frim\u00e4rksh\u00e4ften trycks i cylinder-tryckpressar. P\u00e5 marginalremsan finns kontrollnummer och cylindersiffror. Andra marginaltecken och varianter kan f\u00f6rekomma. Det inneb\u00e4r att antalet varianter av varje h\u00e4fte kan vara mycket stort. Det finns m\u00e5nga olika s\u00e4tt att &hellip; <a href=\"https:\/\/xn--hftessamlarna-bfb.se\/?page_id=25\">Forts\u00e4tt l\u00e4sa <span class=\"meta-nav\">&rarr;<\/span><\/a><\/p>\n","protected":false},"author":1,"featured_media":0,"parent":0,"menu_order":5,"comment_status":"closed","ping_status":"closed","template":"","meta":{"footnotes":""},"class_list":["post-25","page","type-page","status-publish","hentry"],"_links":{"self":[{"href":"https:\/\/xn--hftessamlarna-bfb.se\/index.php?rest_route=\/wp\/v2\/pages\/25","targetHints":{"allow":["GET"]}}],"collection":[{"href":"https:\/\/xn--hftessamlarna-bfb.se\/index.php?rest_route=\/wp\/v2\/pages"}],"about":[{"href":"https:\/\/xn--hftessamlarna-bfb.se\/index.php?rest_route=\/wp\/v2\/types\/page"}],"author":[{"embeddable":true,"href":"https:\/\/xn--hftessamlarna-bfb.se\/index.php?rest_route=\/wp\/v2\/users\/1"}],"replies":[{"embeddable":true,"href":"https:\/\/xn--hftessamlarna-bfb.se\/index.php?rest_route=%2Fwp%2Fv2%2Fcomments&post=25"}],"version-history":[{"count":0,"href":"https:\/\/xn--hftessamlarna-bfb.se\/index.php?rest_route=\/wp\/v2\/pages\/25\/revisions"}],"wp:attachment":[{"href":"https:\/\/xn--hftessamlarna-bfb.se\/index.php?rest_route=%2Fwp%2Fv2%2Fmedia&parent=25"}],"curies":[{"name":"wp","href":"https:\/\/api.w.org\/{rel}","templated":true}]}}