{"id":2429,"date":"2012-01-13T14:40:46","date_gmt":"2012-01-13T12:40:46","guid":{"rendered":"http:\/\/xn--hftessamlarna-bfb.se\/?page_id=2429"},"modified":"2021-06-26T19:17:53","modified_gmt":"2021-06-26T18:17:53","slug":"h328-julpost-1980-angel","status":"publish","type":"page","link":"https:\/\/xn--hftessamlarna-bfb.se\/?page_id=2429","title":{"rendered":"H328 Julpost 1980 &#8211; \u00c4ngel"},"content":{"rendered":"<p><a href=\"https:\/\/xn--hftessamlarna-bfb.se\/wp-content\/uploads\/H-0328-header-1980.jpg\" rel=\"attachment wp-att-3042\"><img loading=\"lazy\" decoding=\"async\" class=\"alignnone wp-image-6593 size-full\" title=\"H328\" src=\"https:\/\/xn--hftessamlarna-bfb.se\/wp-content\/uploads\/H-0328-header-1980.jpg\" alt=\"\" width=\"960\" height=\"1071\" srcset=\"https:\/\/xn--hftessamlarna-bfb.se\/wp-content\/uploads\/H-0328-header-1980.jpg 960w, https:\/\/xn--hftessamlarna-bfb.se\/wp-content\/uploads\/H-0328-header-1980-269x300.jpg 269w, https:\/\/xn--hftessamlarna-bfb.se\/wp-content\/uploads\/H-0328-header-1980-918x1024.jpg 918w, https:\/\/xn--hftessamlarna-bfb.se\/wp-content\/uploads\/H-0328-header-1980-134x150.jpg 134w, https:\/\/xn--hftessamlarna-bfb.se\/wp-content\/uploads\/H-0328-header-1980-768x857.jpg 768w\" sizes=\"auto, (max-width: 960px) 100vw, 960px\" \/><\/a>Utgivningsdag 1980-11-18<br \/>\nF 1150<br \/>\n12 \u00d7 1:25, ett motiv<br \/>\nTryckt i st\u00e5lgravyrtryck<br \/>\nUpplaga 2,80 miljoner h\u00e4ften<\/p>\n<h2>Typer<\/h2>\n<p>Frim\u00e4rkena har tryckts med tv\u00e5 olika cylindrar.<br \/>\n<strong>Cyl I<\/strong>, bakgrund m\u00f6rkbl\u00e5 med j\u00e4mn f\u00e4rg utom en n\u00e5got ljusare rand \u00f6ver bilden strax under trumpeten.<br \/>\n<strong>Cyl II<\/strong>, bakgrund gr\u00e5bl\u00e5, klarbl\u00e5 eller m\u00f6rkbl\u00e5 med n\u00e5got oj\u00e4mn, flammig f\u00e4rg<br \/>\n<a href=\"https:\/\/xn--hftessamlarna-bfb.se\/wp-content\/uploads\/H-0328-info2-1980.jpg\"><img loading=\"lazy\" decoding=\"async\" class=\"alignnone wp-image-6595 size-medium\" src=\"https:\/\/xn--hftessamlarna-bfb.se\/wp-content\/uploads\/H-0328-info2-1980-300x248.jpg\" alt=\"\" width=\"300\" height=\"248\" srcset=\"https:\/\/xn--hftessamlarna-bfb.se\/wp-content\/uploads\/H-0328-info2-1980-300x248.jpg 300w, https:\/\/xn--hftessamlarna-bfb.se\/wp-content\/uploads\/H-0328-info2-1980-1024x846.jpg 1024w, https:\/\/xn--hftessamlarna-bfb.se\/wp-content\/uploads\/H-0328-info2-1980-150x124.jpg 150w, https:\/\/xn--hftessamlarna-bfb.se\/wp-content\/uploads\/H-0328-info2-1980-768x634.jpg 768w, https:\/\/xn--hftessamlarna-bfb.se\/wp-content\/uploads\/H-0328-info2-1980-363x300.jpg 363w, https:\/\/xn--hftessamlarna-bfb.se\/wp-content\/uploads\/H-0328-info2-1980.jpg 1337w\" sizes=\"auto, (max-width: 300px) 100vw, 300px\" \/><\/a><\/p>\n<h2><strong>Omslag<\/strong><\/h2>\n<div id=\"attachment_6594\" style=\"width: 310px\" class=\"wp-caption alignnone\"><a href=\"https:\/\/xn--hftessamlarna-bfb.se\/wp-content\/uploads\/H-0328-info-1980.jpg\"><img loading=\"lazy\" decoding=\"async\" aria-describedby=\"caption-attachment-6594\" class=\"wp-image-6594 size-medium\" src=\"https:\/\/xn--hftessamlarna-bfb.se\/wp-content\/uploads\/H-0328-info-1980-300x137.jpg\" alt=\"\" width=\"300\" height=\"137\" srcset=\"https:\/\/xn--hftessamlarna-bfb.se\/wp-content\/uploads\/H-0328-info-1980-300x137.jpg 300w, https:\/\/xn--hftessamlarna-bfb.se\/wp-content\/uploads\/H-0328-info-1980-1024x467.jpg 1024w, https:\/\/xn--hftessamlarna-bfb.se\/wp-content\/uploads\/H-0328-info-1980-150x68.jpg 150w, https:\/\/xn--hftessamlarna-bfb.se\/wp-content\/uploads\/H-0328-info-1980-768x350.jpg 768w, https:\/\/xn--hftessamlarna-bfb.se\/wp-content\/uploads\/H-0328-info-1980-1536x701.jpg 1536w, https:\/\/xn--hftessamlarna-bfb.se\/wp-content\/uploads\/H-0328-info-1980-500x228.jpg 500w, https:\/\/xn--hftessamlarna-bfb.se\/wp-content\/uploads\/H-0328-info-1980.jpg 1585w\" sizes=\"auto, (max-width: 300px) 100vw, 300px\" \/><\/a><p id=\"caption-attachment-6594\" class=\"wp-caption-text\">illustration p\u00e5 omslagstyperna samt olika RT<\/p><\/div>\n<p><strong>A <\/strong>brungr\u00e5tt omslag med stark fluorescens<br \/>\n<strong>B <\/strong>gulakt brungr\u00e5tt omslag med svag fluorescens<strong><br \/>\nC <\/strong>gulakt brungr\u00e5tt omslag med stark fluorescens<\/p>\n<h2>Markeringar<\/h2>\n<p><strong>AI<\/strong><br \/>\ndelat regm<br \/>\nRT 8 \u00d7 2 mm svart<br \/>\ncyls 1 (hel enkel stapel)<br \/>\ncyls 2 (fet, kraftigt skuggad)<\/p>\n<p><strong>AII<\/strong><br \/>\ndelat regm<br \/>\nRT 8 \u00d7 2 mm svart<br \/>\ncyls 1 (delad dubbel stapel)<br \/>\ncyls 2 (mager, svagt skuggad)<\/p>\n<p><strong>BII<\/strong><\/p>\n<p>delat regm<br \/>\nRT 8 \u00d7 2 mm svart<br \/>\ncyls 1 (delad dubbel stapel)<br \/>\ncyls 2 (mager, svagt skuggad)<\/p>\n<p><strong>CII<br \/>\n<\/strong> delat regm<strong><br \/>\n<\/strong>RT 8 \u00d7 2 mm svart<strong><br \/>\n<\/strong>cyls 1 (delad dubbel stapel)<br \/>\ncyls 2 (mager, svagt skuggad)<strong><br \/>\n<\/strong><\/p>\n<h2>\u00d6vrigt<\/h2>\n<p>G\u00e4llde som posto f\u00f6r brev upp till 20g och f\u00f6r julkort med h\u00e4lsning p\u00e5 mer \u00e4n fem ord tom 31.12.1980.<\/p>\n<h2>Bild p\u00e5 variant<\/h2>\n<div id=\"attachment_4317\" style=\"width: 344px\" class=\"wp-caption alignleft\"><a href=\"http:\/\/xn--hftessamlarna-bfb.se\/wp-content\/uploads\/H328ArivenKR.jpg\" rel=\"attachment wp-att-4317\"><img loading=\"lazy\" decoding=\"async\" aria-describedby=\"caption-attachment-4317\" class=\" wp-image-4317\" src=\"http:\/\/xn--hftessamlarna-bfb.se\/wp-content\/uploads\/H328ArivenKR.jpg\" alt=\"H328ArivenKR\" width=\"334\" height=\"295\" srcset=\"https:\/\/xn--hftessamlarna-bfb.se\/wp-content\/uploads\/H328ArivenKR.jpg 927w, https:\/\/xn--hftessamlarna-bfb.se\/wp-content\/uploads\/H328ArivenKR-150x132.jpg 150w, https:\/\/xn--hftessamlarna-bfb.se\/wp-content\/uploads\/H328ArivenKR-300x264.jpg 300w, https:\/\/xn--hftessamlarna-bfb.se\/wp-content\/uploads\/H328ArivenKR-339x300.jpg 339w\" sizes=\"auto, (max-width: 334px) 100vw, 334px\" \/><\/a><p id=\"caption-attachment-4317\" class=\"wp-caption-text\">H328A &#8221;riven kant&#8221;<\/p><\/div>\n","protected":false},"excerpt":{"rendered":"<p>Utgivningsdag 1980-11-18 F 1150 12 \u00d7 1:25, ett motiv Tryckt i st\u00e5lgravyrtryck Upplaga 2,80 miljoner h\u00e4ften Typer Frim\u00e4rkena har tryckts med tv\u00e5 olika cylindrar. Cyl I, bakgrund m\u00f6rkbl\u00e5 med j\u00e4mn f\u00e4rg utom en n\u00e5got ljusare rand \u00f6ver bilden strax under &hellip; <a href=\"https:\/\/xn--hftessamlarna-bfb.se\/?page_id=2429\">Forts\u00e4tt l\u00e4sa <span class=\"meta-nav\">&rarr;<\/span><\/a><\/p>\n","protected":false},"author":1,"featured_media":0,"parent":2389,"menu_order":328,"comment_status":"open","ping_status":"open","template":"","meta":{"footnotes":""},"class_list":["post-2429","page","type-page","status-publish","hentry"],"_links":{"self":[{"href":"https:\/\/xn--hftessamlarna-bfb.se\/index.php?rest_route=\/wp\/v2\/pages\/2429","targetHints":{"allow":["GET"]}}],"collection":[{"href":"https:\/\/xn--hftessamlarna-bfb.se\/index.php?rest_route=\/wp\/v2\/pages"}],"about":[{"href":"https:\/\/xn--hftessamlarna-bfb.se\/index.php?rest_route=\/wp\/v2\/types\/page"}],"author":[{"embeddable":true,"href":"https:\/\/xn--hftessamlarna-bfb.se\/index.php?rest_route=\/wp\/v2\/users\/1"}],"replies":[{"embeddable":true,"href":"https:\/\/xn--hftessamlarna-bfb.se\/index.php?rest_route=%2Fwp%2Fv2%2Fcomments&post=2429"}],"version-history":[{"count":0,"href":"https:\/\/xn--hftessamlarna-bfb.se\/index.php?rest_route=\/wp\/v2\/pages\/2429\/revisions"}],"up":[{"embeddable":true,"href":"https:\/\/xn--hftessamlarna-bfb.se\/index.php?rest_route=\/wp\/v2\/pages\/2389"}],"wp:attachment":[{"href":"https:\/\/xn--hftessamlarna-bfb.se\/index.php?rest_route=%2Fwp%2Fv2%2Fmedia&parent=2429"}],"curies":[{"name":"wp","href":"https:\/\/api.w.org\/{rel}","templated":true}]}}