{"id":2368,"date":"2011-12-19T12:38:38","date_gmt":"2011-12-19T10:38:38","guid":{"rendered":"http:\/\/xn--hftessamlarna-bfb.se\/?page_id=2368"},"modified":"2023-09-30T10:38:04","modified_gmt":"2023-09-30T09:38:04","slug":"h498-europa-98-nationella-hogtider","status":"publish","type":"page","link":"https:\/\/xn--hftessamlarna-bfb.se\/?page_id=2368","title":{"rendered":"H498 Europa 98 XXVII &#8211; Nationella h\u00f6gtider"},"content":{"rendered":"<p><a href=\"https:\/\/xn--hftessamlarna-bfb.se\/wp-content\/uploads\/H-0498-header-1998.jpg\" rel=\"attachment wp-att-2842\"><img loading=\"lazy\" decoding=\"async\" class=\"alignnone wp-image-7264 size-full\" title=\"H498\" src=\"https:\/\/xn--hftessamlarna-bfb.se\/wp-content\/uploads\/H-0498-header-1998.jpg\" alt=\"\" width=\"960\" height=\"980\" srcset=\"https:\/\/xn--hftessamlarna-bfb.se\/wp-content\/uploads\/H-0498-header-1998.jpg 960w, https:\/\/xn--hftessamlarna-bfb.se\/wp-content\/uploads\/H-0498-header-1998-294x300.jpg 294w, https:\/\/xn--hftessamlarna-bfb.se\/wp-content\/uploads\/H-0498-header-1998-147x150.jpg 147w, https:\/\/xn--hftessamlarna-bfb.se\/wp-content\/uploads\/H-0498-header-1998-768x784.jpg 768w\" sizes=\"auto, (max-width: 960px) 100vw, 960px\" \/><\/a>Utgivningsdag 1998-05-14<br \/>\nF 2079 &#8211; 2080<br \/>\n4 \u00d7 7 kr, tv\u00e5 motiv<br \/>\nTryckta i 4 f\u00e4rger offset i 3:e Goebelpressen<br \/>\nInh\u00e4ftningen har gjorts i den 4:e h\u00e4ftesmaskinen<br \/>\n27 punkters streckperforering<br \/>\nUpplaga ok\u00e4nd<\/p>\n<h2>Ny indelning juni 2018<\/h2>\n<p><strong>H498<\/strong> har antingen sl\u00e4t eller r\u00e4fflad gummering<\/p>\n<ul>\n<li>H498<strong>a<\/strong> med r\u00e4fflad gummering<\/li>\n<li>H498<strong>b<\/strong> med sl\u00e4t gummering<\/li>\n<\/ul>\n<p>B\u00e5da varianterna \u00e4r vanligt f\u00f6rekommande.<\/p>\n<h2>Typer<\/h2>\n<p><strong>a<\/strong> r\u00e4fflad gummering<br \/>\n<strong>b<\/strong> sl\u00e4t gummering<\/p>\n<h2>Markeringar<\/h2>\n<p><strong>a R<\/strong><br \/>\nb=2,7<br \/>\nRT 8 \u00d7 2 mm svart<\/p>\n<p><strong>a N<br \/>\n<\/strong>b=3,4<br \/>\nRT 8 \u00d7 2 mm svart<br \/>\ncyls 1<br \/>\ncyls 2<br \/>\nhelt kn G3 (3 mm)<\/p>\n<p><strong>b R<\/strong><br \/>\nb=2,7<br \/>\nRT 8 \u00d7 2 mm svart<\/p>\n<p><strong>b N<\/strong><br \/>\nb=3,4<br \/>\nRT 8 \u00d7 2 mm svart<br \/>\ncyls 1<br \/>\ncyls 2<br \/>\nhelt kn G3 (3 mm)<\/p>\n<h2>Bilder p\u00e5 varianter<\/h2>\n<div id=\"attachment_4223\" style=\"width: 436px\" class=\"wp-caption alignleft\"><a href=\"http:\/\/xn--hftessamlarna-bfb.se\/?attachment_id=4223\" rel=\"attachment wp-att-4223\"><img loading=\"lazy\" decoding=\"async\" aria-describedby=\"caption-attachment-4223\" class=\" wp-image-4223 \" src=\"http:\/\/xn--hftessamlarna-bfb.se\/wp-content\/uploads\/H498nyansskillnad1.jpg\" alt=\"H498nyansskillnad\" width=\"426\" height=\"237\" srcset=\"https:\/\/xn--hftessamlarna-bfb.se\/wp-content\/uploads\/H498nyansskillnad1.jpg 1482w, https:\/\/xn--hftessamlarna-bfb.se\/wp-content\/uploads\/H498nyansskillnad1-150x83.jpg 150w, https:\/\/xn--hftessamlarna-bfb.se\/wp-content\/uploads\/H498nyansskillnad1-300x166.jpg 300w, https:\/\/xn--hftessamlarna-bfb.se\/wp-content\/uploads\/H498nyansskillnad1-1024x569.jpg 1024w, https:\/\/xn--hftessamlarna-bfb.se\/wp-content\/uploads\/H498nyansskillnad1-500x278.jpg 500w\" sizes=\"auto, (max-width: 426px) 100vw, 426px\" \/><\/a><p id=\"caption-attachment-4223\" class=\"wp-caption-text\">nyansen p\u00e5 den gr\u00f6na f\u00e4rgen kan skifta<\/p><\/div>\n","protected":false},"excerpt":{"rendered":"<p>Utgivningsdag 1998-05-14 F 2079 &#8211; 2080 4 \u00d7 7 kr, tv\u00e5 motiv Tryckta i 4 f\u00e4rger offset i 3:e Goebelpressen Inh\u00e4ftningen har gjorts i den 4:e h\u00e4ftesmaskinen 27 punkters streckperforering Upplaga ok\u00e4nd Ny indelning juni 2018 H498 har antingen sl\u00e4t &hellip; <a href=\"https:\/\/xn--hftessamlarna-bfb.se\/?page_id=2368\">Forts\u00e4tt l\u00e4sa <span class=\"meta-nav\">&rarr;<\/span><\/a><\/p>\n","protected":false},"author":1,"featured_media":0,"parent":2261,"menu_order":498,"comment_status":"open","ping_status":"open","template":"","meta":{"footnotes":""},"class_list":["post-2368","page","type-page","status-publish","hentry"],"_links":{"self":[{"href":"https:\/\/xn--hftessamlarna-bfb.se\/index.php?rest_route=\/wp\/v2\/pages\/2368","targetHints":{"allow":["GET"]}}],"collection":[{"href":"https:\/\/xn--hftessamlarna-bfb.se\/index.php?rest_route=\/wp\/v2\/pages"}],"about":[{"href":"https:\/\/xn--hftessamlarna-bfb.se\/index.php?rest_route=\/wp\/v2\/types\/page"}],"author":[{"embeddable":true,"href":"https:\/\/xn--hftessamlarna-bfb.se\/index.php?rest_route=\/wp\/v2\/users\/1"}],"replies":[{"embeddable":true,"href":"https:\/\/xn--hftessamlarna-bfb.se\/index.php?rest_route=%2Fwp%2Fv2%2Fcomments&post=2368"}],"version-history":[{"count":0,"href":"https:\/\/xn--hftessamlarna-bfb.se\/index.php?rest_route=\/wp\/v2\/pages\/2368\/revisions"}],"up":[{"embeddable":true,"href":"https:\/\/xn--hftessamlarna-bfb.se\/index.php?rest_route=\/wp\/v2\/pages\/2261"}],"wp:attachment":[{"href":"https:\/\/xn--hftessamlarna-bfb.se\/index.php?rest_route=%2Fwp%2Fv2%2Fmedia&parent=2368"}],"curies":[{"name":"wp","href":"https:\/\/api.w.org\/{rel}","templated":true}]}}