{"id":2363,"date":"2011-12-19T12:38:38","date_gmt":"2011-12-19T10:38:38","guid":{"rendered":"http:\/\/xn--hftessamlarna-bfb.se\/?page_id=2363"},"modified":"2020-06-20T12:59:31","modified_gmt":"2020-06-20T11:59:31","slug":"h493-hemslojd-1998","status":"publish","type":"page","link":"https:\/\/xn--hftessamlarna-bfb.se\/?page_id=2363","title":{"rendered":"H493 Hemsl\u00f6jd 98"},"content":{"rendered":"<p><a href=\"http:\/\/xn--hftessamlarna-bfb.se\/?attachment_id=2850\" rel=\"attachment wp-att-2850\"><img loading=\"lazy\" decoding=\"async\" class=\"aligncenter size-full wp-image-2850\" title=\"H493\" src=\"http:\/\/xn--hftessamlarna-bfb.se\/wp-content\/uploads\/H493.jpg\" alt=\"\" width=\"960\" height=\"650\" srcset=\"https:\/\/xn--hftessamlarna-bfb.se\/wp-content\/uploads\/H493.jpg 960w, https:\/\/xn--hftessamlarna-bfb.se\/wp-content\/uploads\/H493-150x101.jpg 150w, https:\/\/xn--hftessamlarna-bfb.se\/wp-content\/uploads\/H493-300x203.jpg 300w, https:\/\/xn--hftessamlarna-bfb.se\/wp-content\/uploads\/H493-443x300.jpg 443w\" sizes=\"auto, (max-width: 960px) 100vw, 960px\" \/><\/a>Utgivningsdag 1998-03-19<br \/>\nF 2058 &#8211; 2059<br \/>\n4 x 8 kr, tv\u00e5 motiv<br \/>\nTryckts i 3 f\u00e4rger st\u00e5ltryck i 2:a Goebelpressen<br \/>\nInh\u00e4ftningen har gjorts i den 4:e h\u00e4ftesmaskinen<br \/>\n27 punkters streckperforering<br \/>\nUpplaga ok\u00e4nd<\/p>\n<h2>Markeringar<\/h2>\n<div id=\"attachment_6081\" style=\"width: 310px\" class=\"wp-caption alignnone\"><a href=\"https:\/\/xn--hftessamlarna-bfb.se\/wp-content\/uploads\/H493info.jpg\"><img loading=\"lazy\" decoding=\"async\" aria-describedby=\"caption-attachment-6081\" class=\"size-medium wp-image-6081\" src=\"https:\/\/xn--hftessamlarna-bfb.se\/wp-content\/uploads\/H493info-300x201.jpg\" alt=\"\" width=\"300\" height=\"201\" srcset=\"https:\/\/xn--hftessamlarna-bfb.se\/wp-content\/uploads\/H493info-300x201.jpg 300w, https:\/\/xn--hftessamlarna-bfb.se\/wp-content\/uploads\/H493info-150x101.jpg 150w, https:\/\/xn--hftessamlarna-bfb.se\/wp-content\/uploads\/H493info-768x515.jpg 768w, https:\/\/xn--hftessamlarna-bfb.se\/wp-content\/uploads\/H493info-448x300.jpg 448w, https:\/\/xn--hftessamlarna-bfb.se\/wp-content\/uploads\/H493info.jpg 800w\" sizes=\"auto, (max-width: 300px) 100vw, 300px\" \/><\/a><p id=\"caption-attachment-6081\" class=\"wp-caption-text\">s\u00e5 skiljer man R och N<\/p><\/div>\n<p><strong>R<\/strong><br \/>\nPerforering prioritaireetikett 1 h\u00e5l \u00f6ver +2 h\u00e5l under<br \/>\nRT 8 x 2 mm svart<br \/>\ncyls 1<br \/>\ncyls 2<\/p>\n<p><strong>N<\/strong><br \/>\nPerforering prioritaireetikett 2 h\u00e5l \u00f6ver +1 h\u00e5l under<br \/>\nRT 8 x 2 mm svart<br \/>\ncyls 1<br \/>\ncyls 2<br \/>\nhelt kn G2b (3,3 mm)<\/p>\n","protected":false},"excerpt":{"rendered":"<p>Utgivningsdag 1998-03-19 F 2058 &#8211; 2059 4 x 8 kr, tv\u00e5 motiv Tryckts i 3 f\u00e4rger st\u00e5ltryck i 2:a Goebelpressen Inh\u00e4ftningen har gjorts i den 4:e h\u00e4ftesmaskinen 27 punkters streckperforering Upplaga ok\u00e4nd Markeringar R Perforering prioritaireetikett 1 h\u00e5l \u00f6ver +2 &hellip; <a href=\"https:\/\/xn--hftessamlarna-bfb.se\/?page_id=2363\">Forts\u00e4tt l\u00e4sa <span class=\"meta-nav\">&rarr;<\/span><\/a><\/p>\n","protected":false},"author":1,"featured_media":0,"parent":2261,"menu_order":493,"comment_status":"open","ping_status":"open","template":"","meta":{"footnotes":""},"class_list":["post-2363","page","type-page","status-publish","hentry"],"_links":{"self":[{"href":"https:\/\/xn--hftessamlarna-bfb.se\/index.php?rest_route=\/wp\/v2\/pages\/2363","targetHints":{"allow":["GET"]}}],"collection":[{"href":"https:\/\/xn--hftessamlarna-bfb.se\/index.php?rest_route=\/wp\/v2\/pages"}],"about":[{"href":"https:\/\/xn--hftessamlarna-bfb.se\/index.php?rest_route=\/wp\/v2\/types\/page"}],"author":[{"embeddable":true,"href":"https:\/\/xn--hftessamlarna-bfb.se\/index.php?rest_route=\/wp\/v2\/users\/1"}],"replies":[{"embeddable":true,"href":"https:\/\/xn--hftessamlarna-bfb.se\/index.php?rest_route=%2Fwp%2Fv2%2Fcomments&post=2363"}],"version-history":[{"count":0,"href":"https:\/\/xn--hftessamlarna-bfb.se\/index.php?rest_route=\/wp\/v2\/pages\/2363\/revisions"}],"up":[{"embeddable":true,"href":"https:\/\/xn--hftessamlarna-bfb.se\/index.php?rest_route=\/wp\/v2\/pages\/2261"}],"wp:attachment":[{"href":"https:\/\/xn--hftessamlarna-bfb.se\/index.php?rest_route=%2Fwp%2Fv2%2Fmedia&parent=2363"}],"curies":[{"name":"wp","href":"https:\/\/api.w.org\/{rel}","templated":true}]}}