{"id":2338,"date":"2011-12-19T12:39:58","date_gmt":"2011-12-19T10:39:58","guid":{"rendered":"http:\/\/xn--hftessamlarna-bfb.se\/?page_id=2338"},"modified":"2018-10-15T09:37:56","modified_gmt":"2018-10-15T08:37:56","slug":"h470-europa-96-beromda-kvinnor","status":"publish","type":"page","link":"https:\/\/xn--hftessamlarna-bfb.se\/?page_id=2338","title":{"rendered":"H470 Europa 96 XXV \u2013 Ber\u00f6mda kvinnor"},"content":{"rendered":"<p><a href=\"http:\/\/xn--hftessamlarna-bfb.se\/?attachment_id=2879\" rel=\"attachment wp-att-2879\"><img loading=\"lazy\" decoding=\"async\" class=\"aligncenter size-full wp-image-2879\" title=\"H470\" src=\"http:\/\/xn--hftessamlarna-bfb.se\/wp-content\/uploads\/H470.jpg\" alt=\"\" width=\"960\" height=\"649\" srcset=\"https:\/\/xn--hftessamlarna-bfb.se\/wp-content\/uploads\/H470.jpg 960w, https:\/\/xn--hftessamlarna-bfb.se\/wp-content\/uploads\/H470-150x101.jpg 150w, https:\/\/xn--hftessamlarna-bfb.se\/wp-content\/uploads\/H470-300x202.jpg 300w, https:\/\/xn--hftessamlarna-bfb.se\/wp-content\/uploads\/H470-443x300.jpg 443w\" sizes=\"auto, (max-width: 960px) 100vw, 960px\" \/><\/a>Utgivningsdag 1996-05-03<br \/>\nF 1960 &#8211; 1961<br \/>\n4 x 6 kr, tv\u00e5 motiv<br \/>\nTryckta i 3 f\u00e4rger st\u00e5ltryck i 2:a Goebelpressen<br \/>\nInh\u00e4ftningen har gjorts i den 4:e h\u00e4ftesmaskinen<br \/>\n27 punkters streckperforering<br \/>\nUpplaga ok\u00e4nd<\/p>\n<h2>Typer<\/h2>\n<p>Det finns tre olika d-m\u00e5tt. Har tryckts med tre block i bredd p\u00e5 tryckcylindrarna.<br \/>\n(hur numrerar vi detta?)<\/p>\n<h2>Markeringar<\/h2>\n<p><strong>H470*<\/strong><br \/>\ndelat regm, d=4,3 mm<br \/>\nRT 8 x 2 mm svart<\/p>\n<p><strong>H470*<\/strong><br \/>\ndelat regm, d=4,1 mm<br \/>\nRT 8 x 2 mm svart<\/p>\n<p><strong>H470*<\/strong><br \/>\ndelat regm, d=3,9 mm<br \/>\nRT 8 x 2 mm svart<br \/>\ncyls 1<br \/>\ncyls 2<br \/>\nhelt kn G2b (3,3 mm)<\/p>\n<h2>Artiklar<\/h2>\n<p><a href=\"http:\/\/xn--hftessamlarna-bfb.se\/wp-content\/uploads\/H470-Gunnar-Struck.pdf\">H470 Gunnar Struck<\/a><\/p>\n","protected":false},"excerpt":{"rendered":"<p>Utgivningsdag 1996-05-03 F 1960 &#8211; 1961 4 x 6 kr, tv\u00e5 motiv Tryckta i 3 f\u00e4rger st\u00e5ltryck i 2:a Goebelpressen Inh\u00e4ftningen har gjorts i den 4:e h\u00e4ftesmaskinen 27 punkters streckperforering Upplaga ok\u00e4nd Typer Det finns tre olika d-m\u00e5tt. Har tryckts &hellip; <a href=\"https:\/\/xn--hftessamlarna-bfb.se\/?page_id=2338\">Forts\u00e4tt l\u00e4sa <span class=\"meta-nav\">&rarr;<\/span><\/a><\/p>\n","protected":false},"author":1,"featured_media":0,"parent":2261,"menu_order":470,"comment_status":"open","ping_status":"open","template":"","meta":{"footnotes":""},"class_list":["post-2338","page","type-page","status-publish","hentry"],"_links":{"self":[{"href":"https:\/\/xn--hftessamlarna-bfb.se\/index.php?rest_route=\/wp\/v2\/pages\/2338","targetHints":{"allow":["GET"]}}],"collection":[{"href":"https:\/\/xn--hftessamlarna-bfb.se\/index.php?rest_route=\/wp\/v2\/pages"}],"about":[{"href":"https:\/\/xn--hftessamlarna-bfb.se\/index.php?rest_route=\/wp\/v2\/types\/page"}],"author":[{"embeddable":true,"href":"https:\/\/xn--hftessamlarna-bfb.se\/index.php?rest_route=\/wp\/v2\/users\/1"}],"replies":[{"embeddable":true,"href":"https:\/\/xn--hftessamlarna-bfb.se\/index.php?rest_route=%2Fwp%2Fv2%2Fcomments&post=2338"}],"version-history":[{"count":0,"href":"https:\/\/xn--hftessamlarna-bfb.se\/index.php?rest_route=\/wp\/v2\/pages\/2338\/revisions"}],"up":[{"embeddable":true,"href":"https:\/\/xn--hftessamlarna-bfb.se\/index.php?rest_route=\/wp\/v2\/pages\/2261"}],"wp:attachment":[{"href":"https:\/\/xn--hftessamlarna-bfb.se\/index.php?rest_route=%2Fwp%2Fv2%2Fmedia&parent=2338"}],"curies":[{"name":"wp","href":"https:\/\/api.w.org\/{rel}","templated":true}]}}