{"id":2317,"date":"2011-12-19T12:39:18","date_gmt":"2011-12-19T10:39:18","guid":{"rendered":"http:\/\/xn--hftessamlarna-bfb.se\/?page_id=2317"},"modified":"2022-06-21T17:36:27","modified_gmt":"2022-06-21T16:36:27","slug":"h452-skydda-vara-faglar","status":"publish","type":"page","link":"https:\/\/xn--hftessamlarna-bfb.se\/?page_id=2317","title":{"rendered":"H452 Skydda v\u00e5ra f\u00e5glar"},"content":{"rendered":"<p><a href=\"http:\/\/xn--hftessamlarna-bfb.se\/?attachment_id=2897\" rel=\"attachment wp-att-2897\"><img loading=\"lazy\" decoding=\"async\" class=\"aligncenter size-full wp-image-2897\" title=\"H452\" src=\"http:\/\/xn--hftessamlarna-bfb.se\/wp-content\/uploads\/H452.jpg\" alt=\"\" width=\"960\" height=\"792\" srcset=\"https:\/\/xn--hftessamlarna-bfb.se\/wp-content\/uploads\/H452.jpg 960w, https:\/\/xn--hftessamlarna-bfb.se\/wp-content\/uploads\/H452-150x123.jpg 150w, https:\/\/xn--hftessamlarna-bfb.se\/wp-content\/uploads\/H452-300x247.jpg 300w, https:\/\/xn--hftessamlarna-bfb.se\/wp-content\/uploads\/H452-363x300.jpg 363w\" sizes=\"auto, (max-width: 960px) 100vw, 960px\" \/><\/a>Utgivningsdag 1994-10-01<br \/>\nF 1865 &#8211; 1868<br \/>\n8 x 5:50, fyra motiv<br \/>\nTrycka i kombination 1 f\u00e4rg st\u00e5ltryck och 4 f\u00e4rger offset i 3:e Goebelpressen<br \/>\nInh\u00e4ftningen har gjorts i den 5:e h\u00e4ftesmaskinen<br \/>\nUpplaga ok\u00e4nd<\/p>\n<h2>Typer<\/h2>\n<p><a href=\"https:\/\/xn--hftessamlarna-bfb.se\/wp-content\/uploads\/H-0452-info-1994.jpg\"><img loading=\"lazy\" decoding=\"async\" class=\"alignnone wp-image-6914 size-medium\" src=\"https:\/\/xn--hftessamlarna-bfb.se\/wp-content\/uploads\/H-0452-info-1994-300x242.jpg\" alt=\"\" width=\"300\" height=\"242\" srcset=\"https:\/\/xn--hftessamlarna-bfb.se\/wp-content\/uploads\/H-0452-info-1994-300x242.jpg 300w, https:\/\/xn--hftessamlarna-bfb.se\/wp-content\/uploads\/H-0452-info-1994-1024x825.jpg 1024w, https:\/\/xn--hftessamlarna-bfb.se\/wp-content\/uploads\/H-0452-info-1994-150x121.jpg 150w, https:\/\/xn--hftessamlarna-bfb.se\/wp-content\/uploads\/H-0452-info-1994-768x619.jpg 768w, https:\/\/xn--hftessamlarna-bfb.se\/wp-content\/uploads\/H-0452-info-1994-372x300.jpg 372w, https:\/\/xn--hftessamlarna-bfb.se\/wp-content\/uploads\/H-0452-info-1994.jpg 1119w\" sizes=\"auto, (max-width: 300px) 100vw, 300px\" \/><\/a><\/p>\n<p><strong>A<\/strong> omslag med orange tryck<br \/>\n<strong>B<\/strong> omslag med orangebrunt tryck<\/p>\n<h2>Markeringar<\/h2>\n<p><strong>A<\/strong><br \/>\ndelat regm<br \/>\nRT 7,2 x 1,4 mm svart (smalt)<br \/>\nRT 7,2 x 1,8 mm svart (brett)<br \/>\ncyls 1<br \/>\ncyls 2<br \/>\nhelt kn centralt eller \u00f6vre raden<br \/>\ndelat kn (4\/1 | 0,5\/4,5)<\/p>\n<p><strong>B<\/strong><br \/>\ndelat regm<br \/>\nRT 7,2 x 1,4 mm svart (smalt)<br \/>\nRT 7,2 x 1,8 mm svart (brett)<br \/>\ncyls 1<br \/>\ncyls 2<br \/>\nhelt kn centralt eller undre raden<br \/>\ndelat kn (4,5\/0,5 | 4\/1 | 1\/4 | 0,5\/4,5)<\/p>\n<h2>Artiklar<\/h2>\n<p><a href=\"http:\/\/xn--hftessamlarna-bfb.se\/wp-content\/uploads\/H452-Gunnar-Struck.pdf\">H452 Gunnar Struck<\/a><\/p>\n","protected":false},"excerpt":{"rendered":"<p>Utgivningsdag 1994-10-01 F 1865 &#8211; 1868 8 x 5:50, fyra motiv Trycka i kombination 1 f\u00e4rg st\u00e5ltryck och 4 f\u00e4rger offset i 3:e Goebelpressen Inh\u00e4ftningen har gjorts i den 5:e h\u00e4ftesmaskinen Upplaga ok\u00e4nd Typer A omslag med orange tryck B &hellip; <a href=\"https:\/\/xn--hftessamlarna-bfb.se\/?page_id=2317\">Forts\u00e4tt l\u00e4sa <span class=\"meta-nav\">&rarr;<\/span><\/a><\/p>\n","protected":false},"author":1,"featured_media":0,"parent":2261,"menu_order":452,"comment_status":"open","ping_status":"open","template":"","meta":{"footnotes":""},"class_list":["post-2317","page","type-page","status-publish","hentry"],"_links":{"self":[{"href":"https:\/\/xn--hftessamlarna-bfb.se\/index.php?rest_route=\/wp\/v2\/pages\/2317","targetHints":{"allow":["GET"]}}],"collection":[{"href":"https:\/\/xn--hftessamlarna-bfb.se\/index.php?rest_route=\/wp\/v2\/pages"}],"about":[{"href":"https:\/\/xn--hftessamlarna-bfb.se\/index.php?rest_route=\/wp\/v2\/types\/page"}],"author":[{"embeddable":true,"href":"https:\/\/xn--hftessamlarna-bfb.se\/index.php?rest_route=\/wp\/v2\/users\/1"}],"replies":[{"embeddable":true,"href":"https:\/\/xn--hftessamlarna-bfb.se\/index.php?rest_route=%2Fwp%2Fv2%2Fcomments&post=2317"}],"version-history":[{"count":0,"href":"https:\/\/xn--hftessamlarna-bfb.se\/index.php?rest_route=\/wp\/v2\/pages\/2317\/revisions"}],"up":[{"embeddable":true,"href":"https:\/\/xn--hftessamlarna-bfb.se\/index.php?rest_route=\/wp\/v2\/pages\/2261"}],"wp:attachment":[{"href":"https:\/\/xn--hftessamlarna-bfb.se\/index.php?rest_route=%2Fwp%2Fv2%2Fmedia&parent=2317"}],"curies":[{"name":"wp","href":"https:\/\/api.w.org\/{rel}","templated":true}]}}