{"id":2302,"date":"2011-12-19T12:40:29","date_gmt":"2011-12-19T10:40:29","guid":{"rendered":"http:\/\/xn--hftessamlarna-bfb.se\/?page_id=2302"},"modified":"2018-06-09T13:56:29","modified_gmt":"2018-06-09T12:56:29","slug":"h438-fjarilar","status":"publish","type":"page","link":"https:\/\/xn--hftessamlarna-bfb.se\/?page_id=2302","title":{"rendered":"H438 Fj\u00e4rilar"},"content":{"rendered":"<p><a href=\"http:\/\/xn--hftessamlarna-bfb.se\/?attachment_id=2910\" rel=\"attachment wp-att-2910\"><img loading=\"lazy\" decoding=\"async\" class=\"aligncenter size-full wp-image-2910\" title=\"H438\" src=\"http:\/\/xn--hftessamlarna-bfb.se\/wp-content\/uploads\/H438.jpg\" alt=\"\" width=\"960\" height=\"465\" srcset=\"https:\/\/xn--hftessamlarna-bfb.se\/wp-content\/uploads\/H438.jpg 960w, https:\/\/xn--hftessamlarna-bfb.se\/wp-content\/uploads\/H438-150x72.jpg 150w, https:\/\/xn--hftessamlarna-bfb.se\/wp-content\/uploads\/H438-300x145.jpg 300w, https:\/\/xn--hftessamlarna-bfb.se\/wp-content\/uploads\/H438-500x242.jpg 500w\" sizes=\"auto, (max-width: 960px) 100vw, 960px\" \/><\/a>Utgivningsdag 1993-05-21<br \/>\nF 1798 &#8211; 1801<br \/>\n8 x 6 kr, fyra motiv<br \/>\nTryckta i kombination 1 f\u00e4rg st\u00e5ltryck och 4 f\u00e4rger offset i 3:e Goebelpressen<br \/>\nInh\u00e4ftningen har gjorts i den 5:e h\u00e4ftesmaskinen<br \/>\nUpplaga ok\u00e4nd<\/p>\n<h2>Ny indelning juni 2018<\/h2>\n<h2>Typer<\/h2>\n<p><strong>A<\/strong> Omslag med smutsig vitmedelsreaktion i UV-ljus<br \/>\n<strong>B<\/strong> Omslag med ren, vit vitmedelsreaktion i UV-ljus<\/p>\n<h2>Markeringar<\/h2>\n<p>RT 7,2 x 1,4 mm svart (smalt)<br \/>\nRT 7,2 x 1,8 mm svart (brett)<br \/>\ncyls 1<br \/>\ncyls 2 slinga\/fot<br \/>\nhelt kn G3 (3 mm)<\/p>\n<h2>Bilder varianter<\/h2>\n<div id=\"attachment_3913\" style=\"width: 310px\" class=\"wp-caption alignleft\"><a href=\"http:\/\/xn--hftessamlarna-bfb.se\/wp-content\/uploads\/H438blattstreck.jpg\" rel=\"attachment wp-att-3913\"><img loading=\"lazy\" decoding=\"async\" aria-describedby=\"caption-attachment-3913\" class=\" wp-image-3913 size-medium\" src=\"http:\/\/xn--hftessamlarna-bfb.se\/wp-content\/uploads\/H438blattstreck-300x160.jpg\" alt=\"H438blattstreck\" width=\"300\" height=\"160\" srcset=\"https:\/\/xn--hftessamlarna-bfb.se\/wp-content\/uploads\/H438blattstreck-300x160.jpg 300w, https:\/\/xn--hftessamlarna-bfb.se\/wp-content\/uploads\/H438blattstreck-150x80.jpg 150w, https:\/\/xn--hftessamlarna-bfb.se\/wp-content\/uploads\/H438blattstreck-1024x547.jpg 1024w, https:\/\/xn--hftessamlarna-bfb.se\/wp-content\/uploads\/H438blattstreck-500x267.jpg 500w, https:\/\/xn--hftessamlarna-bfb.se\/wp-content\/uploads\/H438blattstreck.jpg 1143w\" sizes=\"auto, (max-width: 300px) 100vw, 300px\" \/><\/a><p id=\"caption-attachment-3913\" class=\"wp-caption-text\">Bl\u00e5tt streck \u00f6ver Sverige<\/p><\/div>\n<h2>Artiklar<\/h2>\n<p><a href=\"http:\/\/xn--hftessamlarna-bfb.se\/wp-content\/uploads\/H438-Gunnar-Struck.pdf\">H438 Gunnar Struck<\/a><\/p>\n","protected":false},"excerpt":{"rendered":"<p>Utgivningsdag 1993-05-21 F 1798 &#8211; 1801 8 x 6 kr, fyra motiv Tryckta i kombination 1 f\u00e4rg st\u00e5ltryck och 4 f\u00e4rger offset i 3:e Goebelpressen Inh\u00e4ftningen har gjorts i den 5:e h\u00e4ftesmaskinen Upplaga ok\u00e4nd Ny indelning juni 2018 Typer A &hellip; <a href=\"https:\/\/xn--hftessamlarna-bfb.se\/?page_id=2302\">Forts\u00e4tt l\u00e4sa <span class=\"meta-nav\">&rarr;<\/span><\/a><\/p>\n","protected":false},"author":1,"featured_media":0,"parent":2261,"menu_order":438,"comment_status":"open","ping_status":"open","template":"","meta":{"footnotes":""},"class_list":["post-2302","page","type-page","status-publish","hentry"],"_links":{"self":[{"href":"https:\/\/xn--hftessamlarna-bfb.se\/index.php?rest_route=\/wp\/v2\/pages\/2302","targetHints":{"allow":["GET"]}}],"collection":[{"href":"https:\/\/xn--hftessamlarna-bfb.se\/index.php?rest_route=\/wp\/v2\/pages"}],"about":[{"href":"https:\/\/xn--hftessamlarna-bfb.se\/index.php?rest_route=\/wp\/v2\/types\/page"}],"author":[{"embeddable":true,"href":"https:\/\/xn--hftessamlarna-bfb.se\/index.php?rest_route=\/wp\/v2\/users\/1"}],"replies":[{"embeddable":true,"href":"https:\/\/xn--hftessamlarna-bfb.se\/index.php?rest_route=%2Fwp%2Fv2%2Fcomments&post=2302"}],"version-history":[{"count":0,"href":"https:\/\/xn--hftessamlarna-bfb.se\/index.php?rest_route=\/wp\/v2\/pages\/2302\/revisions"}],"up":[{"embeddable":true,"href":"https:\/\/xn--hftessamlarna-bfb.se\/index.php?rest_route=\/wp\/v2\/pages\/2261"}],"wp:attachment":[{"href":"https:\/\/xn--hftessamlarna-bfb.se\/index.php?rest_route=%2Fwp%2Fv2%2Fmedia&parent=2302"}],"curies":[{"name":"wp","href":"https:\/\/api.w.org\/{rel}","templated":true}]}}