{"id":2289,"date":"2011-12-19T12:40:29","date_gmt":"2011-12-19T10:40:29","guid":{"rendered":"http:\/\/xn--hftessamlarna-bfb.se\/?page_id=2289"},"modified":"2022-11-21T17:51:04","modified_gmt":"2022-11-21T16:51:04","slug":"h426-kamratposten-100-ar","status":"publish","type":"page","link":"https:\/\/xn--hftessamlarna-bfb.se\/?page_id=2289","title":{"rendered":"H426 Rabattfrim\u00e4rken XIV \u2013 Kamratposten 100 \u00e5r"},"content":{"rendered":"<p><a href=\"http:\/\/xn--hftessamlarna-bfb.se\/?attachment_id=2922\" rel=\"attachment wp-att-2922\"><img loading=\"lazy\" decoding=\"async\" class=\"aligncenter size-full wp-image-2922\" title=\"H426\" src=\"http:\/\/xn--hftessamlarna-bfb.se\/wp-content\/uploads\/H426.jpg\" alt=\"\" width=\"960\" height=\"657\" srcset=\"https:\/\/xn--hftessamlarna-bfb.se\/wp-content\/uploads\/H426.jpg 960w, https:\/\/xn--hftessamlarna-bfb.se\/wp-content\/uploads\/H426-150x102.jpg 150w, https:\/\/xn--hftessamlarna-bfb.se\/wp-content\/uploads\/H426-300x205.jpg 300w, https:\/\/xn--hftessamlarna-bfb.se\/wp-content\/uploads\/H426-438x300.jpg 438w\" sizes=\"auto, (max-width: 960px) 100vw, 960px\" \/><\/a>Utgivningsdag 1992-05-21<br \/>\nF 1734 &#8211; 1737<br \/>\n20 x 2:50, fyra motiv<br \/>\nTryckta i 4 f\u00e4rger offset i 3:e Goebelpressen<br \/>\nInh\u00e4ftningen har gjorts i b\u00e5da h\u00e4ftesmaskinerna. Detta ger upphov till tv\u00e5 h\u00e4ftestyper<br \/>\nUpplaga 4,38 miljoner h\u00e4ften<\/p>\n<h2>Typer<\/h2>\n<p><strong><strong>A<\/strong><\/strong> omslag i boktryck, b=55<\/p>\n<p><strong><strong>A1<\/strong><\/strong> ljust rosalila tryck<strong><br \/>\nA1a<\/strong> inlagans gula f\u00e4rg ej fluorescerande<br \/>\n<strong>A1b<\/strong> inlagans gula f\u00e4rg fluorescerande<\/p>\n<p><strong>A2<\/strong> med m\u00f6rklila tryck<br \/>\n<strong>A2a<\/strong> inlagans gula f\u00e4rg ej fluorescerande<br \/>\n<strong>A2b<\/strong> inlagans gula f\u00e4rg fluorescerande<\/p>\n<p><strong><strong>B<\/strong><\/strong>\u00a0omslag i offset, b=53<strong><br \/>\nBa<\/strong> inlagans gula f\u00e4rg ej fluorescerande<br \/>\n<strong>Bb<\/strong> inlagans gula f\u00e4rg fluorescerande<\/p>\n<h2>Markeringar<\/h2>\n<p><strong>A1a<\/strong><br \/>\nhelt regm<br \/>\nRT 8 x 2 mm svart<br \/>\ncyls 1<br \/>\ncyls 2<br \/>\nhelt kn G3<\/p>\n<p><strong>A1b<\/strong><br \/>\nhelt regm<br \/>\nRT 8 x 2 mm svart<br \/>\ncyls 1<br \/>\ncyls 2<br \/>\nhelt kn G3<\/p>\n<p><strong>A2a<\/strong><br \/>\nhelt regm<br \/>\nRT 8 x 2 mm svart<br \/>\ncyls 1<br \/>\ncyls 2<br \/>\nhelt kn G3<\/p>\n<p><strong>A2b<\/strong><br \/>\nhelt regm<br \/>\nRT 8 x 2 mm svart<br \/>\ncyls 1<br \/>\ncyls 2<br \/>\nhelt kn G3<\/p>\n<p><strong>Ba<\/strong><br \/>\nhelt regm<br \/>\nRT 7,2 x 1,4 mm svart (smalt)<br \/>\nRT 7,2 x 1,8 mm svart (brett)<br \/>\ncyls 1<br \/>\ncyls 2<br \/>\nhelt kn G3<\/p>\n<p><strong>Bb<\/strong><br \/>\nhelt regm<br \/>\nRT 7,2 x 1,4 mm svart (smalt)<br \/>\nRT 7,2 x 1,8 mm svart (brett)<br \/>\ncyls 1<br \/>\ncyls 2<br \/>\nhelt kn G3<\/p>\n<h2>\u00d6vrigt<\/h2>\n<p>(<strong>Ba<\/strong>) f\u00e4rgade fyrkanter i IR<\/p>\n<h2>Artiklar<\/h2>\n<p><a href=\"http:\/\/xn--hftessamlarna-bfb.se\/wp-content\/uploads\/H426-Gunnar-Struck.pdf\">H426 Gunnar Struck<\/a><\/p>\n","protected":false},"excerpt":{"rendered":"<p>Utgivningsdag 1992-05-21 F 1734 &#8211; 1737 20 x 2:50, fyra motiv Tryckta i 4 f\u00e4rger offset i 3:e Goebelpressen Inh\u00e4ftningen har gjorts i b\u00e5da h\u00e4ftesmaskinerna. Detta ger upphov till tv\u00e5 h\u00e4ftestyper Upplaga 4,38 miljoner h\u00e4ften Typer A omslag i boktryck, &hellip; <a href=\"https:\/\/xn--hftessamlarna-bfb.se\/?page_id=2289\">Forts\u00e4tt l\u00e4sa <span class=\"meta-nav\">&rarr;<\/span><\/a><\/p>\n","protected":false},"author":1,"featured_media":0,"parent":2261,"menu_order":426,"comment_status":"open","ping_status":"open","template":"","meta":{"footnotes":""},"class_list":["post-2289","page","type-page","status-publish","hentry"],"_links":{"self":[{"href":"https:\/\/xn--hftessamlarna-bfb.se\/index.php?rest_route=\/wp\/v2\/pages\/2289","targetHints":{"allow":["GET"]}}],"collection":[{"href":"https:\/\/xn--hftessamlarna-bfb.se\/index.php?rest_route=\/wp\/v2\/pages"}],"about":[{"href":"https:\/\/xn--hftessamlarna-bfb.se\/index.php?rest_route=\/wp\/v2\/types\/page"}],"author":[{"embeddable":true,"href":"https:\/\/xn--hftessamlarna-bfb.se\/index.php?rest_route=\/wp\/v2\/users\/1"}],"replies":[{"embeddable":true,"href":"https:\/\/xn--hftessamlarna-bfb.se\/index.php?rest_route=%2Fwp%2Fv2%2Fcomments&post=2289"}],"version-history":[{"count":0,"href":"https:\/\/xn--hftessamlarna-bfb.se\/index.php?rest_route=\/wp\/v2\/pages\/2289\/revisions"}],"up":[{"embeddable":true,"href":"https:\/\/xn--hftessamlarna-bfb.se\/index.php?rest_route=\/wp\/v2\/pages\/2261"}],"wp:attachment":[{"href":"https:\/\/xn--hftessamlarna-bfb.se\/index.php?rest_route=%2Fwp%2Fv2%2Fmedia&parent=2289"}],"curies":[{"name":"wp","href":"https:\/\/api.w.org\/{rel}","templated":true}]}}