{"id":2269,"date":"2011-12-19T12:41:07","date_gmt":"2011-12-19T10:41:07","guid":{"rendered":"http:\/\/xn--hftessamlarna-bfb.se\/?page_id=2269"},"modified":"2021-04-30T11:59:04","modified_gmt":"2021-04-30T10:59:04","slug":"h408-carl-michael-bellman-och-evert-taube","status":"publish","type":"page","link":"https:\/\/xn--hftessamlarna-bfb.se\/?page_id=2269","title":{"rendered":"H408 Carl Michael Bellman och Evert Taube"},"content":{"rendered":"<p><a href=\"http:\/\/xn--hftessamlarna-bfb.se\/?attachment_id=2949\" rel=\"attachment wp-att-2949\"><img loading=\"lazy\" decoding=\"async\" class=\"aligncenter size-full wp-image-2949\" title=\"H408\" src=\"http:\/\/xn--hftessamlarna-bfb.se\/wp-content\/uploads\/H408.jpg\" alt=\"\" width=\"960\" height=\"737\" srcset=\"https:\/\/xn--hftessamlarna-bfb.se\/wp-content\/uploads\/H408.jpg 960w, https:\/\/xn--hftessamlarna-bfb.se\/wp-content\/uploads\/H408-150x115.jpg 150w, https:\/\/xn--hftessamlarna-bfb.se\/wp-content\/uploads\/H408-300x230.jpg 300w, https:\/\/xn--hftessamlarna-bfb.se\/wp-content\/uploads\/H408-390x300.jpg 390w\" sizes=\"auto, (max-width: 960px) 100vw, 960px\" \/><\/a>Utgivningsdag 1990-08-08<br \/>\nF 1640 &#8211; 1645<br \/>\n6 x 2:50, sex motiv<br \/>\nTryckta i kombination 3 f\u00e4rger st\u00e5ltryck och 4 f\u00e4rger offset i 3:e Goebelpressen<br \/>\nInh\u00e4ftningen har gjorts i den 5:e h\u00e4ftesmaskinen. Inh\u00e4ftningsremsan \u00e4r linjeperforerad<br \/>\nUpplaga 1,51 miljoner h\u00e4ften<\/p>\n<h2>Ny indelning juni 2018<\/h2>\n<h2>Typer<\/h2>\n<p><strong>A<\/strong> Omslag med smutsig vitmedelsreaktion i UV-ljus<br \/>\n<strong>B<\/strong> Omslag med ren, vit vitmedelsreaktion i UV-ljus<\/p>\n<div id=\"attachment_3769\" style=\"width: 476px\" class=\"wp-caption alignleft\"><a href=\"http:\/\/xn--hftessamlarna-bfb.se\/?attachment_id=3769\" rel=\"attachment wp-att-3769\"><img loading=\"lazy\" decoding=\"async\" aria-describedby=\"caption-attachment-3769\" class=\"  wp-image-3769\" src=\"http:\/\/xn--hftessamlarna-bfb.se\/wp-content\/uploads\/H408ABflour.jpg\" alt=\"H408ABflour\" width=\"466\" height=\"261\" srcset=\"https:\/\/xn--hftessamlarna-bfb.se\/wp-content\/uploads\/H408ABflour.jpg 972w, https:\/\/xn--hftessamlarna-bfb.se\/wp-content\/uploads\/H408ABflour-150x83.jpg 150w, https:\/\/xn--hftessamlarna-bfb.se\/wp-content\/uploads\/H408ABflour-300x167.jpg 300w, https:\/\/xn--hftessamlarna-bfb.se\/wp-content\/uploads\/H408ABflour-500x279.jpg 500w\" sizes=\"auto, (max-width: 466px) 100vw, 466px\" \/><\/a><p id=\"caption-attachment-3769\" class=\"wp-caption-text\">A smutsig &#8211; B ren, vit<\/p><\/div>\n<h2>Markeringar<\/h2>\n<div id=\"attachment_6073\" style=\"width: 310px\" class=\"wp-caption alignnone\"><a href=\"https:\/\/xn--hftessamlarna-bfb.se\/wp-content\/uploads\/H408info.jpg\"><img loading=\"lazy\" decoding=\"async\" aria-describedby=\"caption-attachment-6073\" class=\"wp-image-6073 size-medium\" src=\"https:\/\/xn--hftessamlarna-bfb.se\/wp-content\/uploads\/H408info-300x153.jpg\" alt=\"\" width=\"300\" height=\"153\" srcset=\"https:\/\/xn--hftessamlarna-bfb.se\/wp-content\/uploads\/H408info-300x153.jpg 300w, https:\/\/xn--hftessamlarna-bfb.se\/wp-content\/uploads\/H408info-150x77.jpg 150w, https:\/\/xn--hftessamlarna-bfb.se\/wp-content\/uploads\/H408info-500x256.jpg 500w, https:\/\/xn--hftessamlarna-bfb.se\/wp-content\/uploads\/H408info.jpg 716w\" sizes=\"auto, (max-width: 300px) 100vw, 300px\" \/><\/a><p id=\"caption-attachment-6073\" class=\"wp-caption-text\">s\u00e5 skiljer man N och R<\/p><\/div>\n<p><strong>R<\/strong> 4,4 mm mellan nedre v\u00e4nstra frim\u00e4rken<br \/>\ndelat regm<br \/>\nRT 7,2 x 1,4 mm svart (smalt)<br \/>\nRT 7,2 x 1,8 mm svart (brett)<\/p>\n<p><strong>N<\/strong> 4,0 mm mellan nedre v\u00e4nstra frim\u00e4rken<br \/>\ndelat regm<br \/>\nRT 7,2 x 1,4 mm svart (smalt)<br \/>\nRT 7,2 x 1,8 mm svart (brett)<br \/>\ncyls 1<br \/>\ncyls 2<\/p>\n<h2>\u00d6vrigt<\/h2>\n<p>Pl\u00e5tskarvlinje mellan frim\u00e4rksraderna i IR<\/p>\n<h2>L\u00e4s mer<\/h2>\n<p>L\u00e4s mer p\u00e5 Wikipedia:<\/p>\n<ul>\n<li><a href=\"https:\/\/sv.wikipedia.org\/wiki\/Carl_Michael_Bellman\" target=\"_blank\" rel=\"noopener noreferrer\">Carl Michael Bellman<\/a><\/li>\n<li><a href=\"https:\/\/sv.wikipedia.org\/wiki\/Evert_Taube\" target=\"_blank\" rel=\"noopener noreferrer\">Evert Taube<\/a><\/li>\n<\/ul>\n","protected":false},"excerpt":{"rendered":"<p>Utgivningsdag 1990-08-08 F 1640 &#8211; 1645 6 x 2:50, sex motiv Tryckta i kombination 3 f\u00e4rger st\u00e5ltryck och 4 f\u00e4rger offset i 3:e Goebelpressen Inh\u00e4ftningen har gjorts i den 5:e h\u00e4ftesmaskinen. Inh\u00e4ftningsremsan \u00e4r linjeperforerad Upplaga 1,51 miljoner h\u00e4ften Ny indelning &hellip; <a href=\"https:\/\/xn--hftessamlarna-bfb.se\/?page_id=2269\">Forts\u00e4tt l\u00e4sa <span class=\"meta-nav\">&rarr;<\/span><\/a><\/p>\n","protected":false},"author":1,"featured_media":0,"parent":2261,"menu_order":408,"comment_status":"open","ping_status":"open","template":"","meta":{"footnotes":""},"class_list":["post-2269","page","type-page","status-publish","hentry"],"_links":{"self":[{"href":"https:\/\/xn--hftessamlarna-bfb.se\/index.php?rest_route=\/wp\/v2\/pages\/2269","targetHints":{"allow":["GET"]}}],"collection":[{"href":"https:\/\/xn--hftessamlarna-bfb.se\/index.php?rest_route=\/wp\/v2\/pages"}],"about":[{"href":"https:\/\/xn--hftessamlarna-bfb.se\/index.php?rest_route=\/wp\/v2\/types\/page"}],"author":[{"embeddable":true,"href":"https:\/\/xn--hftessamlarna-bfb.se\/index.php?rest_route=\/wp\/v2\/users\/1"}],"replies":[{"embeddable":true,"href":"https:\/\/xn--hftessamlarna-bfb.se\/index.php?rest_route=%2Fwp%2Fv2%2Fcomments&post=2269"}],"version-history":[{"count":0,"href":"https:\/\/xn--hftessamlarna-bfb.se\/index.php?rest_route=\/wp\/v2\/pages\/2269\/revisions"}],"up":[{"embeddable":true,"href":"https:\/\/xn--hftessamlarna-bfb.se\/index.php?rest_route=\/wp\/v2\/pages\/2261"}],"wp:attachment":[{"href":"https:\/\/xn--hftessamlarna-bfb.se\/index.php?rest_route=%2Fwp%2Fv2%2Fmedia&parent=2269"}],"curies":[{"name":"wp","href":"https:\/\/api.w.org\/{rel}","templated":true}]}}