{"id":205,"date":"2011-10-16T15:04:15","date_gmt":"2011-10-16T13:04:15","guid":{"rendered":"http:\/\/xn--hftessamlarna-bfb.se\/?page_id=205"},"modified":"2025-05-02T07:49:51","modified_gmt":"2025-05-02T06:49:51","slug":"om-haftessamlarna","status":"publish","type":"page","link":"https:\/\/xn--hftessamlarna-bfb.se\/?page_id=205","title":{"rendered":"Styrelse"},"content":{"rendered":"<p><strong>Bilder till hemsidan kan skickas till<\/strong>: <a href=\"mailto:info@haftessamlarna.se\">info@haftessamlarna.se<\/a><\/p>\n<p>Stadgar f\u00f6r <a href=\"https:\/\/xn--hftessamlarna-bfb.se\/wp-content\/uploads\/Stadgar-Haftessamlarna.pdf\">Stadgar Ha\u0308ftessamlarna<\/a><\/p>\n<h1>I styrelsen sitter:<\/h1>\n<p><strong>Ordf\u00f6rande<\/strong>:\u00a0 Bo G\u00f6ransson, Emil Spelares v\u00e4g 4, 395\u00a097\u00a0 L\u00e4ckeby<br \/>\nmobil 070-4460419. e-mail: <a>bogoransson06@gmail.com<\/a><\/p>\n<p><strong>Vice ordf\u00f6randen:<\/strong> Lars Nordberg, Maskinm\u00e4staregatan 2, 233 43 Svedala<br \/>\ntel. 0725-446598<\/p>\n<p><strong>Kass\u00f6r<\/strong>: Robert Forsberg, Trohetsv\u00e4gen 9, 128 38 Skarpn\u00e4ck,<br \/>\ntel. 070-8157447<\/p>\n<p><strong>Ledamot<\/strong>: Thomas Kinell, Fru\u00e4ngsgatan 25C, 611 30 Nyk\u00f6ping<br \/>\ntel. 072-7351458<\/p>\n<p><strong>Sekreterare<\/strong>: Sven Erik Mattsson, Uardav\u00e4gen 8 A, 224 71 LUND<br \/>\ntel. 070-6067564<strong><br \/>\n<\/strong><\/p>\n<p><strong>Suppleant<\/strong>: Lars-G\u00f6ran Bertilsson, Stockholmsv\u00e4gen 1, 611 33\u00a0 Nyk\u00f6ping<br \/>\nmobil\u00a0 070-5460249<\/p>\n<p><strong>Suppleant<\/strong>: Lennart Wiberg, Sallerupsv\u00e4gen 87, lgh 1404, 212 28 Malm\u00f6<br \/>\ntel. 0733-180085<\/p>\n<h2>Redaktionskommitt\u00e9 f\u00f6r H\u00e4ftessamlaren och www.h\u00e4ftessamlarna.se:<\/h2>\n<p><strong>Redakt\u00f6r<\/strong>: Lars Nordberg, Maskinm\u00e4staregatan 2, 233 43 Svedala<br \/>\ntel. 0725-446598<\/p>\n<h2>Kontaktm\u00e4n f\u00f6r regionala HS:<\/h2>\n<p><strong>HS Central<\/strong>: Robert Forsberg, Trohetsv\u00e4gen 9, 128 38 Skarpn\u00e4ck,<br \/>\ntel. 0708-157444<br \/>\n<strong>HS \u00d6st<\/strong>: Thomas Kinell, Fru\u00e4ngsgatan 25C, 611 30 Nyk\u00f6ping<br \/>\ntel. 0155-286113<br \/>\n<strong>HS Syd<\/strong>: Lennart Wiberg, Sallerupsv\u00e4gen 87, lgh 1404, 212 28 Malm\u00f6<br \/>\ntel. 0733-180085<br \/>\n<strong>HS V\u00e4st<\/strong>: Erik Hultman, V\u00e4stg\u00f6tagatan 5, 504 38 Bor\u00e5s<br \/>\ntel. 033-410022<\/p>\n","protected":false},"excerpt":{"rendered":"<p>Bilder till hemsidan kan skickas till: info@haftessamlarna.se Stadgar f\u00f6r Stadgar Ha\u0308ftessamlarna I styrelsen sitter: Ordf\u00f6rande:\u00a0 Bo G\u00f6ransson, Emil Spelares v\u00e4g 4, 395\u00a097\u00a0 L\u00e4ckeby mobil 070-4460419. e-mail: bogoransson06@gmail.com Vice ordf\u00f6randen: Lars Nordberg, Maskinm\u00e4staregatan 2, 233 43 Svedala tel. 0725-446598 Kass\u00f6r: Robert &hellip; <a href=\"https:\/\/xn--hftessamlarna-bfb.se\/?page_id=205\">Forts\u00e4tt l\u00e4sa <span class=\"meta-nav\">&rarr;<\/span><\/a><\/p>\n","protected":false},"author":1,"featured_media":0,"parent":0,"menu_order":100,"comment_status":"closed","ping_status":"closed","template":"","meta":{"footnotes":""},"class_list":["post-205","page","type-page","status-publish","hentry"],"_links":{"self":[{"href":"https:\/\/xn--hftessamlarna-bfb.se\/index.php?rest_route=\/wp\/v2\/pages\/205","targetHints":{"allow":["GET"]}}],"collection":[{"href":"https:\/\/xn--hftessamlarna-bfb.se\/index.php?rest_route=\/wp\/v2\/pages"}],"about":[{"href":"https:\/\/xn--hftessamlarna-bfb.se\/index.php?rest_route=\/wp\/v2\/types\/page"}],"author":[{"embeddable":true,"href":"https:\/\/xn--hftessamlarna-bfb.se\/index.php?rest_route=\/wp\/v2\/users\/1"}],"replies":[{"embeddable":true,"href":"https:\/\/xn--hftessamlarna-bfb.se\/index.php?rest_route=%2Fwp%2Fv2%2Fcomments&post=205"}],"version-history":[{"count":0,"href":"https:\/\/xn--hftessamlarna-bfb.se\/index.php?rest_route=\/wp\/v2\/pages\/205\/revisions"}],"wp:attachment":[{"href":"https:\/\/xn--hftessamlarna-bfb.se\/index.php?rest_route=%2Fwp%2Fv2%2Fmedia&parent=205"}],"curies":[{"name":"wp","href":"https:\/\/api.w.org\/{rel}","templated":true}]}}