{"id":189,"date":"2011-10-16T14:26:30","date_gmt":"2011-10-16T12:26:30","guid":{"rendered":"http:\/\/xn--hftessamlarna-bfb.se\/?page_id=189"},"modified":"2021-04-17T10:30:12","modified_gmt":"2021-04-17T09:30:12","slug":"olika-omslag","status":"publish","type":"page","link":"https:\/\/xn--hftessamlarna-bfb.se\/?page_id=189","title":{"rendered":"Olika omslag"},"content":{"rendered":"<h1>Olika omslag<\/h1>\n<p>Ett frim\u00e4rksh\u00e4fte kan ges ut med olika omslag trots att inlagan \u00e4r identisk!<\/p>\n<p><a href=\"http:\/\/xn--hftessamlarna-bfb.se\/?attachment_id=191\" rel=\"attachment wp-att-191\"><img loading=\"lazy\" decoding=\"async\" class=\"aligncenter size-full wp-image-191\" title=\"H93A\" src=\"http:\/\/h\u00e4ftessamlarna.se\/wp-content\/uploads\/H93A.jpg\" alt=\"\" width=\"595\" height=\"163\" srcset=\"https:\/\/xn--hftessamlarna-bfb.se\/wp-content\/uploads\/H93A.jpg 595w, https:\/\/xn--hftessamlarna-bfb.se\/wp-content\/uploads\/H93A-150x41.jpg 150w, https:\/\/xn--hftessamlarna-bfb.se\/wp-content\/uploads\/H93A-300x82.jpg 300w, https:\/\/xn--hftessamlarna-bfb.se\/wp-content\/uploads\/H93A-500x136.jpg 500w\" sizes=\"auto, (max-width: 595px) 100vw, 595px\" \/><\/a>H93A Papper fr\u00e5n tv\u00e5 olika leveranser har anv\u00e4nts och det medf\u00f6r att tv\u00e5 varianter (typer) finns av samma h\u00e4fte.<\/p>\n<p><a href=\"http:\/\/xn--hftessamlarna-bfb.se\/?attachment_id=192\" rel=\"attachment wp-att-192\"><img loading=\"lazy\" decoding=\"async\" class=\"aligncenter size-full wp-image-192\" title=\"H93B\" src=\"http:\/\/h\u00e4ftessamlarna.se\/wp-content\/uploads\/H93B.jpg\" alt=\"\" width=\"595\" height=\"161\" srcset=\"https:\/\/xn--hftessamlarna-bfb.se\/wp-content\/uploads\/H93B.jpg 595w, https:\/\/xn--hftessamlarna-bfb.se\/wp-content\/uploads\/H93B-150x40.jpg 150w, https:\/\/xn--hftessamlarna-bfb.se\/wp-content\/uploads\/H93B-300x81.jpg 300w, https:\/\/xn--hftessamlarna-bfb.se\/wp-content\/uploads\/H93B-500x135.jpg 500w\" sizes=\"auto, (max-width: 595px) 100vw, 595px\" \/><\/a>H93B Gr\u00e5are f\u00e4rg p\u00e5 pappret.<\/p>\n<p><a href=\"http:\/\/xn--hftessamlarna-bfb.se\/?attachment_id=193\" rel=\"attachment wp-att-193\"><img loading=\"lazy\" decoding=\"async\" class=\"aligncenter size-full wp-image-193\" title=\"H235A\" src=\"http:\/\/h\u00e4ftessamlarna.se\/wp-content\/uploads\/H235A.jpg\" alt=\"\" width=\"595\" height=\"231\" srcset=\"https:\/\/xn--hftessamlarna-bfb.se\/wp-content\/uploads\/H235A.jpg 595w, https:\/\/xn--hftessamlarna-bfb.se\/wp-content\/uploads\/H235A-150x58.jpg 150w, https:\/\/xn--hftessamlarna-bfb.se\/wp-content\/uploads\/H235A-300x116.jpg 300w, https:\/\/xn--hftessamlarna-bfb.se\/wp-content\/uploads\/H235A-500x194.jpg 500w\" sizes=\"auto, (max-width: 595px) 100vw, 595px\" \/><\/a><span style=\"font-family: Arial,Helvetica,sans-serif;\">H235A H\u00e4r har man anv\u00e4nt gult papper.<\/span><\/p>\n<p><span style=\"font-family: Arial, Helvetica, sans-serif; font-size: small;\"><a href=\"http:\/\/xn--hftessamlarna-bfb.se\/?attachment_id=194\" rel=\"attachment wp-att-194\"><img loading=\"lazy\" decoding=\"async\" class=\"aligncenter size-full wp-image-194\" title=\"H235B\" src=\"http:\/\/h\u00e4ftessamlarna.se\/wp-content\/uploads\/H235B.jpg\" alt=\"\" width=\"595\" height=\"230\" srcset=\"https:\/\/xn--hftessamlarna-bfb.se\/wp-content\/uploads\/H235B.jpg 595w, https:\/\/xn--hftessamlarna-bfb.se\/wp-content\/uploads\/H235B-150x57.jpg 150w, https:\/\/xn--hftessamlarna-bfb.se\/wp-content\/uploads\/H235B-300x115.jpg 300w, https:\/\/xn--hftessamlarna-bfb.se\/wp-content\/uploads\/H235B-500x193.jpg 500w\" sizes=\"auto, (max-width: 595px) 100vw, 595px\" \/><\/a><\/span>H235B H\u00e4r har man anv\u00e4nt r\u00f6tt papper.<\/p>\n<p><a href=\"http:\/\/xn--hftessamlarna-bfb.se\/?attachment_id=195\" rel=\"attachment wp-att-195\"><img loading=\"lazy\" decoding=\"async\" class=\"aligncenter size-full wp-image-195\" title=\"H234A\" src=\"http:\/\/h\u00e4ftessamlarna.se\/wp-content\/uploads\/H234A.jpg\" alt=\"\" width=\"595\" height=\"163\" srcset=\"https:\/\/xn--hftessamlarna-bfb.se\/wp-content\/uploads\/H234A.jpg 595w, https:\/\/xn--hftessamlarna-bfb.se\/wp-content\/uploads\/H234A-150x41.jpg 150w, https:\/\/xn--hftessamlarna-bfb.se\/wp-content\/uploads\/H234A-300x82.jpg 300w, https:\/\/xn--hftessamlarna-bfb.se\/wp-content\/uploads\/H234A-500x136.jpg 500w\" sizes=\"auto, (max-width: 595px) 100vw, 595px\" \/><\/a>H234A Svensk text.<\/p>\n<p><a href=\"http:\/\/xn--hftessamlarna-bfb.se\/?attachment_id=196\" rel=\"attachment wp-att-196\"><img loading=\"lazy\" decoding=\"async\" class=\"aligncenter size-full wp-image-196\" title=\"H234B\" src=\"http:\/\/h\u00e4ftessamlarna.se\/wp-content\/uploads\/H234B.jpg\" alt=\"\" width=\"595\" height=\"162\" srcset=\"https:\/\/xn--hftessamlarna-bfb.se\/wp-content\/uploads\/H234B.jpg 595w, https:\/\/xn--hftessamlarna-bfb.se\/wp-content\/uploads\/H234B-150x40.jpg 150w, https:\/\/xn--hftessamlarna-bfb.se\/wp-content\/uploads\/H234B-300x81.jpg 300w, https:\/\/xn--hftessamlarna-bfb.se\/wp-content\/uploads\/H234B-500x136.jpg 500w\" sizes=\"auto, (max-width: 595px) 100vw, 595px\" \/><\/a>H234B Engelsk text. Man har dessutom bytt f\u00e4rg p\u00e5 pappret.<\/p>\n<p><a href=\"http:\/\/xn--hftessamlarna-bfb.se\/?attachment_id=197\" rel=\"attachment wp-att-197\"><img loading=\"lazy\" decoding=\"async\" class=\"aligncenter size-full wp-image-197\" title=\"H79A\" src=\"http:\/\/h\u00e4ftessamlarna.se\/wp-content\/uploads\/H79A.jpg\" alt=\"\" width=\"595\" height=\"163\" srcset=\"https:\/\/xn--hftessamlarna-bfb.se\/wp-content\/uploads\/H79A.jpg 595w, https:\/\/xn--hftessamlarna-bfb.se\/wp-content\/uploads\/H79A-150x41.jpg 150w, https:\/\/xn--hftessamlarna-bfb.se\/wp-content\/uploads\/H79A-300x82.jpg 300w, https:\/\/xn--hftessamlarna-bfb.se\/wp-content\/uploads\/H79A-500x136.jpg 500w\" sizes=\"auto, (max-width: 595px) 100vw, 595px\" \/><\/a>H79A Traditionell text som bara talar om hur m\u00e5nga frim\u00e4rken h\u00e4ftet inneh\u00e5ller samt val\u00f6r.<\/p>\n<p><a href=\"http:\/\/xn--hftessamlarna-bfb.se\/?attachment_id=198\" rel=\"attachment wp-att-198\"><img loading=\"lazy\" decoding=\"async\" class=\"aligncenter size-full wp-image-198\" title=\"H79B1\" src=\"http:\/\/h\u00e4ftessamlarna.se\/wp-content\/uploads\/H79B1.jpg\" alt=\"\" width=\"595\" height=\"162\" srcset=\"https:\/\/xn--hftessamlarna-bfb.se\/wp-content\/uploads\/H79B1.jpg 595w, https:\/\/xn--hftessamlarna-bfb.se\/wp-content\/uploads\/H79B1-150x40.jpg 150w, https:\/\/xn--hftessamlarna-bfb.se\/wp-content\/uploads\/H79B1-300x81.jpg 300w, https:\/\/xn--hftessamlarna-bfb.se\/wp-content\/uploads\/H79B1-500x136.jpg 500w\" sizes=\"auto, (max-width: 595px) 100vw, 595px\" \/><\/a>H79B H\u00e4r framg\u00e5r det \u00e4ven vilket frim\u00e4rke (motiv) som finns i h\u00e4ftet. Inlagan \u00e4r annars identisk.<\/p>\n","protected":false},"excerpt":{"rendered":"<p>Olika omslag Ett frim\u00e4rksh\u00e4fte kan ges ut med olika omslag trots att inlagan \u00e4r identisk! H93A Papper fr\u00e5n tv\u00e5 olika leveranser har anv\u00e4nts och det medf\u00f6r att tv\u00e5 varianter (typer) finns av samma h\u00e4fte. H93B Gr\u00e5are f\u00e4rg p\u00e5 pappret. H235A &hellip; <a href=\"https:\/\/xn--hftessamlarna-bfb.se\/?page_id=189\">Forts\u00e4tt l\u00e4sa <span class=\"meta-nav\">&rarr;<\/span><\/a><\/p>\n","protected":false},"author":1,"featured_media":0,"parent":25,"menu_order":50,"comment_status":"closed","ping_status":"closed","template":"","meta":{"footnotes":""},"class_list":["post-189","page","type-page","status-publish","hentry"],"_links":{"self":[{"href":"https:\/\/xn--hftessamlarna-bfb.se\/index.php?rest_route=\/wp\/v2\/pages\/189","targetHints":{"allow":["GET"]}}],"collection":[{"href":"https:\/\/xn--hftessamlarna-bfb.se\/index.php?rest_route=\/wp\/v2\/pages"}],"about":[{"href":"https:\/\/xn--hftessamlarna-bfb.se\/index.php?rest_route=\/wp\/v2\/types\/page"}],"author":[{"embeddable":true,"href":"https:\/\/xn--hftessamlarna-bfb.se\/index.php?rest_route=\/wp\/v2\/users\/1"}],"replies":[{"embeddable":true,"href":"https:\/\/xn--hftessamlarna-bfb.se\/index.php?rest_route=%2Fwp%2Fv2%2Fcomments&post=189"}],"version-history":[{"count":0,"href":"https:\/\/xn--hftessamlarna-bfb.se\/index.php?rest_route=\/wp\/v2\/pages\/189\/revisions"}],"up":[{"embeddable":true,"href":"https:\/\/xn--hftessamlarna-bfb.se\/index.php?rest_route=\/wp\/v2\/pages\/25"}],"wp:attachment":[{"href":"https:\/\/xn--hftessamlarna-bfb.se\/index.php?rest_route=%2Fwp%2Fv2%2Fmedia&parent=189"}],"curies":[{"name":"wp","href":"https:\/\/api.w.org\/{rel}","templated":true}]}}