{"id":1567,"date":"2011-11-04T13:02:15","date_gmt":"2011-11-04T11:02:15","guid":{"rendered":"http:\/\/xn--hftessamlarna-bfb.se\/?page_id=1567"},"modified":"2021-11-07T16:19:47","modified_gmt":"2021-11-07T15:19:47","slug":"h500-vart-1900-tal-i","status":"publish","type":"page","link":"https:\/\/xn--hftessamlarna-bfb.se\/?page_id=1567","title":{"rendered":"H500 V\u00e5rt 1900-tal I (1900-1938)"},"content":{"rendered":"<p><a href=\"http:\/\/xn--hftessamlarna-bfb.se\/?attachment_id=2807\" rel=\"attachment wp-att-2807\"><img loading=\"lazy\" decoding=\"async\" class=\"aligncenter size-full wp-image-2807\" title=\"H500\" src=\"http:\/\/xn--hftessamlarna-bfb.se\/wp-content\/uploads\/H500.jpg\" alt=\"\" width=\"960\" height=\"466\" srcset=\"https:\/\/xn--hftessamlarna-bfb.se\/wp-content\/uploads\/H500.jpg 960w, https:\/\/xn--hftessamlarna-bfb.se\/wp-content\/uploads\/H500-150x72.jpg 150w, https:\/\/xn--hftessamlarna-bfb.se\/wp-content\/uploads\/H500-300x145.jpg 300w, https:\/\/xn--hftessamlarna-bfb.se\/wp-content\/uploads\/H500-500x242.jpg 500w\" sizes=\"auto, (max-width: 960px) 100vw, 960px\" \/><\/a>Utgivningsdag 1998-10-03<br \/>\nF 2088 &#8211; 2097<br \/>\n10 x inrikes brev, tio motiv<br \/>\nTryckta i 1 f\u00e4rg st\u00e5ltryck och 4 f\u00e4rger offset i 3:e Goebelpressen<br \/>\nInh\u00e4ftningen har gjorts i den 5:e h\u00e4ftesmaskinen<br \/>\n16 punkters streckperforering i rygg<br \/>\nUpplaga ok\u00e4nd<\/p>\n<div id=\"attachment_6742\" style=\"width: 1050px\" class=\"wp-caption alignnone\"><a href=\"https:\/\/xn--hftessamlarna-bfb.se\/wp-content\/uploads\/H-0500-inlaga-1998.jpg\"><img loading=\"lazy\" decoding=\"async\" aria-describedby=\"caption-attachment-6742\" class=\"size-full wp-image-6742\" src=\"https:\/\/xn--hftessamlarna-bfb.se\/wp-content\/uploads\/H-0500-inlaga-1998.jpg\" alt=\"\" width=\"1040\" height=\"155\" srcset=\"https:\/\/xn--hftessamlarna-bfb.se\/wp-content\/uploads\/H-0500-inlaga-1998.jpg 1040w, https:\/\/xn--hftessamlarna-bfb.se\/wp-content\/uploads\/H-0500-inlaga-1998-300x45.jpg 300w, https:\/\/xn--hftessamlarna-bfb.se\/wp-content\/uploads\/H-0500-inlaga-1998-1024x153.jpg 1024w, https:\/\/xn--hftessamlarna-bfb.se\/wp-content\/uploads\/H-0500-inlaga-1998-150x22.jpg 150w, https:\/\/xn--hftessamlarna-bfb.se\/wp-content\/uploads\/H-0500-inlaga-1998-768x114.jpg 768w, https:\/\/xn--hftessamlarna-bfb.se\/wp-content\/uploads\/H-0500-inlaga-1998-500x75.jpg 500w\" sizes=\"auto, (max-width: 1040px) 100vw, 1040px\" \/><\/a><p id=\"caption-attachment-6742\" class=\"wp-caption-text\">illustration med alla frim\u00e4rksmotiven<\/p><\/div>\n<h2>Markeringar<\/h2>\n<p>delat regm<br \/>\nRT 7,2 x 1,8 mm svart<br \/>\ncyls 1<br \/>\ncyls 2<br \/>\nhelt kn G3 (3 mm)<\/p>\n","protected":false},"excerpt":{"rendered":"<p>Utgivningsdag 1998-10-03 F 2088 &#8211; 2097 10 x inrikes brev, tio motiv Tryckta i 1 f\u00e4rg st\u00e5ltryck och 4 f\u00e4rger offset i 3:e Goebelpressen Inh\u00e4ftningen har gjorts i den 5:e h\u00e4ftesmaskinen 16 punkters streckperforering i rygg Upplaga ok\u00e4nd Markeringar delat &hellip; <a href=\"https:\/\/xn--hftessamlarna-bfb.se\/?page_id=1567\">Forts\u00e4tt l\u00e4sa <span class=\"meta-nav\">&rarr;<\/span><\/a><\/p>\n","protected":false},"author":1,"featured_media":0,"parent":2372,"menu_order":500,"comment_status":"open","ping_status":"open","template":"","meta":{"footnotes":""},"class_list":["post-1567","page","type-page","status-publish","hentry"],"_links":{"self":[{"href":"https:\/\/xn--hftessamlarna-bfb.se\/index.php?rest_route=\/wp\/v2\/pages\/1567","targetHints":{"allow":["GET"]}}],"collection":[{"href":"https:\/\/xn--hftessamlarna-bfb.se\/index.php?rest_route=\/wp\/v2\/pages"}],"about":[{"href":"https:\/\/xn--hftessamlarna-bfb.se\/index.php?rest_route=\/wp\/v2\/types\/page"}],"author":[{"embeddable":true,"href":"https:\/\/xn--hftessamlarna-bfb.se\/index.php?rest_route=\/wp\/v2\/users\/1"}],"replies":[{"embeddable":true,"href":"https:\/\/xn--hftessamlarna-bfb.se\/index.php?rest_route=%2Fwp%2Fv2%2Fcomments&post=1567"}],"version-history":[{"count":0,"href":"https:\/\/xn--hftessamlarna-bfb.se\/index.php?rest_route=\/wp\/v2\/pages\/1567\/revisions"}],"up":[{"embeddable":true,"href":"https:\/\/xn--hftessamlarna-bfb.se\/index.php?rest_route=\/wp\/v2\/pages\/2372"}],"wp:attachment":[{"href":"https:\/\/xn--hftessamlarna-bfb.se\/index.php?rest_route=%2Fwp%2Fv2%2Fmedia&parent=1567"}],"curies":[{"name":"wp","href":"https:\/\/api.w.org\/{rel}","templated":true}]}}