{"id":1561,"date":"2011-11-04T12:58:20","date_gmt":"2011-11-04T10:58:20","guid":{"rendered":"http:\/\/xn--hftessamlarna-bfb.se\/?page_id=1561"},"modified":"2014-01-22T15:08:40","modified_gmt":"2014-01-22T14:08:40","slug":"h502-julpost-1998","status":"publish","type":"page","link":"https:\/\/xn--hftessamlarna-bfb.se\/?page_id=1561","title":{"rendered":"H502 Julpost 1998 &#8211; Amaryllis och mistel"},"content":{"rendered":"<p><a href=\"http:\/\/xn--hftessamlarna-bfb.se\/?attachment_id=2809\" rel=\"attachment wp-att-2809\"><img loading=\"lazy\" decoding=\"async\" class=\"aligncenter size-full wp-image-2809\" title=\"H502\" alt=\"\" src=\"http:\/\/xn--hftessamlarna-bfb.se\/wp-content\/uploads\/H502.jpg\" width=\"960\" height=\"655\" srcset=\"https:\/\/xn--hftessamlarna-bfb.se\/wp-content\/uploads\/H502.jpg 960w, https:\/\/xn--hftessamlarna-bfb.se\/wp-content\/uploads\/H502-150x102.jpg 150w, https:\/\/xn--hftessamlarna-bfb.se\/wp-content\/uploads\/H502-300x204.jpg 300w, https:\/\/xn--hftessamlarna-bfb.se\/wp-content\/uploads\/H502-439x300.jpg 439w\" sizes=\"auto, (max-width: 960px) 100vw, 960px\" \/><\/a>Utgivningsdag 1998-11-19<br \/>\nF 2102 &#8211; 2103<br \/>\n10 x julpost, tv\u00e5 motiv<br \/>\nTryckta i 4 f\u00e4rger offset i 3:e Goebelpressen<br \/>\nInh\u00e4ftningen har gjorts i den 4:e h\u00e4ftesmaskinen<br \/>\n27 punkters streckperforering i rygg<br \/>\nUpplaga ok\u00e4nd<\/p>\n<h2>Markeringar<\/h2>\n<p><strong>R<\/strong><br \/>\ndelat regm, b=4,7 mm<br \/>\nRT 8 x 2 mm svart<\/p>\n<p><strong>N<\/strong><br \/>\ndelat regm, b=4,5 mm<br \/>\nRT 8 x 2 mm svart<br \/>\ncyls 1 p\u00e5 IR<br \/>\ncyls 2 p\u00e5 IR<br \/>\nhelt kn G3 (3 mm)<\/p>\n","protected":false},"excerpt":{"rendered":"<p>Utgivningsdag 1998-11-19 F 2102 &#8211; 2103 10 x julpost, tv\u00e5 motiv Tryckta i 4 f\u00e4rger offset i 3:e Goebelpressen Inh\u00e4ftningen har gjorts i den 4:e h\u00e4ftesmaskinen 27 punkters streckperforering i rygg Upplaga ok\u00e4nd Markeringar R delat regm, b=4,7 mm RT &hellip; <a href=\"https:\/\/xn--hftessamlarna-bfb.se\/?page_id=1561\">Forts\u00e4tt l\u00e4sa <span class=\"meta-nav\">&rarr;<\/span><\/a><\/p>\n","protected":false},"author":1,"featured_media":0,"parent":2372,"menu_order":502,"comment_status":"open","ping_status":"open","template":"","meta":{"footnotes":""},"class_list":["post-1561","page","type-page","status-publish","hentry"],"_links":{"self":[{"href":"https:\/\/xn--hftessamlarna-bfb.se\/index.php?rest_route=\/wp\/v2\/pages\/1561","targetHints":{"allow":["GET"]}}],"collection":[{"href":"https:\/\/xn--hftessamlarna-bfb.se\/index.php?rest_route=\/wp\/v2\/pages"}],"about":[{"href":"https:\/\/xn--hftessamlarna-bfb.se\/index.php?rest_route=\/wp\/v2\/types\/page"}],"author":[{"embeddable":true,"href":"https:\/\/xn--hftessamlarna-bfb.se\/index.php?rest_route=\/wp\/v2\/users\/1"}],"replies":[{"embeddable":true,"href":"https:\/\/xn--hftessamlarna-bfb.se\/index.php?rest_route=%2Fwp%2Fv2%2Fcomments&post=1561"}],"version-history":[{"count":0,"href":"https:\/\/xn--hftessamlarna-bfb.se\/index.php?rest_route=\/wp\/v2\/pages\/1561\/revisions"}],"up":[{"embeddable":true,"href":"https:\/\/xn--hftessamlarna-bfb.se\/index.php?rest_route=\/wp\/v2\/pages\/2372"}],"wp:attachment":[{"href":"https:\/\/xn--hftessamlarna-bfb.se\/index.php?rest_route=%2Fwp%2Fv2%2Fmedia&parent=1561"}],"curies":[{"name":"wp","href":"https:\/\/api.w.org\/{rel}","templated":true}]}}