{"id":1049,"date":"2011-10-31T07:33:05","date_gmt":"2011-10-31T05:33:05","guid":{"rendered":"http:\/\/xn--hftessamlarna-bfb.se\/?page_id=1049"},"modified":"2012-11-12T13:58:54","modified_gmt":"2012-11-12T11:58:54","slug":"h546-konst-moter-hantverk","status":"publish","type":"page","link":"https:\/\/xn--hftessamlarna-bfb.se\/?page_id=1049","title":{"rendered":"H541 Konst m\u00f6ter hantverk"},"content":{"rendered":"<p><a href=\"http:\/\/xn--hftessamlarna-bfb.se\/?attachment_id=2216\" rel=\"attachment wp-att-2216\"><img loading=\"lazy\" decoding=\"async\" class=\"aligncenter size-full wp-image-2216\" title=\"H541\" src=\"http:\/\/xn--hftessamlarna-bfb.se\/wp-content\/uploads\/H541.jpg\" alt=\"\" width=\"960\" height=\"633\" srcset=\"https:\/\/xn--hftessamlarna-bfb.se\/wp-content\/uploads\/H541.jpg 960w, https:\/\/xn--hftessamlarna-bfb.se\/wp-content\/uploads\/H541-150x98.jpg 150w, https:\/\/xn--hftessamlarna-bfb.se\/wp-content\/uploads\/H541-300x197.jpg 300w, https:\/\/xn--hftessamlarna-bfb.se\/wp-content\/uploads\/H541-454x300.jpg 454w\" sizes=\"auto, (max-width: 960px) 100vw, 960px\" \/><\/a>Utgivningsdag 2002-05-02<br \/>\nF 2314 &#8211; 2315<br \/>\nSamutg\u00e5va Sverige &#8211; Nya Zeeland<br \/>\n4 x 10 kr, tv\u00e5 motiv<br \/>\nTryckta i kombination 1 f\u00e4rg st\u00e5ltryck och 4 f\u00e4rger offset i 3:e Goebelpressen.<br \/>\nOmslaget \u00e4r tryckt i Giebelerpressen.<br \/>\nVid inh\u00e4ftningen, som \u00e4r gjord i den 5:e h\u00e4ftesmaskinen, har tv\u00e5 olika perforeringstrissor anv\u00e4nts, vilket gett upphov till tv\u00e5 varianter.<br \/>\nH\u00e4ftet inneh\u00e5ller ocks\u00e5 ett block med 4 prioritaireetiketter, sammanh\u00e4ngande med frim\u00e4rkena genom ett \u201dgutter\u201d, vilket fungerar som inh\u00e4ftningsremsa.<\/p>\n<h2><\/h2>\n<p><strong>A1<\/strong> 22 punkters ryggperforering<br \/>\n<strong>A2<\/strong> 16 punkters ryggperforering<\/p>\n<h2>Markeringar<\/h2>\n<p><strong>A1<\/strong><br \/>\nRT 7.2 x 1.8 mm svart<br \/>\ncyls 1<br \/>\ncyls 2<br \/>\nhelt kn BS<\/p>\n<p><strong>A2<\/strong><br \/>\nRT 7.2 x 1.8 mm svart<br \/>\ncyls 1<br \/>\ncyls 2<br \/>\nhelt kn BS<\/p>\n","protected":false},"excerpt":{"rendered":"<p>Utgivningsdag 2002-05-02 F 2314 &#8211; 2315 Samutg\u00e5va Sverige &#8211; Nya Zeeland 4 x 10 kr, tv\u00e5 motiv Tryckta i kombination 1 f\u00e4rg st\u00e5ltryck och 4 f\u00e4rger offset i 3:e Goebelpressen. Omslaget \u00e4r tryckt i Giebelerpressen. Vid inh\u00e4ftningen, som \u00e4r gjord &hellip; <a href=\"https:\/\/xn--hftessamlarna-bfb.se\/?page_id=1049\">Forts\u00e4tt l\u00e4sa <span class=\"meta-nav\">&rarr;<\/span><\/a><\/p>\n","protected":false},"author":1,"featured_media":0,"parent":2372,"menu_order":546,"comment_status":"open","ping_status":"open","template":"","meta":{"footnotes":""},"class_list":["post-1049","page","type-page","status-publish","hentry"],"_links":{"self":[{"href":"https:\/\/xn--hftessamlarna-bfb.se\/index.php?rest_route=\/wp\/v2\/pages\/1049","targetHints":{"allow":["GET"]}}],"collection":[{"href":"https:\/\/xn--hftessamlarna-bfb.se\/index.php?rest_route=\/wp\/v2\/pages"}],"about":[{"href":"https:\/\/xn--hftessamlarna-bfb.se\/index.php?rest_route=\/wp\/v2\/types\/page"}],"author":[{"embeddable":true,"href":"https:\/\/xn--hftessamlarna-bfb.se\/index.php?rest_route=\/wp\/v2\/users\/1"}],"replies":[{"embeddable":true,"href":"https:\/\/xn--hftessamlarna-bfb.se\/index.php?rest_route=%2Fwp%2Fv2%2Fcomments&post=1049"}],"version-history":[{"count":0,"href":"https:\/\/xn--hftessamlarna-bfb.se\/index.php?rest_route=\/wp\/v2\/pages\/1049\/revisions"}],"up":[{"embeddable":true,"href":"https:\/\/xn--hftessamlarna-bfb.se\/index.php?rest_route=\/wp\/v2\/pages\/2372"}],"wp:attachment":[{"href":"https:\/\/xn--hftessamlarna-bfb.se\/index.php?rest_route=%2Fwp%2Fv2%2Fmedia&parent=1049"}],"curies":[{"name":"wp","href":"https:\/\/api.w.org\/{rel}","templated":true}]}}