{"id":1024,"date":"2011-10-31T06:53:40","date_gmt":"2011-10-31T04:53:40","guid":{"rendered":"http:\/\/xn--hftessamlarna-bfb.se\/?page_id=1024"},"modified":"2012-12-27T11:14:43","modified_gmt":"2012-12-27T09:14:43","slug":"h551-anna-lindh-1957-2003","status":"publish","type":"page","link":"https:\/\/xn--hftessamlarna-bfb.se\/?page_id=1024","title":{"rendered":"H551 Anna Lindh 1957-2003"},"content":{"rendered":"<p><a href=\"http:\/\/xn--hftessamlarna-bfb.se\/?attachment_id=2226\" rel=\"attachment wp-att-2226\"><img loading=\"lazy\" decoding=\"async\" class=\"aligncenter size-full wp-image-2226\" title=\"H551\" src=\"http:\/\/xn--hftessamlarna-bfb.se\/wp-content\/uploads\/H551.jpg\" alt=\"\" width=\"960\" height=\"640\" srcset=\"https:\/\/xn--hftessamlarna-bfb.se\/wp-content\/uploads\/H551.jpg 960w, https:\/\/xn--hftessamlarna-bfb.se\/wp-content\/uploads\/H551-150x100.jpg 150w, https:\/\/xn--hftessamlarna-bfb.se\/wp-content\/uploads\/H551-300x200.jpg 300w, https:\/\/xn--hftessamlarna-bfb.se\/wp-content\/uploads\/H551-450x300.jpg 450w\" sizes=\"auto, (max-width: 960px) 100vw, 960px\" \/><\/a>Utgivningsdag 2003-11-11<br \/>\nF 2399 &#8211; 2400<br \/>\n2 x brev + 2 x 10 kr + ett till\u00e4gg med 4 kr\/h\u00e4fte, tv\u00e5 motiv<br \/>\nTryckta i 2 f\u00e4rger st\u00e5ltryck i 3:e Goebelpressen.<br \/>\nOmslaget \u00e4r tryckt i Giebelerpressen.<br \/>\nInh\u00e4ftningen har gjorts i den 5:e h\u00e4ftesmaskinen.<br \/>\n17 punkters streckperforering i rygg.<\/p>\n<h2>Markeringar<\/h2>\n<p><strong>R<\/strong><br \/>\ncyls 1 (4,4 mm fr\u00e5n bild)<br \/>\ncyls 2 (4,3 mm fr\u00e5n bild)<\/p>\n<p><strong>N<\/strong><br \/>\nRT 7,2 x 1,4 mm svart (smalt)<br \/>\nRT 7,2 x 1,8 mm svart (brett)<br \/>\ncyls 1 (4,4 mm fr\u00e5n bild)<br \/>\ncyls 2 (4,2 mm fr\u00e5n bild)<br \/>\nhelt kn BS<\/p>\n","protected":false},"excerpt":{"rendered":"<p>Utgivningsdag 2003-11-11 F 2399 &#8211; 2400 2 x brev + 2 x 10 kr + ett till\u00e4gg med 4 kr\/h\u00e4fte, tv\u00e5 motiv Tryckta i 2 f\u00e4rger st\u00e5ltryck i 3:e Goebelpressen. Omslaget \u00e4r tryckt i Giebelerpressen. Inh\u00e4ftningen har gjorts i den &hellip; <a href=\"https:\/\/xn--hftessamlarna-bfb.se\/?page_id=1024\">Forts\u00e4tt l\u00e4sa <span class=\"meta-nav\">&rarr;<\/span><\/a><\/p>\n","protected":false},"author":1,"featured_media":0,"parent":2372,"menu_order":551,"comment_status":"open","ping_status":"open","template":"","meta":{"footnotes":""},"class_list":["post-1024","page","type-page","status-publish","hentry"],"_links":{"self":[{"href":"https:\/\/xn--hftessamlarna-bfb.se\/index.php?rest_route=\/wp\/v2\/pages\/1024","targetHints":{"allow":["GET"]}}],"collection":[{"href":"https:\/\/xn--hftessamlarna-bfb.se\/index.php?rest_route=\/wp\/v2\/pages"}],"about":[{"href":"https:\/\/xn--hftessamlarna-bfb.se\/index.php?rest_route=\/wp\/v2\/types\/page"}],"author":[{"embeddable":true,"href":"https:\/\/xn--hftessamlarna-bfb.se\/index.php?rest_route=\/wp\/v2\/users\/1"}],"replies":[{"embeddable":true,"href":"https:\/\/xn--hftessamlarna-bfb.se\/index.php?rest_route=%2Fwp%2Fv2%2Fcomments&post=1024"}],"version-history":[{"count":0,"href":"https:\/\/xn--hftessamlarna-bfb.se\/index.php?rest_route=\/wp\/v2\/pages\/1024\/revisions"}],"up":[{"embeddable":true,"href":"https:\/\/xn--hftessamlarna-bfb.se\/index.php?rest_route=\/wp\/v2\/pages\/2372"}],"wp:attachment":[{"href":"https:\/\/xn--hftessamlarna-bfb.se\/index.php?rest_route=%2Fwp%2Fv2%2Fmedia&parent=1024"}],"curies":[{"name":"wp","href":"https:\/\/api.w.org\/{rel}","templated":true}]}}