{"id":1003,"date":"2011-10-30T12:29:23","date_gmt":"2011-10-30T10:29:23","guid":{"rendered":"http:\/\/xn--hftessamlarna-bfb.se\/?page_id=1003"},"modified":"2015-11-07T17:41:30","modified_gmt":"2015-11-07T16:41:30","slug":"h543-kungliga-slott","status":"publish","type":"page","link":"https:\/\/xn--hftessamlarna-bfb.se\/?page_id=1003","title":{"rendered":"H543 Kungliga slott"},"content":{"rendered":"<p><a href=\"http:\/\/xn--hftessamlarna-bfb.se\/?attachment_id=2213\" rel=\"attachment wp-att-2213\"><img loading=\"lazy\" decoding=\"async\" class=\"aligncenter size-full wp-image-2213\" title=\"H543\" src=\"http:\/\/xn--hftessamlarna-bfb.se\/wp-content\/uploads\/H543.jpg\" alt=\"\" width=\"960\" height=\"631\" srcset=\"https:\/\/xn--hftessamlarna-bfb.se\/wp-content\/uploads\/H543.jpg 960w, https:\/\/xn--hftessamlarna-bfb.se\/wp-content\/uploads\/H543-150x98.jpg 150w, https:\/\/xn--hftessamlarna-bfb.se\/wp-content\/uploads\/H543-300x197.jpg 300w, https:\/\/xn--hftessamlarna-bfb.se\/wp-content\/uploads\/H543-456x300.jpg 456w\" sizes=\"auto, (max-width: 960px) 100vw, 960px\" \/><\/a>Utgivningsdag 2002-10-05<br \/>\nF 2329 &#8211; 2330<br \/>\nSamutg\u00e5va Sverige &#8211; Thailand<br \/>\n4 x 5 kr, tv\u00e5 motiv<br \/>\nTryckta i kombination 1 f\u00e4rg st\u00e5ltryck och 2 resp. 4 f\u00e4rger offset i 3:e Goebelpressen<br \/>\nOmslaget \u00e4r tryckt i Giebelerpressen<br \/>\nInh\u00e4ftningen har gjorts i den 5:e h\u00e4ftesmaskinen<br \/>\n17 punkters streckperforering<\/p>\n<h2>Markeringar<\/h2>\n<p>delat regm<br \/>\nRT 7,2 x 1,8 mm svart<br \/>\ncyls 1<br \/>\ncyls 2<br \/>\nhelt kn BS<\/p>\n<h2>Sv\u00e5rt att se cyls no i kombination med kn<\/h2>\n<div id=\"attachment_5172\" style=\"width: 310px\" class=\"wp-caption alignleft\"><a href=\"http:\/\/xn--hftessamlarna-bfb.se\/wp-content\/uploads\/H543Cickn.jpg\"><img loading=\"lazy\" decoding=\"async\" aria-describedby=\"caption-attachment-5172\" class=\"wp-image-5172 size-medium\" src=\"http:\/\/xn--hftessamlarna-bfb.se\/wp-content\/uploads\/H543Cickn-300x154.jpg\" alt=\"H543Cickn\" width=\"300\" height=\"154\" srcset=\"https:\/\/xn--hftessamlarna-bfb.se\/wp-content\/uploads\/H543Cickn-300x154.jpg 300w, https:\/\/xn--hftessamlarna-bfb.se\/wp-content\/uploads\/H543Cickn-150x77.jpg 150w, https:\/\/xn--hftessamlarna-bfb.se\/wp-content\/uploads\/H543Cickn-500x257.jpg 500w, https:\/\/xn--hftessamlarna-bfb.se\/wp-content\/uploads\/H543Cickn.jpg 960w\" sizes=\"auto, (max-width: 300px) 100vw, 300px\" \/><\/a><p id=\"caption-attachment-5172\" class=\"wp-caption-text\">sv\u00e5rt att se cyls 1 i kombination med kn<\/p><\/div>\n","protected":false},"excerpt":{"rendered":"<p>Utgivningsdag 2002-10-05 F 2329 &#8211; 2330 Samutg\u00e5va Sverige &#8211; Thailand 4 x 5 kr, tv\u00e5 motiv Tryckta i kombination 1 f\u00e4rg st\u00e5ltryck och 2 resp. 4 f\u00e4rger offset i 3:e Goebelpressen Omslaget \u00e4r tryckt i Giebelerpressen Inh\u00e4ftningen har gjorts i &hellip; <a href=\"https:\/\/xn--hftessamlarna-bfb.se\/?page_id=1003\">Forts\u00e4tt l\u00e4sa <span class=\"meta-nav\">&rarr;<\/span><\/a><\/p>\n","protected":false},"author":1,"featured_media":0,"parent":2372,"menu_order":543,"comment_status":"open","ping_status":"open","template":"","meta":{"footnotes":""},"class_list":["post-1003","page","type-page","status-publish","hentry"],"_links":{"self":[{"href":"https:\/\/xn--hftessamlarna-bfb.se\/index.php?rest_route=\/wp\/v2\/pages\/1003","targetHints":{"allow":["GET"]}}],"collection":[{"href":"https:\/\/xn--hftessamlarna-bfb.se\/index.php?rest_route=\/wp\/v2\/pages"}],"about":[{"href":"https:\/\/xn--hftessamlarna-bfb.se\/index.php?rest_route=\/wp\/v2\/types\/page"}],"author":[{"embeddable":true,"href":"https:\/\/xn--hftessamlarna-bfb.se\/index.php?rest_route=\/wp\/v2\/users\/1"}],"replies":[{"embeddable":true,"href":"https:\/\/xn--hftessamlarna-bfb.se\/index.php?rest_route=%2Fwp%2Fv2%2Fcomments&post=1003"}],"version-history":[{"count":0,"href":"https:\/\/xn--hftessamlarna-bfb.se\/index.php?rest_route=\/wp\/v2\/pages\/1003\/revisions"}],"up":[{"embeddable":true,"href":"https:\/\/xn--hftessamlarna-bfb.se\/index.php?rest_route=\/wp\/v2\/pages\/2372"}],"wp:attachment":[{"href":"https:\/\/xn--hftessamlarna-bfb.se\/index.php?rest_route=%2Fwp%2Fv2%2Fmedia&parent=1003"}],"curies":[{"name":"wp","href":"https:\/\/api.w.org\/{rel}","templated":true}]}}